{"id":5087,"date":"2024-03-07T10:35:27","date_gmt":"2024-03-07T08:35:27","guid":{"rendered":"https:\/\/pradagayoso.com\/?post_type=en-los-medios&#038;p=5087"},"modified":"2026-04-21T13:49:54","modified_gmt":"2026-04-21T11:49:54","slug":"banca-reestructuracion-no-consensual-francisco-prada","status":"publish","type":"en-los-medios","link":"https:\/\/pradagayoso.com\/en\/en-los-medios\/banca-reestructuracion-no-consensual-francisco-prada\/","title":{"rendered":"Declaraciones de Francisco Prada en El Confidencial sobre la banca y planes de reestructuraci\u00f3n no consensuales"},"content":{"rendered":"\n<p><strong>El Confidencial<\/strong> publica unas declaraciones de nuestro socio fundador, Francisco Prada, sobre la posici\u00f3n de la banca ante planes de reestructuraci\u00f3n no consensuales:<\/p>\n\n\n\n<blockquote class=\"wp-block-quote is-layout-flow wp-block-quote-is-layout-flow\">\n<p>A veces da la impresi\u00f3n de que los bancos no han asumido plenamente el esp\u00edritu de la nueva ley. Ser\u00eda deseable que se comprometieran m\u00e1s en la b\u00fasqueda de soluciones realistas. En ocasiones, deber\u00e1n ceder en sus posiciones haciendo sacrificios, entendiendo que lo m\u00e1s importante es encontrar una f\u00f3rmula que garantice la viabilidad de las empresas deudoras<\/p>\n<\/blockquote>\n\n\n\n<p class=\"newprBtn newghost-button\"><a href=\"https:\/\/www.elconfidencial.com\/empresas\/2024-03-07\/banca-reestructuraciones-perdidas-quitas-asesores_3843033\/\" target=\"_blank\" rel=\"noreferrer noopener\">Ver noticia<\/a><\/p>\n","protected":false},"excerpt":{"rendered":"<p>El Confidencial publica unas declaraciones de nuestro socio fundador, Francisco Prada, sobre la posici\u00f3n de la banca ante planes de reestructuraci\u00f3n no consensuales: A veces da la impresi\u00f3n de que los bancos no han asumido plenamente el esp\u00edritu de la nueva ley. Ser\u00eda deseable que se comprometieran m\u00e1s en la b\u00fasqueda de soluciones realistas. En &hellip; <\/p>\n<p class=\"link-more\"><a href=\"https:\/\/pradagayoso.com\/en\/en-los-medios\/banca-reestructuracion-no-consensual-francisco-prada\/\" class=\"more-link\">Continue reading<span class=\"screen-reader-text\"> &#8220;Declaraciones de Francisco Prada en El Confidencial sobre la banca y planes de reestructuraci\u00f3n no consensuales&#8221;<\/span><\/a><\/p>\n","protected":false},"featured_media":0,"template":"","class_list":["post-5087","en-los-medios","type-en-los-medios","status-publish","hentry"],"yoast_head":"<!-- This site is optimized with the Yoast SEO plugin v28.2 - https:\/\/yoast.com\/product\/yoast-seo-wordpress\/ -->\n<title>Declaraciones de Francisco Prada en El Confidencial sobre la banca y planes de reestructuraci\u00f3n no consensuales - PradaGayoso<\/title>\n<meta name=\"description\" content=\"El Confidencial publica unas declaraciones de Francisco Prada sobre la posici\u00f3n de la banca ante planes de reestructuraci\u00f3n no consensuales.\" \/>\n<meta name=\"robots\" content=\"index, follow, max-snippet:-1, max-image-preview:large, max-video-preview:-1\" \/>\n<link rel=\"canonical\" href=\"https:\/\/pradagayoso.com\/en-los-medios\/banca-reestructuracion-no-consensual-francisco-prada\/\" \/>\n<meta property=\"og:locale\" content=\"en_US\" \/>\n<meta property=\"og:type\" content=\"article\" \/>\n<meta property=\"og:title\" content=\"Declaraciones de Francisco Prada en El Confidencial sobre la banca y planes de reestructuraci\u00f3n no consensuales - PradaGayoso\" \/>\n<meta property=\"og:description\" content=\"El Confidencial publica unas declaraciones de Francisco Prada sobre la posici\u00f3n de la banca ante planes de reestructuraci\u00f3n no consensuales.\" \/>\n<meta property=\"og:url\" content=\"https:\/\/pradagayoso.com\/en-los-medios\/banca-reestructuracion-no-consensual-francisco-prada\/\" \/>\n<meta property=\"og:site_name\" content=\"PradaGayoso\" \/>\n<meta property=\"article:publisher\" content=\"https:\/\/www.facebook.com\/pradagayoso\/\" \/>\n<meta property=\"article:modified_time\" content=\"2026-04-21T11:49:54+00:00\" \/>\n<meta property=\"og:image\" content=\"https:\/\/pradagayoso.com\/wp-content\/uploads\/2019\/01\/Img-OG-1200x630-PradaGayoso.jpg\" \/>\n\t<meta property=\"og:image:width\" content=\"1200\" \/>\n\t<meta property=\"og:image:height\" content=\"630\" \/>\n\t<meta property=\"og:image:type\" content=\"image\/jpeg\" \/>\n<meta name=\"twitter:card\" content=\"summary_large_image\" \/>\n<meta name=\"twitter:site\" content=\"@pradagayoso\" \/>\n<meta name=\"twitter:label1\" content=\"Est. reading time\" \/>\n\t<meta name=\"twitter:data1\" content=\"1 minute\" \/>\n<script type=\"application\/ld+json\" class=\"yoast-schema-graph\">{\"@context\":\"https:\\\/\\\/schema.org\",\"@graph\":[{\"@type\":\"WebPage\",\"@id\":\"https:\\\/\\\/pradagayoso.com\\\/en-los-medios\\\/banca-reestructuracion-no-consensual-francisco-prada\\\/\",\"url\":\"https:\\\/\\\/pradagayoso.com\\\/en-los-medios\\\/banca-reestructuracion-no-consensual-francisco-prada\\\/\",\"name\":\"Declaraciones de Francisco Prada en El Confidencial sobre la banca y planes de reestructuraci\u00f3n no consensuales - PradaGayoso\",\"isPartOf\":{\"@id\":\"https:\\\/\\\/pradagayoso.com\\\/#website\"},\"datePublished\":\"2024-03-07T08:35:27+00:00\",\"dateModified\":\"2026-04-21T11:49:54+00:00\",\"description\":\"El Confidencial publica unas declaraciones de Francisco Prada sobre la posici\u00f3n de la banca ante planes de reestructuraci\u00f3n no consensuales.\",\"breadcrumb\":{\"@id\":\"https:\\\/\\\/pradagayoso.com\\\/en-los-medios\\\/banca-reestructuracion-no-consensual-francisco-prada\\\/#breadcrumb\"},\"inLanguage\":\"en-US\",\"potentialAction\":[{\"@type\":\"ReadAction\",\"target\":[\"https:\\\/\\\/pradagayoso.com\\\/en-los-medios\\\/banca-reestructuracion-no-consensual-francisco-prada\\\/\"]}]},{\"@type\":\"BreadcrumbList\",\"@id\":\"https:\\\/\\\/pradagayoso.com\\\/en-los-medios\\\/banca-reestructuracion-no-consensual-francisco-prada\\\/#breadcrumb\",\"itemListElement\":[{\"@type\":\"ListItem\",\"position\":1,\"name\":\"Portada\",\"item\":\"https:\\\/\\\/pradagayoso.com\\\/en\\\/\"},{\"@type\":\"ListItem\",\"position\":2,\"name\":\"En los medios\",\"item\":\"https:\\\/\\\/pradagayoso.com\\\/en-los-medios\\\/\"},{\"@type\":\"ListItem\",\"position\":3,\"name\":\"Declaraciones de Francisco Prada en El Confidencial sobre la banca y planes de reestructuraci\u00f3n no consensuales\"}]},{\"@type\":\"WebSite\",\"@id\":\"https:\\\/\\\/pradagayoso.com\\\/#website\",\"url\":\"https:\\\/\\\/pradagayoso.com\\\/\",\"name\":\"PradaGayoso\",\"description\":\"Reestructuraci\u00f3n financiera\",\"publisher\":{\"@id\":\"https:\\\/\\\/pradagayoso.com\\\/#organization\"},\"potentialAction\":[{\"@type\":\"SearchAction\",\"target\":{\"@type\":\"EntryPoint\",\"urlTemplate\":\"https:\\\/\\\/pradagayoso.com\\\/?s={search_term_string}\"},\"query-input\":{\"@type\":\"PropertyValueSpecification\",\"valueRequired\":true,\"valueName\":\"search_term_string\"}}],\"inLanguage\":\"en-US\"},{\"@type\":\"Organization\",\"@id\":\"https:\\\/\\\/pradagayoso.com\\\/#organization\",\"name\":\"PradaGayoso\",\"url\":\"https:\\\/\\\/pradagayoso.com\\\/\",\"logo\":{\"@type\":\"ImageObject\",\"inLanguage\":\"en-US\",\"@id\":\"https:\\\/\\\/pradagayoso.com\\\/#\\\/schema\\\/logo\\\/image\\\/\",\"url\":\"https:\\\/\\\/pradagayoso.com\\\/wp-content\\\/uploads\\\/2018\\\/05\\\/logo_prada.png\",\"contentUrl\":\"https:\\\/\\\/pradagayoso.com\\\/wp-content\\\/uploads\\\/2018\\\/05\\\/logo_prada.png\",\"width\":284,\"height\":63,\"caption\":\"PradaGayoso\"},\"image\":{\"@id\":\"https:\\\/\\\/pradagayoso.com\\\/#\\\/schema\\\/logo\\\/image\\\/\"},\"sameAs\":[\"https:\\\/\\\/www.facebook.com\\\/pradagayoso\\\/\",\"https:\\\/\\\/x.com\\\/pradagayoso\",\"https:\\\/\\\/www.instagram.com\\\/pradagayoso\\\/\",\"https:\\\/\\\/www.linkedin.com\\\/company\\\/pradagayoso\\\/\",\"https:\\\/\\\/www.youtube.com\\\/channel\\\/UCOZT08GCsDLY8dVR8mH0IqA\"]}]}<\/script>\n<!-- \/ Yoast SEO plugin. -->","yoast_head_json":{"title":"Declaraciones de Francisco Prada en El Confidencial sobre la banca y planes de reestructuraci\u00f3n no consensuales - PradaGayoso","description":"El Confidencial publica unas declaraciones de Francisco Prada sobre la posici\u00f3n de la banca ante planes de reestructuraci\u00f3n no consensuales.","robots":{"index":"index","follow":"follow","max-snippet":"max-snippet:-1","max-image-preview":"max-image-preview:large","max-video-preview":"max-video-preview:-1"},"canonical":"https:\/\/pradagayoso.com\/en-los-medios\/banca-reestructuracion-no-consensual-francisco-prada\/","og_locale":"en_US","og_type":"article","og_title":"Declaraciones de Francisco Prada en El Confidencial sobre la banca y planes de reestructuraci\u00f3n no consensuales - PradaGayoso","og_description":"El Confidencial publica unas declaraciones de Francisco Prada sobre la posici\u00f3n de la banca ante planes de reestructuraci\u00f3n no consensuales.","og_url":"https:\/\/pradagayoso.com\/en-los-medios\/banca-reestructuracion-no-consensual-francisco-prada\/","og_site_name":"PradaGayoso","article_publisher":"https:\/\/www.facebook.com\/pradagayoso\/","article_modified_time":"2026-04-21T11:49:54+00:00","og_image":[{"width":1200,"height":630,"url":"https:\/\/pradagayoso.com\/wp-content\/uploads\/2019\/01\/Img-OG-1200x630-PradaGayoso.jpg","type":"image\/jpeg"}],"twitter_card":"summary_large_image","twitter_site":"@pradagayoso","twitter_misc":{"Est. reading time":"1 minute"},"schema":{"@context":"https:\/\/schema.org","@graph":[{"@type":"WebPage","@id":"https:\/\/pradagayoso.com\/en-los-medios\/banca-reestructuracion-no-consensual-francisco-prada\/","url":"https:\/\/pradagayoso.com\/en-los-medios\/banca-reestructuracion-no-consensual-francisco-prada\/","name":"Declaraciones de Francisco Prada en El Confidencial sobre la banca y planes de reestructuraci\u00f3n no consensuales - PradaGayoso","isPartOf":{"@id":"https:\/\/pradagayoso.com\/#website"},"datePublished":"2024-03-07T08:35:27+00:00","dateModified":"2026-04-21T11:49:54+00:00","description":"El Confidencial publica unas declaraciones de Francisco Prada sobre la posici\u00f3n de la banca ante planes de reestructuraci\u00f3n no consensuales.","breadcrumb":{"@id":"https:\/\/pradagayoso.com\/en-los-medios\/banca-reestructuracion-no-consensual-francisco-prada\/#breadcrumb"},"inLanguage":"en-US","potentialAction":[{"@type":"ReadAction","target":["https:\/\/pradagayoso.com\/en-los-medios\/banca-reestructuracion-no-consensual-francisco-prada\/"]}]},{"@type":"BreadcrumbList","@id":"https:\/\/pradagayoso.com\/en-los-medios\/banca-reestructuracion-no-consensual-francisco-prada\/#breadcrumb","itemListElement":[{"@type":"ListItem","position":1,"name":"Portada","item":"https:\/\/pradagayoso.com\/en\/"},{"@type":"ListItem","position":2,"name":"En los medios","item":"https:\/\/pradagayoso.com\/en-los-medios\/"},{"@type":"ListItem","position":3,"name":"Declaraciones de Francisco Prada en El Confidencial sobre la banca y planes de reestructuraci\u00f3n no consensuales"}]},{"@type":"WebSite","@id":"https:\/\/pradagayoso.com\/#website","url":"https:\/\/pradagayoso.com\/","name":"PradaGayoso","description":"Reestructuraci\u00f3n financiera","publisher":{"@id":"https:\/\/pradagayoso.com\/#organization"},"potentialAction":[{"@type":"SearchAction","target":{"@type":"EntryPoint","urlTemplate":"https:\/\/pradagayoso.com\/?s={search_term_string}"},"query-input":{"@type":"PropertyValueSpecification","valueRequired":true,"valueName":"search_term_string"}}],"inLanguage":"en-US"},{"@type":"Organization","@id":"https:\/\/pradagayoso.com\/#organization","name":"PradaGayoso","url":"https:\/\/pradagayoso.com\/","logo":{"@type":"ImageObject","inLanguage":"en-US","@id":"https:\/\/pradagayoso.com\/#\/schema\/logo\/image\/","url":"https:\/\/pradagayoso.com\/wp-content\/uploads\/2018\/05\/logo_prada.png","contentUrl":"https:\/\/pradagayoso.com\/wp-content\/uploads\/2018\/05\/logo_prada.png","width":284,"height":63,"caption":"PradaGayoso"},"image":{"@id":"https:\/\/pradagayoso.com\/#\/schema\/logo\/image\/"},"sameAs":["https:\/\/www.facebook.com\/pradagayoso\/","https:\/\/x.com\/pradagayoso","https:\/\/www.instagram.com\/pradagayoso\/","https:\/\/www.linkedin.com\/company\/pradagayoso\/","https:\/\/www.youtube.com\/channel\/UCOZT08GCsDLY8dVR8mH0IqA"]}]}},"_links":{"self":[{"href":"https:\/\/pradagayoso.com\/en\/wp-json\/wp\/v2\/en-los-medios\/5087","targetHints":{"allow":["GET"]}}],"collection":[{"href":"https:\/\/pradagayoso.com\/en\/wp-json\/wp\/v2\/en-los-medios"}],"about":[{"href":"https:\/\/pradagayoso.com\/en\/wp-json\/wp\/v2\/types\/en-los-medios"}],"version-history":[{"count":4,"href":"https:\/\/pradagayoso.com\/en\/wp-json\/wp\/v2\/en-los-medios\/5087\/revisions"}],"predecessor-version":[{"id":9806,"href":"https:\/\/pradagayoso.com\/en\/wp-json\/wp\/v2\/en-los-medios\/5087\/revisions\/9806"}],"wp:attachment":[{"href":"https:\/\/pradagayoso.com\/en\/wp-json\/wp\/v2\/media?parent=5087"}],"curies":[{"name":"wp","href":"https:\/\/api.w.org\/{rel}","templated":true}]}}

Declaraciones de Francisco Prada en El Confidencial sobre la banca y planes de reestructuración no consensuales

<p><strong>El Confidencial</strong> publica unas declaraciones de nuestro socio fundador, Francisco Prada, sobre la posición de la banca ante planes de reestructuración no consensuales:</p>



<blockquote class="wp-block-quote is-layout-flow wp-block-quote-is-layout-flow">
<p>A veces da la impresión de que los bancos no han asumido plenamente el espíritu de la nueva ley. Sería deseable que se comprometieran más en la búsqueda de soluciones realistas. En ocasiones, deberán ceder en sus posiciones haciendo sacrificios, entendiendo que lo más importante es encontrar una fórmula que garantice la viabilidad de las empresas deudoras</p>
</blockquote>



<p class="newprBtn newghost-button"><a href="https://www.elconfidencial.com/empresas/2024-03-07/banca-reestructuraciones-perdidas-quitas-asesores_3843033/" target="_blank" rel="noreferrer noopener">Ver noticia</a></p>

<p>El Confidencial publica unas declaraciones de nuestro socio fundador, Francisco Prada, sobre la posición de la banca ante planes de reestructuración no consensuales: A veces da la impresión de que los bancos no han asumido plenamente el espíritu de la nueva ley. Sería deseable que se comprometieran más en la búsqueda de soluciones realistas. En &hellip; </p>
<p class="link-more"><a href="https://pradagayoso.com/en/en-los-medios/banca-reestructuracion-no-consensual-francisco-prada/" class="more-link">Continue reading<span class="screen-reader-text"> &#8220;Declaraciones de Francisco Prada en El Confidencial sobre la banca y planes de reestructuración no consensuales&#8221;</span></a></p>

<!-- This site is optimized with the Yoast SEO plugin v28.2 - https://yoast.com/product/yoast-seo-wordpress/ -->
<title>Declaraciones de Francisco Prada en El Confidencial sobre la banca y planes de reestructuración no consensuales - PradaGayoso</title>
<meta name="description" content="El Confidencial publica unas declaraciones de Francisco Prada sobre la posición de la banca ante planes de reestructuración no consensuales." />
<meta name="robots" content="index, follow, max-snippet:-1, max-image-preview:large, max-video-preview:-1" />
<link rel="canonical" href="https://pradagayoso.com/en-los-medios/banca-reestructuracion-no-consensual-francisco-prada/" />
<meta property="og:locale" content="en_US" />
<meta property="og:type" content="article" />
<meta property="og:title" content="Declaraciones de Francisco Prada en El Confidencial sobre la banca y planes de reestructuración no consensuales - PradaGayoso" />
<meta property="og:description" content="El Confidencial publica unas declaraciones de Francisco Prada sobre la posición de la banca ante planes de reestructuración no consensuales." />
<meta property="og:url" content="https://pradagayoso.com/en-los-medios/banca-reestructuracion-no-consensual-francisco-prada/" />
<meta property="og:site_name" content="PradaGayoso" />
<meta property="article:publisher" content="https://www.facebook.com/pradagayoso/" />
<meta property="article:modified_time" content="2026-04-21T11:49:54+00:00" />
<meta property="og:image" content="https://pradagayoso.com/wp-content/uploads/2019/01/Img-OG-1200x630-PradaGayoso.jpg" />
	<meta property="og:image:width" content="1200" />
	<meta property="og:image:height" content="630" />
	<meta property="og:image:type" content="image/jpeg" />
<meta name="twitter:card" content="summary_large_image" />
<meta name="twitter:site" content="@pradagayoso" />
<meta name="twitter:label1" content="Est. reading time" />
	<meta name="twitter:data1" content="1 minute" />
<script type="application/ld+json" class="yoast-schema-graph">{"@context":"https:\/\/schema.org","@graph":[{"@type":"WebPage","@id":"https:\/\/pradagayoso.com\/en-los-medios\/banca-reestructuracion-no-consensual-francisco-prada\/","url":"https:\/\/pradagayoso.com\/en-los-medios\/banca-reestructuracion-no-consensual-francisco-prada\/","name":"Declaraciones de Francisco Prada en El Confidencial sobre la banca y planes de reestructuración no consensuales - PradaGayoso","isPartOf":{"@id":"https:\/\/pradagayoso.com\/#website"},"datePublished":"2024-03-07T08:35:27+00:00","dateModified":"2026-04-21T11:49:54+00:00","description":"El Confidencial publica unas declaraciones de Francisco Prada sobre la posición de la banca ante planes de reestructuración no consensuales.","breadcrumb":{"@id":"https:\/\/pradagayoso.com\/en-los-medios\/banca-reestructuracion-no-consensual-francisco-prada\/#breadcrumb"},"inLanguage":"en-US","potentialAction":[{"@type":"ReadAction","target":["https:\/\/pradagayoso.com\/en-los-medios\/banca-reestructuracion-no-consensual-francisco-prada\/"]}]},{"@type":"BreadcrumbList","@id":"https:\/\/pradagayoso.com\/en-los-medios\/banca-reestructuracion-no-consensual-francisco-prada\/#breadcrumb","itemListElement":[{"@type":"ListItem","position":1,"name":"Portada","item":"https:\/\/pradagayoso.com\/en\/"},{"@type":"ListItem","position":2,"name":"En los medios","item":"https:\/\/pradagayoso.com\/en-los-medios\/"},{"@type":"ListItem","position":3,"name":"Declaraciones de Francisco Prada en El Confidencial sobre la banca y planes de reestructuración no consensuales"}]},{"@type":"WebSite","@id":"https:\/\/pradagayoso.com\/#website","url":"https:\/\/pradagayoso.com\/","name":"PradaGayoso","description":"Reestructuración financiera","publisher":{"@id":"https:\/\/pradagayoso.com\/#organization"},"potentialAction":[{"@type":"SearchAction","target":{"@type":"EntryPoint","urlTemplate":"https:\/\/pradagayoso.com\/?s={search_term_string}"},"query-input":{"@type":"PropertyValueSpecification","valueRequired":true,"valueName":"search_term_string"}}],"inLanguage":"en-US"},{"@type":"Organization","@id":"https:\/\/pradagayoso.com\/#organization","name":"PradaGayoso","url":"https:\/\/pradagayoso.com\/","logo":{"@type":"ImageObject","inLanguage":"en-US","@id":"https:\/\/pradagayoso.com\/#\/schema\/logo\/image\/","url":"https:\/\/pradagayoso.com\/wp-content\/uploads\/2018\/05\/logo_prada.png","contentUrl":"https:\/\/pradagayoso.com\/wp-content\/uploads\/2018\/05\/logo_prada.png","width":284,"height":63,"caption":"PradaGayoso"},"image":{"@id":"https:\/\/pradagayoso.com\/#\/schema\/logo\/image\/"},"sameAs":["https:\/\/www.facebook.com\/pradagayoso\/","https:\/\/x.com\/pradagayoso","https:\/\/www.instagram.com\/pradagayoso\/","https:\/\/www.linkedin.com\/company\/pradagayoso\/","https:\/\/www.youtube.com\/channel\/UCOZT08GCsDLY8dVR8mH0IqA"]}]}</script>
<!-- / Yoast SEO plugin. -->

Declaraciones de Francisco Prada en El Confidencial sobre la banca y planes de reestructuración no consensuales - PradaGayoso

El Confidencial publica unas declaraciones de Francisco Prada sobre la posición de la banca ante planes de reestructuración no consensuales.

Reestructuración financiera
