{"id":5058,"date":"2024-02-19T11:26:37","date_gmt":"2024-02-19T09:26:37","guid":{"rendered":"https:\/\/pradagayoso.com\/?post_type=en-los-medios&#038;p=5058"},"modified":"2024-02-19T11:26:40","modified_gmt":"2024-02-19T09:26:40","slug":"felix-salgado-abc-concursos-acreedores-2023","status":"publish","type":"en-los-medios","link":"https:\/\/pradagayoso.com\/en\/en-los-medios\/felix-salgado-abc-concursos-acreedores-2023\/","title":{"rendered":"Declaraciones de F\u00e9lix Salgado en ABC sobre los concursos de acreedores en 2023"},"content":{"rendered":"\n<p>Nuestro socio <a href=\"https:\/\/pradagayoso.com\/equipo\/felix-salgado\/\">F\u00e9lix Salgado<\/a> se pronuncia en <em><strong>ABC<\/strong><\/em> sobre las estad\u00edsticas de concursos de acreedores declarados en 2023:<\/p>\n\n\n\n<blockquote class=\"wp-block-quote is-layout-flow wp-block-quote-is-layout-flow\">\n<p>Las empresas m\u00e1s peque\u00f1as siguen acudiendo al concurso, pero las empresas de un cierto tama\u00f1o est\u00e1n recurriendo sin duda a los planes de reestructuraci\u00f3n. Es muy positivo que las empresas intenten superar sus problemas de insolvencia de forma extrajudicial y, a ser posible, con la m\u00e1xima anticipaci\u00f3n.<\/p>\n<\/blockquote>\n\n\n\n<p class=\"newprBtn newghost-button\"><a href=\"https:\/\/www.abc.es\/economia\/cataluna-registra-tres-quiebras-empresariales-espana-20240217195400-nt.html\" target=\"_blank\" rel=\"noreferrer noopener\">Ver noticia<\/a><\/p>\n","protected":false},"excerpt":{"rendered":"<p>Nuestro socio F\u00e9lix Salgado se pronuncia en ABC sobre las estad\u00edsticas de concursos de acreedores declarados en 2023: Las empresas m\u00e1s peque\u00f1as siguen acudiendo al concurso, pero las empresas de un cierto tama\u00f1o est\u00e1n recurriendo sin duda a los planes de reestructuraci\u00f3n. Es muy positivo que las empresas intenten superar sus problemas de insolvencia de &hellip; <\/p>\n<p class=\"link-more\"><a href=\"https:\/\/pradagayoso.com\/en\/en-los-medios\/felix-salgado-abc-concursos-acreedores-2023\/\" class=\"more-link\">Continue reading<span class=\"screen-reader-text\"> &#8220;Declaraciones de F\u00e9lix Salgado en ABC sobre los concursos de acreedores en 2023&#8221;<\/span><\/a><\/p>\n","protected":false},"featured_media":0,"template":"","class_list":["post-5058","en-los-medios","type-en-los-medios","status-publish","hentry"],"yoast_head":"<!-- This site is optimized with the Yoast SEO plugin v28.2 - https:\/\/yoast.com\/product\/yoast-seo-wordpress\/ -->\n<title>Declaraciones de F\u00e9lix Salgado en ABC sobre los concursos de acreedores en 2023 - PradaGayoso<\/title>\n<meta name=\"description\" content=\"F\u00e9lix Salgado, socio de PradaGayoso, se pronuncia en ABC sobre las estad\u00edsticas de concursos de acreedores declarados en 2023.\" \/>\n<meta name=\"robots\" content=\"index, follow, max-snippet:-1, max-image-preview:large, max-video-preview:-1\" \/>\n<link rel=\"canonical\" href=\"https:\/\/pradagayoso.com\/en-los-medios\/felix-salgado-abc-concursos-acreedores-2023\/\" \/>\n<meta property=\"og:locale\" content=\"en_US\" \/>\n<meta property=\"og:type\" content=\"article\" \/>\n<meta property=\"og:title\" content=\"Declaraciones de F\u00e9lix Salgado en ABC sobre los concursos de acreedores en 2023 - PradaGayoso\" \/>\n<meta property=\"og:description\" content=\"F\u00e9lix Salgado, socio de PradaGayoso, se pronuncia en ABC sobre las estad\u00edsticas de concursos de acreedores declarados en 2023.\" \/>\n<meta property=\"og:url\" content=\"https:\/\/pradagayoso.com\/en-los-medios\/felix-salgado-abc-concursos-acreedores-2023\/\" \/>\n<meta property=\"og:site_name\" content=\"PradaGayoso\" \/>\n<meta property=\"article:publisher\" content=\"https:\/\/www.facebook.com\/pradagayoso\/\" \/>\n<meta property=\"article:modified_time\" content=\"2024-02-19T09:26:40+00:00\" \/>\n<meta property=\"og:image\" content=\"https:\/\/pradagayoso.com\/wp-content\/uploads\/2019\/01\/Img-OG-1200x630-PradaGayoso.jpg\" \/>\n\t<meta property=\"og:image:width\" content=\"1200\" \/>\n\t<meta property=\"og:image:height\" content=\"630\" \/>\n\t<meta property=\"og:image:type\" content=\"image\/jpeg\" \/>\n<meta name=\"twitter:card\" content=\"summary_large_image\" \/>\n<meta name=\"twitter:site\" content=\"@pradagayoso\" \/>\n<meta name=\"twitter:label1\" content=\"Est. reading time\" \/>\n\t<meta name=\"twitter:data1\" content=\"1 minute\" \/>\n<script type=\"application\/ld+json\" class=\"yoast-schema-graph\">{\"@context\":\"https:\\\/\\\/schema.org\",\"@graph\":[{\"@type\":\"WebPage\",\"@id\":\"https:\\\/\\\/pradagayoso.com\\\/en-los-medios\\\/felix-salgado-abc-concursos-acreedores-2023\\\/\",\"url\":\"https:\\\/\\\/pradagayoso.com\\\/en-los-medios\\\/felix-salgado-abc-concursos-acreedores-2023\\\/\",\"name\":\"Declaraciones de F\u00e9lix Salgado en ABC sobre los concursos de acreedores en 2023 - PradaGayoso\",\"isPartOf\":{\"@id\":\"https:\\\/\\\/pradagayoso.com\\\/#website\"},\"datePublished\":\"2024-02-19T09:26:37+00:00\",\"dateModified\":\"2024-02-19T09:26:40+00:00\",\"description\":\"F\u00e9lix Salgado, socio de PradaGayoso, se pronuncia en ABC sobre las estad\u00edsticas de concursos de acreedores declarados en 2023.\",\"breadcrumb\":{\"@id\":\"https:\\\/\\\/pradagayoso.com\\\/en-los-medios\\\/felix-salgado-abc-concursos-acreedores-2023\\\/#breadcrumb\"},\"inLanguage\":\"en-US\",\"potentialAction\":[{\"@type\":\"ReadAction\",\"target\":[\"https:\\\/\\\/pradagayoso.com\\\/en-los-medios\\\/felix-salgado-abc-concursos-acreedores-2023\\\/\"]}]},{\"@type\":\"BreadcrumbList\",\"@id\":\"https:\\\/\\\/pradagayoso.com\\\/en-los-medios\\\/felix-salgado-abc-concursos-acreedores-2023\\\/#breadcrumb\",\"itemListElement\":[{\"@type\":\"ListItem\",\"position\":1,\"name\":\"Portada\",\"item\":\"https:\\\/\\\/pradagayoso.com\\\/en\\\/\"},{\"@type\":\"ListItem\",\"position\":2,\"name\":\"En los medios\",\"item\":\"https:\\\/\\\/pradagayoso.com\\\/en-los-medios\\\/\"},{\"@type\":\"ListItem\",\"position\":3,\"name\":\"Declaraciones de F\u00e9lix Salgado en ABC sobre los concursos de acreedores en 2023\"}]},{\"@type\":\"WebSite\",\"@id\":\"https:\\\/\\\/pradagayoso.com\\\/#website\",\"url\":\"https:\\\/\\\/pradagayoso.com\\\/\",\"name\":\"PradaGayoso\",\"description\":\"Reestructuraci\u00f3n financiera\",\"publisher\":{\"@id\":\"https:\\\/\\\/pradagayoso.com\\\/#organization\"},\"potentialAction\":[{\"@type\":\"SearchAction\",\"target\":{\"@type\":\"EntryPoint\",\"urlTemplate\":\"https:\\\/\\\/pradagayoso.com\\\/?s={search_term_string}\"},\"query-input\":{\"@type\":\"PropertyValueSpecification\",\"valueRequired\":true,\"valueName\":\"search_term_string\"}}],\"inLanguage\":\"en-US\"},{\"@type\":\"Organization\",\"@id\":\"https:\\\/\\\/pradagayoso.com\\\/#organization\",\"name\":\"PradaGayoso\",\"url\":\"https:\\\/\\\/pradagayoso.com\\\/\",\"logo\":{\"@type\":\"ImageObject\",\"inLanguage\":\"en-US\",\"@id\":\"https:\\\/\\\/pradagayoso.com\\\/#\\\/schema\\\/logo\\\/image\\\/\",\"url\":\"https:\\\/\\\/pradagayoso.com\\\/wp-content\\\/uploads\\\/2018\\\/05\\\/logo_prada.png\",\"contentUrl\":\"https:\\\/\\\/pradagayoso.com\\\/wp-content\\\/uploads\\\/2018\\\/05\\\/logo_prada.png\",\"width\":284,\"height\":63,\"caption\":\"PradaGayoso\"},\"image\":{\"@id\":\"https:\\\/\\\/pradagayoso.com\\\/#\\\/schema\\\/logo\\\/image\\\/\"},\"sameAs\":[\"https:\\\/\\\/www.facebook.com\\\/pradagayoso\\\/\",\"https:\\\/\\\/x.com\\\/pradagayoso\",\"https:\\\/\\\/www.instagram.com\\\/pradagayoso\\\/\",\"https:\\\/\\\/www.linkedin.com\\\/company\\\/pradagayoso\\\/\",\"https:\\\/\\\/www.youtube.com\\\/channel\\\/UCOZT08GCsDLY8dVR8mH0IqA\"]}]}<\/script>\n<!-- \/ Yoast SEO plugin. -->","yoast_head_json":{"title":"Declaraciones de F\u00e9lix Salgado en ABC sobre los concursos de acreedores en 2023 - PradaGayoso","description":"F\u00e9lix Salgado, socio de PradaGayoso, se pronuncia en ABC sobre las estad\u00edsticas de concursos de acreedores declarados en 2023.","robots":{"index":"index","follow":"follow","max-snippet":"max-snippet:-1","max-image-preview":"max-image-preview:large","max-video-preview":"max-video-preview:-1"},"canonical":"https:\/\/pradagayoso.com\/en-los-medios\/felix-salgado-abc-concursos-acreedores-2023\/","og_locale":"en_US","og_type":"article","og_title":"Declaraciones de F\u00e9lix Salgado en ABC sobre los concursos de acreedores en 2023 - PradaGayoso","og_description":"F\u00e9lix Salgado, socio de PradaGayoso, se pronuncia en ABC sobre las estad\u00edsticas de concursos de acreedores declarados en 2023.","og_url":"https:\/\/pradagayoso.com\/en-los-medios\/felix-salgado-abc-concursos-acreedores-2023\/","og_site_name":"PradaGayoso","article_publisher":"https:\/\/www.facebook.com\/pradagayoso\/","article_modified_time":"2024-02-19T09:26:40+00:00","og_image":[{"width":1200,"height":630,"url":"https:\/\/pradagayoso.com\/wp-content\/uploads\/2019\/01\/Img-OG-1200x630-PradaGayoso.jpg","type":"image\/jpeg"}],"twitter_card":"summary_large_image","twitter_site":"@pradagayoso","twitter_misc":{"Est. reading time":"1 minute"},"schema":{"@context":"https:\/\/schema.org","@graph":[{"@type":"WebPage","@id":"https:\/\/pradagayoso.com\/en-los-medios\/felix-salgado-abc-concursos-acreedores-2023\/","url":"https:\/\/pradagayoso.com\/en-los-medios\/felix-salgado-abc-concursos-acreedores-2023\/","name":"Declaraciones de F\u00e9lix Salgado en ABC sobre los concursos de acreedores en 2023 - PradaGayoso","isPartOf":{"@id":"https:\/\/pradagayoso.com\/#website"},"datePublished":"2024-02-19T09:26:37+00:00","dateModified":"2024-02-19T09:26:40+00:00","description":"F\u00e9lix Salgado, socio de PradaGayoso, se pronuncia en ABC sobre las estad\u00edsticas de concursos de acreedores declarados en 2023.","breadcrumb":{"@id":"https:\/\/pradagayoso.com\/en-los-medios\/felix-salgado-abc-concursos-acreedores-2023\/#breadcrumb"},"inLanguage":"en-US","potentialAction":[{"@type":"ReadAction","target":["https:\/\/pradagayoso.com\/en-los-medios\/felix-salgado-abc-concursos-acreedores-2023\/"]}]},{"@type":"BreadcrumbList","@id":"https:\/\/pradagayoso.com\/en-los-medios\/felix-salgado-abc-concursos-acreedores-2023\/#breadcrumb","itemListElement":[{"@type":"ListItem","position":1,"name":"Portada","item":"https:\/\/pradagayoso.com\/en\/"},{"@type":"ListItem","position":2,"name":"En los medios","item":"https:\/\/pradagayoso.com\/en-los-medios\/"},{"@type":"ListItem","position":3,"name":"Declaraciones de F\u00e9lix Salgado en ABC sobre los concursos de acreedores en 2023"}]},{"@type":"WebSite","@id":"https:\/\/pradagayoso.com\/#website","url":"https:\/\/pradagayoso.com\/","name":"PradaGayoso","description":"Reestructuraci\u00f3n financiera","publisher":{"@id":"https:\/\/pradagayoso.com\/#organization"},"potentialAction":[{"@type":"SearchAction","target":{"@type":"EntryPoint","urlTemplate":"https:\/\/pradagayoso.com\/?s={search_term_string}"},"query-input":{"@type":"PropertyValueSpecification","valueRequired":true,"valueName":"search_term_string"}}],"inLanguage":"en-US"},{"@type":"Organization","@id":"https:\/\/pradagayoso.com\/#organization","name":"PradaGayoso","url":"https:\/\/pradagayoso.com\/","logo":{"@type":"ImageObject","inLanguage":"en-US","@id":"https:\/\/pradagayoso.com\/#\/schema\/logo\/image\/","url":"https:\/\/pradagayoso.com\/wp-content\/uploads\/2018\/05\/logo_prada.png","contentUrl":"https:\/\/pradagayoso.com\/wp-content\/uploads\/2018\/05\/logo_prada.png","width":284,"height":63,"caption":"PradaGayoso"},"image":{"@id":"https:\/\/pradagayoso.com\/#\/schema\/logo\/image\/"},"sameAs":["https:\/\/www.facebook.com\/pradagayoso\/","https:\/\/x.com\/pradagayoso","https:\/\/www.instagram.com\/pradagayoso\/","https:\/\/www.linkedin.com\/company\/pradagayoso\/","https:\/\/www.youtube.com\/channel\/UCOZT08GCsDLY8dVR8mH0IqA"]}]}},"_links":{"self":[{"href":"https:\/\/pradagayoso.com\/en\/wp-json\/wp\/v2\/en-los-medios\/5058","targetHints":{"allow":["GET"]}}],"collection":[{"href":"https:\/\/pradagayoso.com\/en\/wp-json\/wp\/v2\/en-los-medios"}],"about":[{"href":"https:\/\/pradagayoso.com\/en\/wp-json\/wp\/v2\/types\/en-los-medios"}],"version-history":[{"count":2,"href":"https:\/\/pradagayoso.com\/en\/wp-json\/wp\/v2\/en-los-medios\/5058\/revisions"}],"predecessor-version":[{"id":5060,"href":"https:\/\/pradagayoso.com\/en\/wp-json\/wp\/v2\/en-los-medios\/5058\/revisions\/5060"}],"wp:attachment":[{"href":"https:\/\/pradagayoso.com\/en\/wp-json\/wp\/v2\/media?parent=5058"}],"curies":[{"name":"wp","href":"https:\/\/api.w.org\/{rel}","templated":true}]}}

Declaraciones de Félix Salgado en ABC sobre los concursos de acreedores en 2023

<p>Nuestro socio <a href="https://pradagayoso.com/equipo/felix-salgado/">Félix Salgado</a> se pronuncia en <em><strong>ABC</strong></em> sobre las estadísticas de concursos de acreedores declarados en 2023:</p>



<blockquote class="wp-block-quote is-layout-flow wp-block-quote-is-layout-flow">
<p>Las empresas más pequeñas siguen acudiendo al concurso, pero las empresas de un cierto tamaño están recurriendo sin duda a los planes de reestructuración. Es muy positivo que las empresas intenten superar sus problemas de insolvencia de forma extrajudicial y, a ser posible, con la máxima anticipación.</p>
</blockquote>



<p class="newprBtn newghost-button"><a href="https://www.abc.es/economia/cataluna-registra-tres-quiebras-empresariales-espana-20240217195400-nt.html" target="_blank" rel="noreferrer noopener">Ver noticia</a></p>

<p>Nuestro socio Félix Salgado se pronuncia en ABC sobre las estadísticas de concursos de acreedores declarados en 2023: Las empresas más pequeñas siguen acudiendo al concurso, pero las empresas de un cierto tamaño están recurriendo sin duda a los planes de reestructuración. Es muy positivo que las empresas intenten superar sus problemas de insolvencia de &hellip; </p>
<p class="link-more"><a href="https://pradagayoso.com/en/en-los-medios/felix-salgado-abc-concursos-acreedores-2023/" class="more-link">Continue reading<span class="screen-reader-text"> &#8220;Declaraciones de Félix Salgado en ABC sobre los concursos de acreedores en 2023&#8221;</span></a></p>

<!-- This site is optimized with the Yoast SEO plugin v28.2 - https://yoast.com/product/yoast-seo-wordpress/ -->
<title>Declaraciones de Félix Salgado en ABC sobre los concursos de acreedores en 2023 - PradaGayoso</title>
<meta name="description" content="Félix Salgado, socio de PradaGayoso, se pronuncia en ABC sobre las estadísticas de concursos de acreedores declarados en 2023." />
<meta name="robots" content="index, follow, max-snippet:-1, max-image-preview:large, max-video-preview:-1" />
<link rel="canonical" href="https://pradagayoso.com/en-los-medios/felix-salgado-abc-concursos-acreedores-2023/" />
<meta property="og:locale" content="en_US" />
<meta property="og:type" content="article" />
<meta property="og:title" content="Declaraciones de Félix Salgado en ABC sobre los concursos de acreedores en 2023 - PradaGayoso" />
<meta property="og:description" content="Félix Salgado, socio de PradaGayoso, se pronuncia en ABC sobre las estadísticas de concursos de acreedores declarados en 2023." />
<meta property="og:url" content="https://pradagayoso.com/en-los-medios/felix-salgado-abc-concursos-acreedores-2023/" />
<meta property="og:site_name" content="PradaGayoso" />
<meta property="article:publisher" content="https://www.facebook.com/pradagayoso/" />
<meta property="article:modified_time" content="2024-02-19T09:26:40+00:00" />
<meta property="og:image" content="https://pradagayoso.com/wp-content/uploads/2019/01/Img-OG-1200x630-PradaGayoso.jpg" />
	<meta property="og:image:width" content="1200" />
	<meta property="og:image:height" content="630" />
	<meta property="og:image:type" content="image/jpeg" />
<meta name="twitter:card" content="summary_large_image" />
<meta name="twitter:site" content="@pradagayoso" />
<meta name="twitter:label1" content="Est. reading time" />
	<meta name="twitter:data1" content="1 minute" />
<script type="application/ld+json" class="yoast-schema-graph">{"@context":"https:\/\/schema.org","@graph":[{"@type":"WebPage","@id":"https:\/\/pradagayoso.com\/en-los-medios\/felix-salgado-abc-concursos-acreedores-2023\/","url":"https:\/\/pradagayoso.com\/en-los-medios\/felix-salgado-abc-concursos-acreedores-2023\/","name":"Declaraciones de Félix Salgado en ABC sobre los concursos de acreedores en 2023 - PradaGayoso","isPartOf":{"@id":"https:\/\/pradagayoso.com\/#website"},"datePublished":"2024-02-19T09:26:37+00:00","dateModified":"2024-02-19T09:26:40+00:00","description":"Félix Salgado, socio de PradaGayoso, se pronuncia en ABC sobre las estadísticas de concursos de acreedores declarados en 2023.","breadcrumb":{"@id":"https:\/\/pradagayoso.com\/en-los-medios\/felix-salgado-abc-concursos-acreedores-2023\/#breadcrumb"},"inLanguage":"en-US","potentialAction":[{"@type":"ReadAction","target":["https:\/\/pradagayoso.com\/en-los-medios\/felix-salgado-abc-concursos-acreedores-2023\/"]}]},{"@type":"BreadcrumbList","@id":"https:\/\/pradagayoso.com\/en-los-medios\/felix-salgado-abc-concursos-acreedores-2023\/#breadcrumb","itemListElement":[{"@type":"ListItem","position":1,"name":"Portada","item":"https:\/\/pradagayoso.com\/en\/"},{"@type":"ListItem","position":2,"name":"En los medios","item":"https:\/\/pradagayoso.com\/en-los-medios\/"},{"@type":"ListItem","position":3,"name":"Declaraciones de Félix Salgado en ABC sobre los concursos de acreedores en 2023"}]},{"@type":"WebSite","@id":"https:\/\/pradagayoso.com\/#website","url":"https:\/\/pradagayoso.com\/","name":"PradaGayoso","description":"Reestructuración financiera","publisher":{"@id":"https:\/\/pradagayoso.com\/#organization"},"potentialAction":[{"@type":"SearchAction","target":{"@type":"EntryPoint","urlTemplate":"https:\/\/pradagayoso.com\/?s={search_term_string}"},"query-input":{"@type":"PropertyValueSpecification","valueRequired":true,"valueName":"search_term_string"}}],"inLanguage":"en-US"},{"@type":"Organization","@id":"https:\/\/pradagayoso.com\/#organization","name":"PradaGayoso","url":"https:\/\/pradagayoso.com\/","logo":{"@type":"ImageObject","inLanguage":"en-US","@id":"https:\/\/pradagayoso.com\/#\/schema\/logo\/image\/","url":"https:\/\/pradagayoso.com\/wp-content\/uploads\/2018\/05\/logo_prada.png","contentUrl":"https:\/\/pradagayoso.com\/wp-content\/uploads\/2018\/05\/logo_prada.png","width":284,"height":63,"caption":"PradaGayoso"},"image":{"@id":"https:\/\/pradagayoso.com\/#\/schema\/logo\/image\/"},"sameAs":["https:\/\/www.facebook.com\/pradagayoso\/","https:\/\/x.com\/pradagayoso","https:\/\/www.instagram.com\/pradagayoso\/","https:\/\/www.linkedin.com\/company\/pradagayoso\/","https:\/\/www.youtube.com\/channel\/UCOZT08GCsDLY8dVR8mH0IqA"]}]}</script>
<!-- / Yoast SEO plugin. -->

Declaraciones de Félix Salgado en ABC sobre los concursos de acreedores en 2023 - PradaGayoso

Félix Salgado, socio de PradaGayoso, se pronuncia en ABC sobre las estadísticas de concursos de acreedores declarados en 2023.

Reestructuración financiera
