{"id":4650,"date":"2023-12-19T11:03:28","date_gmt":"2023-12-19T09:03:28","guid":{"rendered":"https:\/\/pradagayoso.com\/?post_type=en-los-medios&#038;p=4650"},"modified":"2026-04-21T13:50:15","modified_gmt":"2026-04-21T11:50:15","slug":"francisco-prada-retraso-tramitacion-solicitudes-concurso-acreedores-madrid","status":"publish","type":"en-los-medios","link":"https:\/\/pradagayoso.com\/en\/en-los-medios\/francisco-prada-retraso-tramitacion-solicitudes-concurso-acreedores-madrid\/","title":{"rendered":"Declaraciones de Francisco Prada en Expansi\u00f3n sobre la tramitaci\u00f3n de las solicitudes de concurso en Madrid"},"content":{"rendered":"<style type=\"text\/css\"><\/style>\n<section class=\"kc-elm kc-css-833390 kc_row entradilla\">\n<div class=\"kc-row-container  kc-container\">\n<div class=\"kc-wrap-columns\">\n<div class=\"kc-elm kc-css-77287 kc_col-sm-12 kc_column kc_col-sm-12\">\n<div class=\"kc-col-container\">\n<div class=\"kc-elm kc-css-684775 kc_text_block\">\n<p>Nuestro socio fundador, Francisco Prada, ha concedido unas declaraciones a <strong>Expansi\u00f3n Jur\u00eddico<\/strong> sobre el retraso con el que se est\u00e1n tramitando las solicitudes de declaraci\u00f3n de concurso de acreedores una vez que se presentan en el Juzgado Decano de Madrid.<\/p>\n<p><a class=\"prBtn ghost-button\" href=\"https:\/\/www.expansion.com\/juridico\/actualidad-tendencias\/2023\/12\/18\/65809052e5fdea46578b463d.html\" target=\"_blank\" rel=\"noopener\">Ver noticia<\/a><\/p>\n<\/div>\n<\/div>\n<\/div>\n<\/div>\n<\/div>\n<\/section>\n","protected":false},"excerpt":{"rendered":"<p>Nuestro socio fundador, Francisco Prada, ha concedido unas declaraciones a Expansi\u00f3n Jur\u00eddico sobre el retraso con el que se est\u00e1n tramitando las solicitudes de declaraci\u00f3n de concurso de acreedores una vez que se presentan en el Juzgado Decano de Madrid. Ver noticia<\/p>\n","protected":false},"featured_media":0,"template":"","class_list":["post-4650","en-los-medios","type-en-los-medios","status-publish","hentry"],"yoast_head":"<!-- This site is optimized with the Yoast SEO plugin v28.2 - https:\/\/yoast.com\/product\/yoast-seo-wordpress\/ -->\n<title>Declaraciones de Francisco Prada en Expansi\u00f3n sobre la tramitaci\u00f3n de las solicitudes de concurso en Madrid - PradaGayoso<\/title>\n<meta name=\"description\" content=\"Francisco Prada, socio fundador de PradaGayoso, denuncia el retraso en la tramitaci\u00f3n de las solicitudes de concurso de acreedores en Madrid.\" \/>\n<meta name=\"robots\" content=\"index, follow, max-snippet:-1, max-image-preview:large, max-video-preview:-1\" \/>\n<link rel=\"canonical\" href=\"https:\/\/pradagayoso.com\/en-los-medios\/francisco-prada-retraso-tramitacion-solicitudes-concurso-acreedores-madrid\/\" \/>\n<meta property=\"og:locale\" content=\"en_US\" \/>\n<meta property=\"og:type\" content=\"article\" \/>\n<meta property=\"og:title\" content=\"Declaraciones de Francisco Prada en Expansi\u00f3n sobre la tramitaci\u00f3n de las solicitudes de concurso en Madrid - PradaGayoso\" \/>\n<meta property=\"og:description\" content=\"Francisco Prada, socio fundador de PradaGayoso, denuncia el retraso en la tramitaci\u00f3n de las solicitudes de concurso de acreedores en Madrid.\" \/>\n<meta property=\"og:url\" content=\"https:\/\/pradagayoso.com\/en-los-medios\/francisco-prada-retraso-tramitacion-solicitudes-concurso-acreedores-madrid\/\" \/>\n<meta property=\"og:site_name\" content=\"PradaGayoso\" \/>\n<meta property=\"article:publisher\" content=\"https:\/\/www.facebook.com\/pradagayoso\/\" \/>\n<meta property=\"article:modified_time\" content=\"2026-04-21T11:50:15+00:00\" \/>\n<meta property=\"og:image\" content=\"https:\/\/pradagayoso.com\/wp-content\/uploads\/2019\/01\/Img-OG-1200x630-PradaGayoso.jpg\" \/>\n\t<meta property=\"og:image:width\" content=\"1200\" \/>\n\t<meta property=\"og:image:height\" content=\"630\" \/>\n\t<meta property=\"og:image:type\" content=\"image\/jpeg\" \/>\n<meta name=\"twitter:card\" content=\"summary_large_image\" \/>\n<meta name=\"twitter:site\" content=\"@pradagayoso\" \/>\n<meta name=\"twitter:label1\" content=\"Est. reading time\" \/>\n\t<meta name=\"twitter:data1\" content=\"1 minute\" \/>\n<script type=\"application\/ld+json\" class=\"yoast-schema-graph\">{\"@context\":\"https:\\\/\\\/schema.org\",\"@graph\":[{\"@type\":\"WebPage\",\"@id\":\"https:\\\/\\\/pradagayoso.com\\\/en-los-medios\\\/francisco-prada-retraso-tramitacion-solicitudes-concurso-acreedores-madrid\\\/\",\"url\":\"https:\\\/\\\/pradagayoso.com\\\/en-los-medios\\\/francisco-prada-retraso-tramitacion-solicitudes-concurso-acreedores-madrid\\\/\",\"name\":\"Declaraciones de Francisco Prada en Expansi\u00f3n sobre la tramitaci\u00f3n de las solicitudes de concurso en Madrid - PradaGayoso\",\"isPartOf\":{\"@id\":\"https:\\\/\\\/pradagayoso.com\\\/#website\"},\"datePublished\":\"2023-12-19T09:03:28+00:00\",\"dateModified\":\"2026-04-21T11:50:15+00:00\",\"description\":\"Francisco Prada, socio fundador de PradaGayoso, denuncia el retraso en la tramitaci\u00f3n de las solicitudes de concurso de acreedores en Madrid.\",\"breadcrumb\":{\"@id\":\"https:\\\/\\\/pradagayoso.com\\\/en-los-medios\\\/francisco-prada-retraso-tramitacion-solicitudes-concurso-acreedores-madrid\\\/#breadcrumb\"},\"inLanguage\":\"en-US\",\"potentialAction\":[{\"@type\":\"ReadAction\",\"target\":[\"https:\\\/\\\/pradagayoso.com\\\/en-los-medios\\\/francisco-prada-retraso-tramitacion-solicitudes-concurso-acreedores-madrid\\\/\"]}]},{\"@type\":\"BreadcrumbList\",\"@id\":\"https:\\\/\\\/pradagayoso.com\\\/en-los-medios\\\/francisco-prada-retraso-tramitacion-solicitudes-concurso-acreedores-madrid\\\/#breadcrumb\",\"itemListElement\":[{\"@type\":\"ListItem\",\"position\":1,\"name\":\"Portada\",\"item\":\"https:\\\/\\\/pradagayoso.com\\\/en\\\/\"},{\"@type\":\"ListItem\",\"position\":2,\"name\":\"En los medios\",\"item\":\"https:\\\/\\\/pradagayoso.com\\\/en-los-medios\\\/\"},{\"@type\":\"ListItem\",\"position\":3,\"name\":\"Declaraciones de Francisco Prada en Expansi\u00f3n sobre la tramitaci\u00f3n de las solicitudes de concurso en Madrid\"}]},{\"@type\":\"WebSite\",\"@id\":\"https:\\\/\\\/pradagayoso.com\\\/#website\",\"url\":\"https:\\\/\\\/pradagayoso.com\\\/\",\"name\":\"PradaGayoso\",\"description\":\"Reestructuraci\u00f3n financiera\",\"publisher\":{\"@id\":\"https:\\\/\\\/pradagayoso.com\\\/#organization\"},\"potentialAction\":[{\"@type\":\"SearchAction\",\"target\":{\"@type\":\"EntryPoint\",\"urlTemplate\":\"https:\\\/\\\/pradagayoso.com\\\/?s={search_term_string}\"},\"query-input\":{\"@type\":\"PropertyValueSpecification\",\"valueRequired\":true,\"valueName\":\"search_term_string\"}}],\"inLanguage\":\"en-US\"},{\"@type\":\"Organization\",\"@id\":\"https:\\\/\\\/pradagayoso.com\\\/#organization\",\"name\":\"PradaGayoso\",\"url\":\"https:\\\/\\\/pradagayoso.com\\\/\",\"logo\":{\"@type\":\"ImageObject\",\"inLanguage\":\"en-US\",\"@id\":\"https:\\\/\\\/pradagayoso.com\\\/#\\\/schema\\\/logo\\\/image\\\/\",\"url\":\"https:\\\/\\\/pradagayoso.com\\\/wp-content\\\/uploads\\\/2018\\\/05\\\/logo_prada.png\",\"contentUrl\":\"https:\\\/\\\/pradagayoso.com\\\/wp-content\\\/uploads\\\/2018\\\/05\\\/logo_prada.png\",\"width\":284,\"height\":63,\"caption\":\"PradaGayoso\"},\"image\":{\"@id\":\"https:\\\/\\\/pradagayoso.com\\\/#\\\/schema\\\/logo\\\/image\\\/\"},\"sameAs\":[\"https:\\\/\\\/www.facebook.com\\\/pradagayoso\\\/\",\"https:\\\/\\\/x.com\\\/pradagayoso\",\"https:\\\/\\\/www.instagram.com\\\/pradagayoso\\\/\",\"https:\\\/\\\/www.linkedin.com\\\/company\\\/pradagayoso\\\/\",\"https:\\\/\\\/www.youtube.com\\\/channel\\\/UCOZT08GCsDLY8dVR8mH0IqA\"]}]}<\/script>\n<!-- \/ Yoast SEO plugin. -->","yoast_head_json":{"title":"Declaraciones de Francisco Prada en Expansi\u00f3n sobre la tramitaci\u00f3n de las solicitudes de concurso en Madrid - PradaGayoso","description":"Francisco Prada, socio fundador de PradaGayoso, denuncia el retraso en la tramitaci\u00f3n de las solicitudes de concurso de acreedores en Madrid.","robots":{"index":"index","follow":"follow","max-snippet":"max-snippet:-1","max-image-preview":"max-image-preview:large","max-video-preview":"max-video-preview:-1"},"canonical":"https:\/\/pradagayoso.com\/en-los-medios\/francisco-prada-retraso-tramitacion-solicitudes-concurso-acreedores-madrid\/","og_locale":"en_US","og_type":"article","og_title":"Declaraciones de Francisco Prada en Expansi\u00f3n sobre la tramitaci\u00f3n de las solicitudes de concurso en Madrid - PradaGayoso","og_description":"Francisco Prada, socio fundador de PradaGayoso, denuncia el retraso en la tramitaci\u00f3n de las solicitudes de concurso de acreedores en Madrid.","og_url":"https:\/\/pradagayoso.com\/en-los-medios\/francisco-prada-retraso-tramitacion-solicitudes-concurso-acreedores-madrid\/","og_site_name":"PradaGayoso","article_publisher":"https:\/\/www.facebook.com\/pradagayoso\/","article_modified_time":"2026-04-21T11:50:15+00:00","og_image":[{"width":1200,"height":630,"url":"https:\/\/pradagayoso.com\/wp-content\/uploads\/2019\/01\/Img-OG-1200x630-PradaGayoso.jpg","type":"image\/jpeg"}],"twitter_card":"summary_large_image","twitter_site":"@pradagayoso","twitter_misc":{"Est. reading time":"1 minute"},"schema":{"@context":"https:\/\/schema.org","@graph":[{"@type":"WebPage","@id":"https:\/\/pradagayoso.com\/en-los-medios\/francisco-prada-retraso-tramitacion-solicitudes-concurso-acreedores-madrid\/","url":"https:\/\/pradagayoso.com\/en-los-medios\/francisco-prada-retraso-tramitacion-solicitudes-concurso-acreedores-madrid\/","name":"Declaraciones de Francisco Prada en Expansi\u00f3n sobre la tramitaci\u00f3n de las solicitudes de concurso en Madrid - PradaGayoso","isPartOf":{"@id":"https:\/\/pradagayoso.com\/#website"},"datePublished":"2023-12-19T09:03:28+00:00","dateModified":"2026-04-21T11:50:15+00:00","description":"Francisco Prada, socio fundador de PradaGayoso, denuncia el retraso en la tramitaci\u00f3n de las solicitudes de concurso de acreedores en Madrid.","breadcrumb":{"@id":"https:\/\/pradagayoso.com\/en-los-medios\/francisco-prada-retraso-tramitacion-solicitudes-concurso-acreedores-madrid\/#breadcrumb"},"inLanguage":"en-US","potentialAction":[{"@type":"ReadAction","target":["https:\/\/pradagayoso.com\/en-los-medios\/francisco-prada-retraso-tramitacion-solicitudes-concurso-acreedores-madrid\/"]}]},{"@type":"BreadcrumbList","@id":"https:\/\/pradagayoso.com\/en-los-medios\/francisco-prada-retraso-tramitacion-solicitudes-concurso-acreedores-madrid\/#breadcrumb","itemListElement":[{"@type":"ListItem","position":1,"name":"Portada","item":"https:\/\/pradagayoso.com\/en\/"},{"@type":"ListItem","position":2,"name":"En los medios","item":"https:\/\/pradagayoso.com\/en-los-medios\/"},{"@type":"ListItem","position":3,"name":"Declaraciones de Francisco Prada en Expansi\u00f3n sobre la tramitaci\u00f3n de las solicitudes de concurso en Madrid"}]},{"@type":"WebSite","@id":"https:\/\/pradagayoso.com\/#website","url":"https:\/\/pradagayoso.com\/","name":"PradaGayoso","description":"Reestructuraci\u00f3n financiera","publisher":{"@id":"https:\/\/pradagayoso.com\/#organization"},"potentialAction":[{"@type":"SearchAction","target":{"@type":"EntryPoint","urlTemplate":"https:\/\/pradagayoso.com\/?s={search_term_string}"},"query-input":{"@type":"PropertyValueSpecification","valueRequired":true,"valueName":"search_term_string"}}],"inLanguage":"en-US"},{"@type":"Organization","@id":"https:\/\/pradagayoso.com\/#organization","name":"PradaGayoso","url":"https:\/\/pradagayoso.com\/","logo":{"@type":"ImageObject","inLanguage":"en-US","@id":"https:\/\/pradagayoso.com\/#\/schema\/logo\/image\/","url":"https:\/\/pradagayoso.com\/wp-content\/uploads\/2018\/05\/logo_prada.png","contentUrl":"https:\/\/pradagayoso.com\/wp-content\/uploads\/2018\/05\/logo_prada.png","width":284,"height":63,"caption":"PradaGayoso"},"image":{"@id":"https:\/\/pradagayoso.com\/#\/schema\/logo\/image\/"},"sameAs":["https:\/\/www.facebook.com\/pradagayoso\/","https:\/\/x.com\/pradagayoso","https:\/\/www.instagram.com\/pradagayoso\/","https:\/\/www.linkedin.com\/company\/pradagayoso\/","https:\/\/www.youtube.com\/channel\/UCOZT08GCsDLY8dVR8mH0IqA"]}]}},"_links":{"self":[{"href":"https:\/\/pradagayoso.com\/en\/wp-json\/wp\/v2\/en-los-medios\/4650","targetHints":{"allow":["GET"]}}],"collection":[{"href":"https:\/\/pradagayoso.com\/en\/wp-json\/wp\/v2\/en-los-medios"}],"about":[{"href":"https:\/\/pradagayoso.com\/en\/wp-json\/wp\/v2\/types\/en-los-medios"}],"version-history":[{"count":3,"href":"https:\/\/pradagayoso.com\/en\/wp-json\/wp\/v2\/en-los-medios\/4650\/revisions"}],"predecessor-version":[{"id":9807,"href":"https:\/\/pradagayoso.com\/en\/wp-json\/wp\/v2\/en-los-medios\/4650\/revisions\/9807"}],"wp:attachment":[{"href":"https:\/\/pradagayoso.com\/en\/wp-json\/wp\/v2\/media?parent=4650"}],"curies":[{"name":"wp","href":"https:\/\/api.w.org\/{rel}","templated":true}]}}

Declaraciones de Francisco Prada en Expansión sobre la tramitación de las solicitudes de concurso en Madrid

<style type="text/css"></style>
<section class="kc-elm kc-css-833390 kc_row entradilla">
<div class="kc-row-container  kc-container">
<div class="kc-wrap-columns">
<div class="kc-elm kc-css-77287 kc_col-sm-12 kc_column kc_col-sm-12">
<div class="kc-col-container">
<div class="kc-elm kc-css-684775 kc_text_block">
<p>Nuestro socio fundador, Francisco Prada, ha concedido unas declaraciones a <strong>Expansión Jurídico</strong> sobre el retraso con el que se están tramitando las solicitudes de declaración de concurso de acreedores una vez que se presentan en el Juzgado Decano de Madrid.</p>
<p><a class="prBtn ghost-button" href="https://www.expansion.com/juridico/actualidad-tendencias/2023/12/18/65809052e5fdea46578b463d.html" target="_blank" rel="noopener">Ver noticia</a></p>
</div>
</div>
</div>
</div>
</div>
</section>

<p>Nuestro socio fundador, Francisco Prada, ha concedido unas declaraciones a Expansión Jurídico sobre el retraso con el que se están tramitando las solicitudes de declaración de concurso de acreedores una vez que se presentan en el Juzgado Decano de Madrid. Ver noticia</p>

<!-- This site is optimized with the Yoast SEO plugin v28.2 - https://yoast.com/product/yoast-seo-wordpress/ -->
<title>Declaraciones de Francisco Prada en Expansión sobre la tramitación de las solicitudes de concurso en Madrid - PradaGayoso</title>
<meta name="description" content="Francisco Prada, socio fundador de PradaGayoso, denuncia el retraso en la tramitación de las solicitudes de concurso de acreedores en Madrid." />
<meta name="robots" content="index, follow, max-snippet:-1, max-image-preview:large, max-video-preview:-1" />
<link rel="canonical" href="https://pradagayoso.com/en-los-medios/francisco-prada-retraso-tramitacion-solicitudes-concurso-acreedores-madrid/" />
<meta property="og:locale" content="en_US" />
<meta property="og:type" content="article" />
<meta property="og:title" content="Declaraciones de Francisco Prada en Expansión sobre la tramitación de las solicitudes de concurso en Madrid - PradaGayoso" />
<meta property="og:description" content="Francisco Prada, socio fundador de PradaGayoso, denuncia el retraso en la tramitación de las solicitudes de concurso de acreedores en Madrid." />
<meta property="og:url" content="https://pradagayoso.com/en-los-medios/francisco-prada-retraso-tramitacion-solicitudes-concurso-acreedores-madrid/" />
<meta property="og:site_name" content="PradaGayoso" />
<meta property="article:publisher" content="https://www.facebook.com/pradagayoso/" />
<meta property="article:modified_time" content="2026-04-21T11:50:15+00:00" />
<meta property="og:image" content="https://pradagayoso.com/wp-content/uploads/2019/01/Img-OG-1200x630-PradaGayoso.jpg" />
	<meta property="og:image:width" content="1200" />
	<meta property="og:image:height" content="630" />
	<meta property="og:image:type" content="image/jpeg" />
<meta name="twitter:card" content="summary_large_image" />
<meta name="twitter:site" content="@pradagayoso" />
<meta name="twitter:label1" content="Est. reading time" />
	<meta name="twitter:data1" content="1 minute" />
<script type="application/ld+json" class="yoast-schema-graph">{"@context":"https:\/\/schema.org","@graph":[{"@type":"WebPage","@id":"https:\/\/pradagayoso.com\/en-los-medios\/francisco-prada-retraso-tramitacion-solicitudes-concurso-acreedores-madrid\/","url":"https:\/\/pradagayoso.com\/en-los-medios\/francisco-prada-retraso-tramitacion-solicitudes-concurso-acreedores-madrid\/","name":"Declaraciones de Francisco Prada en Expansión sobre la tramitación de las solicitudes de concurso en Madrid - PradaGayoso","isPartOf":{"@id":"https:\/\/pradagayoso.com\/#website"},"datePublished":"2023-12-19T09:03:28+00:00","dateModified":"2026-04-21T11:50:15+00:00","description":"Francisco Prada, socio fundador de PradaGayoso, denuncia el retraso en la tramitación de las solicitudes de concurso de acreedores en Madrid.","breadcrumb":{"@id":"https:\/\/pradagayoso.com\/en-los-medios\/francisco-prada-retraso-tramitacion-solicitudes-concurso-acreedores-madrid\/#breadcrumb"},"inLanguage":"en-US","potentialAction":[{"@type":"ReadAction","target":["https:\/\/pradagayoso.com\/en-los-medios\/francisco-prada-retraso-tramitacion-solicitudes-concurso-acreedores-madrid\/"]}]},{"@type":"BreadcrumbList","@id":"https:\/\/pradagayoso.com\/en-los-medios\/francisco-prada-retraso-tramitacion-solicitudes-concurso-acreedores-madrid\/#breadcrumb","itemListElement":[{"@type":"ListItem","position":1,"name":"Portada","item":"https:\/\/pradagayoso.com\/en\/"},{"@type":"ListItem","position":2,"name":"En los medios","item":"https:\/\/pradagayoso.com\/en-los-medios\/"},{"@type":"ListItem","position":3,"name":"Declaraciones de Francisco Prada en Expansión sobre la tramitación de las solicitudes de concurso en Madrid"}]},{"@type":"WebSite","@id":"https:\/\/pradagayoso.com\/#website","url":"https:\/\/pradagayoso.com\/","name":"PradaGayoso","description":"Reestructuración financiera","publisher":{"@id":"https:\/\/pradagayoso.com\/#organization"},"potentialAction":[{"@type":"SearchAction","target":{"@type":"EntryPoint","urlTemplate":"https:\/\/pradagayoso.com\/?s={search_term_string}"},"query-input":{"@type":"PropertyValueSpecification","valueRequired":true,"valueName":"search_term_string"}}],"inLanguage":"en-US"},{"@type":"Organization","@id":"https:\/\/pradagayoso.com\/#organization","name":"PradaGayoso","url":"https:\/\/pradagayoso.com\/","logo":{"@type":"ImageObject","inLanguage":"en-US","@id":"https:\/\/pradagayoso.com\/#\/schema\/logo\/image\/","url":"https:\/\/pradagayoso.com\/wp-content\/uploads\/2018\/05\/logo_prada.png","contentUrl":"https:\/\/pradagayoso.com\/wp-content\/uploads\/2018\/05\/logo_prada.png","width":284,"height":63,"caption":"PradaGayoso"},"image":{"@id":"https:\/\/pradagayoso.com\/#\/schema\/logo\/image\/"},"sameAs":["https:\/\/www.facebook.com\/pradagayoso\/","https:\/\/x.com\/pradagayoso","https:\/\/www.instagram.com\/pradagayoso\/","https:\/\/www.linkedin.com\/company\/pradagayoso\/","https:\/\/www.youtube.com\/channel\/UCOZT08GCsDLY8dVR8mH0IqA"]}]}</script>
<!-- / Yoast SEO plugin. -->

Declaraciones de Francisco Prada en Expansión sobre la tramitación de las solicitudes de concurso en Madrid - PradaGayoso

Francisco Prada, socio fundador de PradaGayoso, denuncia el retraso en la tramitación de las solicitudes de concurso de acreedores en Madrid.

Reestructuración financiera
