{"id":4414,"date":"2023-11-02T11:01:58","date_gmt":"2023-11-02T09:01:58","guid":{"rendered":"https:\/\/pradagayoso.com\/?post_type=en-los-medios&#038;p=4414"},"modified":"2023-12-21T21:46:29","modified_gmt":"2023-12-21T19:46:29","slug":"guillermo-prada-pymes-acreedoras-planes-reestructuracion","status":"publish","type":"en-los-medios","link":"https:\/\/pradagayoso.com\/en\/en-los-medios\/guillermo-prada-pymes-acreedoras-planes-reestructuracion\/","title":{"rendered":"Declaraciones de Guillermo Prada en El Confidencial sobre el tratamiento de las pymes acreedoras en los planes de reestructuraci\u00f3n"},"content":{"rendered":"\n<p>Nuestro socio <a href=\"https:\/\/pradagayoso.com\/equipo\/guillermo-prada\/\">Guillermo Prada<\/a> analiza en <strong>El Confidencial<\/strong> el tratamiento de las pymes acreedoras en los planes de reestructuraci\u00f3n.<\/p>\n\n\n\n<blockquote class=\"wp-block-quote is-layout-flow wp-block-quote-is-layout-flow\">\n<p>Las pymes no tienen un escudo especial por serlo. Como el resto de los acreedores, si se dan las condiciones que marca la ley, pueden solicitar la confirmaci\u00f3n previa de la formaci\u00f3n de clases, pueden impugnar la homologaci\u00f3n del plan, pueden impugnar el nombramiento del experto en la reestructuraci\u00f3n o solicitar su sustituci\u00f3n, pueden incluso plantear su propio plan de reestructuraci\u00f3n.<\/p>\n\n\n\n<p>Es poco probable que una pyme inicie este tipo de acciones por el coste que supone. La vulnerabilidad de las pymes en un proceso de reestructuraci\u00f3n viene dada no por su falta de legitimidad, sino por su debilidad financiera.<\/p>\n<\/blockquote>\n\n\n\n<p class=\"newprBtn newghost-button\"><strong><a href=\"https:\/\/www.elconfidencial.com\/empresas\/2023-11-02\/pymes-ley-concursal-reestructuraciones-deuda_3765671\/\">Ver noticia<\/a><\/strong><\/p>\n","protected":false},"excerpt":{"rendered":"<p>Nuestro socio Guillermo Prada analiza en El Confidencial el tratamiento de las pymes acreedoras en los planes de reestructuraci\u00f3n. Las pymes no tienen un escudo especial por serlo. Como el resto de los acreedores, si se dan las condiciones que marca la ley, pueden solicitar la confirmaci\u00f3n previa de la formaci\u00f3n de clases, pueden impugnar &hellip; <\/p>\n<p class=\"link-more\"><a href=\"https:\/\/pradagayoso.com\/en\/en-los-medios\/guillermo-prada-pymes-acreedoras-planes-reestructuracion\/\" class=\"more-link\">Continue reading<span class=\"screen-reader-text\"> &#8220;Declaraciones de Guillermo Prada en El Confidencial sobre el tratamiento de las pymes acreedoras en los planes de reestructuraci\u00f3n&#8221;<\/span><\/a><\/p>\n","protected":false},"featured_media":0,"template":"","class_list":["post-4414","en-los-medios","type-en-los-medios","status-publish","hentry"],"yoast_head":"<!-- This site is optimized with the Yoast SEO plugin v28.2 - https:\/\/yoast.com\/product\/yoast-seo-wordpress\/ -->\n<title>Declaraciones de Guillermo Prada en El Confidencial sobre el tratamiento de las pymes acreedoras en los planes de reestructuraci\u00f3n - PradaGayoso<\/title>\n<meta name=\"description\" content=\"Guillermo Prada, socio de PradaGayoso, analiza en El Confidencial el tratamiento de las pymes acreedores en los planes de reestructuraci\u00f3n\" \/>\n<meta name=\"robots\" content=\"index, follow, max-snippet:-1, max-image-preview:large, max-video-preview:-1\" \/>\n<link rel=\"canonical\" href=\"https:\/\/pradagayoso.com\/en-los-medios\/guillermo-prada-pymes-acreedoras-planes-reestructuracion\/\" \/>\n<meta property=\"og:locale\" content=\"en_US\" \/>\n<meta property=\"og:type\" content=\"article\" \/>\n<meta property=\"og:title\" content=\"Declaraciones de Guillermo Prada en El Confidencial sobre el tratamiento de las pymes acreedoras en los planes de reestructuraci\u00f3n - PradaGayoso\" \/>\n<meta property=\"og:description\" content=\"Guillermo Prada, socio de PradaGayoso, analiza en El Confidencial el tratamiento de las pymes acreedores en los planes de reestructuraci\u00f3n\" \/>\n<meta property=\"og:url\" content=\"https:\/\/pradagayoso.com\/en-los-medios\/guillermo-prada-pymes-acreedoras-planes-reestructuracion\/\" \/>\n<meta property=\"og:site_name\" content=\"PradaGayoso\" \/>\n<meta property=\"article:publisher\" content=\"https:\/\/www.facebook.com\/pradagayoso\/\" \/>\n<meta property=\"article:modified_time\" content=\"2023-12-21T19:46:29+00:00\" \/>\n<meta property=\"og:image\" content=\"https:\/\/pradagayoso.com\/wp-content\/uploads\/2019\/01\/Img-OG-1200x630-PradaGayoso.jpg\" \/>\n\t<meta property=\"og:image:width\" content=\"1200\" \/>\n\t<meta property=\"og:image:height\" content=\"630\" \/>\n\t<meta property=\"og:image:type\" content=\"image\/jpeg\" \/>\n<meta name=\"twitter:card\" content=\"summary_large_image\" \/>\n<meta name=\"twitter:site\" content=\"@pradagayoso\" \/>\n<meta name=\"twitter:label1\" content=\"Est. reading time\" \/>\n\t<meta name=\"twitter:data1\" content=\"1 minute\" \/>\n<script type=\"application\/ld+json\" class=\"yoast-schema-graph\">{\"@context\":\"https:\\\/\\\/schema.org\",\"@graph\":[{\"@type\":\"WebPage\",\"@id\":\"https:\\\/\\\/pradagayoso.com\\\/en-los-medios\\\/guillermo-prada-pymes-acreedoras-planes-reestructuracion\\\/\",\"url\":\"https:\\\/\\\/pradagayoso.com\\\/en-los-medios\\\/guillermo-prada-pymes-acreedoras-planes-reestructuracion\\\/\",\"name\":\"Declaraciones de Guillermo Prada en El Confidencial sobre el tratamiento de las pymes acreedoras en los planes de reestructuraci\u00f3n - PradaGayoso\",\"isPartOf\":{\"@id\":\"https:\\\/\\\/pradagayoso.com\\\/#website\"},\"datePublished\":\"2023-11-02T09:01:58+00:00\",\"dateModified\":\"2023-12-21T19:46:29+00:00\",\"description\":\"Guillermo Prada, socio de PradaGayoso, analiza en El Confidencial el tratamiento de las pymes acreedores en los planes de reestructuraci\u00f3n\",\"breadcrumb\":{\"@id\":\"https:\\\/\\\/pradagayoso.com\\\/en-los-medios\\\/guillermo-prada-pymes-acreedoras-planes-reestructuracion\\\/#breadcrumb\"},\"inLanguage\":\"en-US\",\"potentialAction\":[{\"@type\":\"ReadAction\",\"target\":[\"https:\\\/\\\/pradagayoso.com\\\/en-los-medios\\\/guillermo-prada-pymes-acreedoras-planes-reestructuracion\\\/\"]}]},{\"@type\":\"BreadcrumbList\",\"@id\":\"https:\\\/\\\/pradagayoso.com\\\/en-los-medios\\\/guillermo-prada-pymes-acreedoras-planes-reestructuracion\\\/#breadcrumb\",\"itemListElement\":[{\"@type\":\"ListItem\",\"position\":1,\"name\":\"Portada\",\"item\":\"https:\\\/\\\/pradagayoso.com\\\/en\\\/\"},{\"@type\":\"ListItem\",\"position\":2,\"name\":\"En los medios\",\"item\":\"https:\\\/\\\/pradagayoso.com\\\/en-los-medios\\\/\"},{\"@type\":\"ListItem\",\"position\":3,\"name\":\"Declaraciones de Guillermo Prada en El Confidencial sobre el tratamiento de las pymes acreedoras en los planes de reestructuraci\u00f3n\"}]},{\"@type\":\"WebSite\",\"@id\":\"https:\\\/\\\/pradagayoso.com\\\/#website\",\"url\":\"https:\\\/\\\/pradagayoso.com\\\/\",\"name\":\"PradaGayoso\",\"description\":\"Reestructuraci\u00f3n financiera\",\"publisher\":{\"@id\":\"https:\\\/\\\/pradagayoso.com\\\/#organization\"},\"potentialAction\":[{\"@type\":\"SearchAction\",\"target\":{\"@type\":\"EntryPoint\",\"urlTemplate\":\"https:\\\/\\\/pradagayoso.com\\\/?s={search_term_string}\"},\"query-input\":{\"@type\":\"PropertyValueSpecification\",\"valueRequired\":true,\"valueName\":\"search_term_string\"}}],\"inLanguage\":\"en-US\"},{\"@type\":\"Organization\",\"@id\":\"https:\\\/\\\/pradagayoso.com\\\/#organization\",\"name\":\"PradaGayoso\",\"url\":\"https:\\\/\\\/pradagayoso.com\\\/\",\"logo\":{\"@type\":\"ImageObject\",\"inLanguage\":\"en-US\",\"@id\":\"https:\\\/\\\/pradagayoso.com\\\/#\\\/schema\\\/logo\\\/image\\\/\",\"url\":\"https:\\\/\\\/pradagayoso.com\\\/wp-content\\\/uploads\\\/2018\\\/05\\\/logo_prada.png\",\"contentUrl\":\"https:\\\/\\\/pradagayoso.com\\\/wp-content\\\/uploads\\\/2018\\\/05\\\/logo_prada.png\",\"width\":284,\"height\":63,\"caption\":\"PradaGayoso\"},\"image\":{\"@id\":\"https:\\\/\\\/pradagayoso.com\\\/#\\\/schema\\\/logo\\\/image\\\/\"},\"sameAs\":[\"https:\\\/\\\/www.facebook.com\\\/pradagayoso\\\/\",\"https:\\\/\\\/x.com\\\/pradagayoso\",\"https:\\\/\\\/www.instagram.com\\\/pradagayoso\\\/\",\"https:\\\/\\\/www.linkedin.com\\\/company\\\/pradagayoso\\\/\",\"https:\\\/\\\/www.youtube.com\\\/channel\\\/UCOZT08GCsDLY8dVR8mH0IqA\"]}]}<\/script>\n<!-- \/ Yoast SEO plugin. -->","yoast_head_json":{"title":"Declaraciones de Guillermo Prada en El Confidencial sobre el tratamiento de las pymes acreedoras en los planes de reestructuraci\u00f3n - PradaGayoso","description":"Guillermo Prada, socio de PradaGayoso, analiza en El Confidencial el tratamiento de las pymes acreedores en los planes de reestructuraci\u00f3n","robots":{"index":"index","follow":"follow","max-snippet":"max-snippet:-1","max-image-preview":"max-image-preview:large","max-video-preview":"max-video-preview:-1"},"canonical":"https:\/\/pradagayoso.com\/en-los-medios\/guillermo-prada-pymes-acreedoras-planes-reestructuracion\/","og_locale":"en_US","og_type":"article","og_title":"Declaraciones de Guillermo Prada en El Confidencial sobre el tratamiento de las pymes acreedoras en los planes de reestructuraci\u00f3n - PradaGayoso","og_description":"Guillermo Prada, socio de PradaGayoso, analiza en El Confidencial el tratamiento de las pymes acreedores en los planes de reestructuraci\u00f3n","og_url":"https:\/\/pradagayoso.com\/en-los-medios\/guillermo-prada-pymes-acreedoras-planes-reestructuracion\/","og_site_name":"PradaGayoso","article_publisher":"https:\/\/www.facebook.com\/pradagayoso\/","article_modified_time":"2023-12-21T19:46:29+00:00","og_image":[{"width":1200,"height":630,"url":"https:\/\/pradagayoso.com\/wp-content\/uploads\/2019\/01\/Img-OG-1200x630-PradaGayoso.jpg","type":"image\/jpeg"}],"twitter_card":"summary_large_image","twitter_site":"@pradagayoso","twitter_misc":{"Est. reading time":"1 minute"},"schema":{"@context":"https:\/\/schema.org","@graph":[{"@type":"WebPage","@id":"https:\/\/pradagayoso.com\/en-los-medios\/guillermo-prada-pymes-acreedoras-planes-reestructuracion\/","url":"https:\/\/pradagayoso.com\/en-los-medios\/guillermo-prada-pymes-acreedoras-planes-reestructuracion\/","name":"Declaraciones de Guillermo Prada en El Confidencial sobre el tratamiento de las pymes acreedoras en los planes de reestructuraci\u00f3n - PradaGayoso","isPartOf":{"@id":"https:\/\/pradagayoso.com\/#website"},"datePublished":"2023-11-02T09:01:58+00:00","dateModified":"2023-12-21T19:46:29+00:00","description":"Guillermo Prada, socio de PradaGayoso, analiza en El Confidencial el tratamiento de las pymes acreedores en los planes de reestructuraci\u00f3n","breadcrumb":{"@id":"https:\/\/pradagayoso.com\/en-los-medios\/guillermo-prada-pymes-acreedoras-planes-reestructuracion\/#breadcrumb"},"inLanguage":"en-US","potentialAction":[{"@type":"ReadAction","target":["https:\/\/pradagayoso.com\/en-los-medios\/guillermo-prada-pymes-acreedoras-planes-reestructuracion\/"]}]},{"@type":"BreadcrumbList","@id":"https:\/\/pradagayoso.com\/en-los-medios\/guillermo-prada-pymes-acreedoras-planes-reestructuracion\/#breadcrumb","itemListElement":[{"@type":"ListItem","position":1,"name":"Portada","item":"https:\/\/pradagayoso.com\/en\/"},{"@type":"ListItem","position":2,"name":"En los medios","item":"https:\/\/pradagayoso.com\/en-los-medios\/"},{"@type":"ListItem","position":3,"name":"Declaraciones de Guillermo Prada en El Confidencial sobre el tratamiento de las pymes acreedoras en los planes de reestructuraci\u00f3n"}]},{"@type":"WebSite","@id":"https:\/\/pradagayoso.com\/#website","url":"https:\/\/pradagayoso.com\/","name":"PradaGayoso","description":"Reestructuraci\u00f3n financiera","publisher":{"@id":"https:\/\/pradagayoso.com\/#organization"},"potentialAction":[{"@type":"SearchAction","target":{"@type":"EntryPoint","urlTemplate":"https:\/\/pradagayoso.com\/?s={search_term_string}"},"query-input":{"@type":"PropertyValueSpecification","valueRequired":true,"valueName":"search_term_string"}}],"inLanguage":"en-US"},{"@type":"Organization","@id":"https:\/\/pradagayoso.com\/#organization","name":"PradaGayoso","url":"https:\/\/pradagayoso.com\/","logo":{"@type":"ImageObject","inLanguage":"en-US","@id":"https:\/\/pradagayoso.com\/#\/schema\/logo\/image\/","url":"https:\/\/pradagayoso.com\/wp-content\/uploads\/2018\/05\/logo_prada.png","contentUrl":"https:\/\/pradagayoso.com\/wp-content\/uploads\/2018\/05\/logo_prada.png","width":284,"height":63,"caption":"PradaGayoso"},"image":{"@id":"https:\/\/pradagayoso.com\/#\/schema\/logo\/image\/"},"sameAs":["https:\/\/www.facebook.com\/pradagayoso\/","https:\/\/x.com\/pradagayoso","https:\/\/www.instagram.com\/pradagayoso\/","https:\/\/www.linkedin.com\/company\/pradagayoso\/","https:\/\/www.youtube.com\/channel\/UCOZT08GCsDLY8dVR8mH0IqA"]}]}},"_links":{"self":[{"href":"https:\/\/pradagayoso.com\/en\/wp-json\/wp\/v2\/en-los-medios\/4414","targetHints":{"allow":["GET"]}}],"collection":[{"href":"https:\/\/pradagayoso.com\/en\/wp-json\/wp\/v2\/en-los-medios"}],"about":[{"href":"https:\/\/pradagayoso.com\/en\/wp-json\/wp\/v2\/types\/en-los-medios"}],"version-history":[{"count":5,"href":"https:\/\/pradagayoso.com\/en\/wp-json\/wp\/v2\/en-los-medios\/4414\/revisions"}],"predecessor-version":[{"id":4757,"href":"https:\/\/pradagayoso.com\/en\/wp-json\/wp\/v2\/en-los-medios\/4414\/revisions\/4757"}],"wp:attachment":[{"href":"https:\/\/pradagayoso.com\/en\/wp-json\/wp\/v2\/media?parent=4414"}],"curies":[{"name":"wp","href":"https:\/\/api.w.org\/{rel}","templated":true}]}}

Declaraciones de Guillermo Prada en El Confidencial sobre el tratamiento de las pymes acreedoras en los planes de reestructuración

<p>Nuestro socio <a href="https://pradagayoso.com/equipo/guillermo-prada/">Guillermo Prada</a> analiza en <strong>El Confidencial</strong> el tratamiento de las pymes acreedoras en los planes de reestructuración.</p>



<blockquote class="wp-block-quote is-layout-flow wp-block-quote-is-layout-flow">
<p>Las pymes no tienen un escudo especial por serlo. Como el resto de los acreedores, si se dan las condiciones que marca la ley, pueden solicitar la confirmación previa de la formación de clases, pueden impugnar la homologación del plan, pueden impugnar el nombramiento del experto en la reestructuración o solicitar su sustitución, pueden incluso plantear su propio plan de reestructuración.</p>



<p>Es poco probable que una pyme inicie este tipo de acciones por el coste que supone. La vulnerabilidad de las pymes en un proceso de reestructuración viene dada no por su falta de legitimidad, sino por su debilidad financiera.</p>
</blockquote>



<p class="newprBtn newghost-button"><strong><a href="https://www.elconfidencial.com/empresas/2023-11-02/pymes-ley-concursal-reestructuraciones-deuda_3765671/">Ver noticia</a></strong></p>

<p>Nuestro socio Guillermo Prada analiza en El Confidencial el tratamiento de las pymes acreedoras en los planes de reestructuración. Las pymes no tienen un escudo especial por serlo. Como el resto de los acreedores, si se dan las condiciones que marca la ley, pueden solicitar la confirmación previa de la formación de clases, pueden impugnar &hellip; </p>
<p class="link-more"><a href="https://pradagayoso.com/en/en-los-medios/guillermo-prada-pymes-acreedoras-planes-reestructuracion/" class="more-link">Continue reading<span class="screen-reader-text"> &#8220;Declaraciones de Guillermo Prada en El Confidencial sobre el tratamiento de las pymes acreedoras en los planes de reestructuración&#8221;</span></a></p>

<!-- This site is optimized with the Yoast SEO plugin v28.2 - https://yoast.com/product/yoast-seo-wordpress/ -->
<title>Declaraciones de Guillermo Prada en El Confidencial sobre el tratamiento de las pymes acreedoras en los planes de reestructuración - PradaGayoso</title>
<meta name="description" content="Guillermo Prada, socio de PradaGayoso, analiza en El Confidencial el tratamiento de las pymes acreedores en los planes de reestructuración" />
<meta name="robots" content="index, follow, max-snippet:-1, max-image-preview:large, max-video-preview:-1" />
<link rel="canonical" href="https://pradagayoso.com/en-los-medios/guillermo-prada-pymes-acreedoras-planes-reestructuracion/" />
<meta property="og:locale" content="en_US" />
<meta property="og:type" content="article" />
<meta property="og:title" content="Declaraciones de Guillermo Prada en El Confidencial sobre el tratamiento de las pymes acreedoras en los planes de reestructuración - PradaGayoso" />
<meta property="og:description" content="Guillermo Prada, socio de PradaGayoso, analiza en El Confidencial el tratamiento de las pymes acreedores en los planes de reestructuración" />
<meta property="og:url" content="https://pradagayoso.com/en-los-medios/guillermo-prada-pymes-acreedoras-planes-reestructuracion/" />
<meta property="og:site_name" content="PradaGayoso" />
<meta property="article:publisher" content="https://www.facebook.com/pradagayoso/" />
<meta property="article:modified_time" content="2023-12-21T19:46:29+00:00" />
<meta property="og:image" content="https://pradagayoso.com/wp-content/uploads/2019/01/Img-OG-1200x630-PradaGayoso.jpg" />
	<meta property="og:image:width" content="1200" />
	<meta property="og:image:height" content="630" />
	<meta property="og:image:type" content="image/jpeg" />
<meta name="twitter:card" content="summary_large_image" />
<meta name="twitter:site" content="@pradagayoso" />
<meta name="twitter:label1" content="Est. reading time" />
	<meta name="twitter:data1" content="1 minute" />
<script type="application/ld+json" class="yoast-schema-graph">{"@context":"https:\/\/schema.org","@graph":[{"@type":"WebPage","@id":"https:\/\/pradagayoso.com\/en-los-medios\/guillermo-prada-pymes-acreedoras-planes-reestructuracion\/","url":"https:\/\/pradagayoso.com\/en-los-medios\/guillermo-prada-pymes-acreedoras-planes-reestructuracion\/","name":"Declaraciones de Guillermo Prada en El Confidencial sobre el tratamiento de las pymes acreedoras en los planes de reestructuración - PradaGayoso","isPartOf":{"@id":"https:\/\/pradagayoso.com\/#website"},"datePublished":"2023-11-02T09:01:58+00:00","dateModified":"2023-12-21T19:46:29+00:00","description":"Guillermo Prada, socio de PradaGayoso, analiza en El Confidencial el tratamiento de las pymes acreedores en los planes de reestructuración","breadcrumb":{"@id":"https:\/\/pradagayoso.com\/en-los-medios\/guillermo-prada-pymes-acreedoras-planes-reestructuracion\/#breadcrumb"},"inLanguage":"en-US","potentialAction":[{"@type":"ReadAction","target":["https:\/\/pradagayoso.com\/en-los-medios\/guillermo-prada-pymes-acreedoras-planes-reestructuracion\/"]}]},{"@type":"BreadcrumbList","@id":"https:\/\/pradagayoso.com\/en-los-medios\/guillermo-prada-pymes-acreedoras-planes-reestructuracion\/#breadcrumb","itemListElement":[{"@type":"ListItem","position":1,"name":"Portada","item":"https:\/\/pradagayoso.com\/en\/"},{"@type":"ListItem","position":2,"name":"En los medios","item":"https:\/\/pradagayoso.com\/en-los-medios\/"},{"@type":"ListItem","position":3,"name":"Declaraciones de Guillermo Prada en El Confidencial sobre el tratamiento de las pymes acreedoras en los planes de reestructuración"}]},{"@type":"WebSite","@id":"https:\/\/pradagayoso.com\/#website","url":"https:\/\/pradagayoso.com\/","name":"PradaGayoso","description":"Reestructuración financiera","publisher":{"@id":"https:\/\/pradagayoso.com\/#organization"},"potentialAction":[{"@type":"SearchAction","target":{"@type":"EntryPoint","urlTemplate":"https:\/\/pradagayoso.com\/?s={search_term_string}"},"query-input":{"@type":"PropertyValueSpecification","valueRequired":true,"valueName":"search_term_string"}}],"inLanguage":"en-US"},{"@type":"Organization","@id":"https:\/\/pradagayoso.com\/#organization","name":"PradaGayoso","url":"https:\/\/pradagayoso.com\/","logo":{"@type":"ImageObject","inLanguage":"en-US","@id":"https:\/\/pradagayoso.com\/#\/schema\/logo\/image\/","url":"https:\/\/pradagayoso.com\/wp-content\/uploads\/2018\/05\/logo_prada.png","contentUrl":"https:\/\/pradagayoso.com\/wp-content\/uploads\/2018\/05\/logo_prada.png","width":284,"height":63,"caption":"PradaGayoso"},"image":{"@id":"https:\/\/pradagayoso.com\/#\/schema\/logo\/image\/"},"sameAs":["https:\/\/www.facebook.com\/pradagayoso\/","https:\/\/x.com\/pradagayoso","https:\/\/www.instagram.com\/pradagayoso\/","https:\/\/www.linkedin.com\/company\/pradagayoso\/","https:\/\/www.youtube.com\/channel\/UCOZT08GCsDLY8dVR8mH0IqA"]}]}</script>
<!-- / Yoast SEO plugin. -->

Declaraciones de Guillermo Prada en El Confidencial sobre el tratamiento de las pymes acreedoras en los planes de reestructuración - PradaGayoso

Guillermo Prada, socio de PradaGayoso, analiza en El Confidencial el tratamiento de las pymes acreedores en los planes de reestructuración

Reestructuración financiera
