{"id":4382,"date":"2023-10-16T10:40:34","date_gmt":"2023-10-16T08:40:34","guid":{"rendered":"https:\/\/pradagayoso.com\/?post_type=en-los-medios&#038;p=4382"},"modified":"2023-10-16T10:40:34","modified_gmt":"2023-10-16T08:40:34","slug":"guillermo-prada-cinco-dias-refinanciacion-sector-inmobiliario","status":"publish","type":"en-los-medios","link":"https:\/\/pradagayoso.com\/en\/en-los-medios\/guillermo-prada-cinco-dias-refinanciacion-sector-inmobiliario\/","title":{"rendered":"Declaraciones de Guillermo Prada en Cinco D\u00edas sobre las perspectivas de refinanciaci\u00f3n del sector inmobiliario"},"content":{"rendered":"<style type=\"text\/css\"><\/style>\n<section class=\"kc-elm kc-css-683334 kc_row entradilla\">\n<div class=\"kc-row-container  kc-container\">\n<div class=\"kc-wrap-columns\">\n<div class=\"kc-elm kc-css-318252 kc_col-sm-12 kc_column kc_col-sm-12\">\n<div class=\"kc-col-container\">\n<div class=\"kc-elm kc-css-943850 kc_text_block\">\n<p>Nuestro socio <a href=\"https:\/\/pradagayoso.com\/equipo\/guillermo-prada\/\">Guillermo Prada<\/a> analiza en <strong><em>Cinco D\u00edas<\/em><\/strong> las perspectivas de refinanciaci\u00f3n del sector inmobiliario ante la subida de los tipos de inter\u00e9s.<\/p>\n<p>En su opini\u00f3n, una reestructuraci\u00f3n no implica necesariamente un encarecimiento de las condiciones de financiaci\u00f3n de las empresas:<\/p>\n<blockquote>\n<p>Al contrario, estas pueden negociar con sus acreedores una quita de la deuda o simplemente un aplazamiento en el pago. El nuevo r\u00e9gimen legal de insolvencias, en vigor desde hace un a\u00f1o, ha introducido la figura de los planes de reestructuraci\u00f3n, que permite un amplio margen de discrecionalidad en los acuerdos entre las empresas y sus acreedores.<\/p>\n<\/blockquote>\n<p><a class=\"prBtn ghost-button\" href=\"https:\/\/cincodias.elpais.com\/companias\/2023-10-16\/el-alza-de-tipos-incrementa-la-presion-en-la-deuda-de-las-inmobiliarias.html\" target=\"_blank\" rel=\"noopener\">Ver noticia<\/a><\/p>\n<\/div>\n<\/div>\n<\/div>\n<\/div>\n<\/div>\n<\/section>\n","protected":false},"excerpt":{"rendered":"<p>Nuestro socio Guillermo Prada analiza en Cinco D\u00edas las perspectivas de refinanciaci\u00f3n del sector inmobiliario ante la subida de los tipos de inter\u00e9s. En su opini\u00f3n, una reestructuraci\u00f3n no implica necesariamente un encarecimiento de las condiciones de financiaci\u00f3n de las empresas: Al contrario, estas pueden negociar con sus acreedores una quita de la deuda o &hellip; <\/p>\n<p class=\"link-more\"><a href=\"https:\/\/pradagayoso.com\/en\/en-los-medios\/guillermo-prada-cinco-dias-refinanciacion-sector-inmobiliario\/\" class=\"more-link\">Continue reading<span class=\"screen-reader-text\"> &#8220;Declaraciones de Guillermo Prada en Cinco D\u00edas sobre las perspectivas de refinanciaci\u00f3n del sector inmobiliario&#8221;<\/span><\/a><\/p>\n","protected":false},"featured_media":0,"template":"","class_list":["post-4382","en-los-medios","type-en-los-medios","status-publish","hentry"],"yoast_head":"<!-- This site is optimized with the Yoast SEO plugin v28.2 - https:\/\/yoast.com\/product\/yoast-seo-wordpress\/ -->\n<title>Declaraciones de Guillermo Prada en Cinco D\u00edas sobre las perspectivas de refinanciaci\u00f3n del sector inmobiliario - PradaGayoso<\/title>\n<meta name=\"description\" content=\"Guillermo Prada, socio de PradaGayoso, analiza en Cinco D\u00edas las perspectivas de refinanciaci\u00f3n del sector inmobiliario.\" \/>\n<meta name=\"robots\" content=\"index, follow, max-snippet:-1, max-image-preview:large, max-video-preview:-1\" \/>\n<link rel=\"canonical\" href=\"https:\/\/pradagayoso.com\/en-los-medios\/guillermo-prada-cinco-dias-refinanciacion-sector-inmobiliario\/\" \/>\n<meta property=\"og:locale\" content=\"en_US\" \/>\n<meta property=\"og:type\" content=\"article\" \/>\n<meta property=\"og:title\" content=\"Declaraciones de Guillermo Prada en Cinco D\u00edas sobre las perspectivas de refinanciaci\u00f3n del sector inmobiliario - PradaGayoso\" \/>\n<meta property=\"og:description\" content=\"Guillermo Prada, socio de PradaGayoso, analiza en Cinco D\u00edas las perspectivas de refinanciaci\u00f3n del sector inmobiliario.\" \/>\n<meta property=\"og:url\" content=\"https:\/\/pradagayoso.com\/en-los-medios\/guillermo-prada-cinco-dias-refinanciacion-sector-inmobiliario\/\" \/>\n<meta property=\"og:site_name\" content=\"PradaGayoso\" \/>\n<meta property=\"article:publisher\" content=\"https:\/\/www.facebook.com\/pradagayoso\/\" \/>\n<meta property=\"og:image\" content=\"https:\/\/pradagayoso.com\/wp-content\/uploads\/2019\/01\/Img-OG-1200x630-PradaGayoso.jpg\" \/>\n\t<meta property=\"og:image:width\" content=\"1200\" \/>\n\t<meta property=\"og:image:height\" content=\"630\" \/>\n\t<meta property=\"og:image:type\" content=\"image\/jpeg\" \/>\n<meta name=\"twitter:card\" content=\"summary_large_image\" \/>\n<meta name=\"twitter:site\" content=\"@pradagayoso\" \/>\n<meta name=\"twitter:label1\" content=\"Est. reading time\" \/>\n\t<meta name=\"twitter:data1\" content=\"1 minute\" \/>\n<script type=\"application\/ld+json\" class=\"yoast-schema-graph\">{\"@context\":\"https:\\\/\\\/schema.org\",\"@graph\":[{\"@type\":\"WebPage\",\"@id\":\"https:\\\/\\\/pradagayoso.com\\\/en-los-medios\\\/guillermo-prada-cinco-dias-refinanciacion-sector-inmobiliario\\\/\",\"url\":\"https:\\\/\\\/pradagayoso.com\\\/en-los-medios\\\/guillermo-prada-cinco-dias-refinanciacion-sector-inmobiliario\\\/\",\"name\":\"Declaraciones de Guillermo Prada en Cinco D\u00edas sobre las perspectivas de refinanciaci\u00f3n del sector inmobiliario - PradaGayoso\",\"isPartOf\":{\"@id\":\"https:\\\/\\\/pradagayoso.com\\\/#website\"},\"datePublished\":\"2023-10-16T08:40:34+00:00\",\"description\":\"Guillermo Prada, socio de PradaGayoso, analiza en Cinco D\u00edas las perspectivas de refinanciaci\u00f3n del sector inmobiliario.\",\"breadcrumb\":{\"@id\":\"https:\\\/\\\/pradagayoso.com\\\/en-los-medios\\\/guillermo-prada-cinco-dias-refinanciacion-sector-inmobiliario\\\/#breadcrumb\"},\"inLanguage\":\"en-US\",\"potentialAction\":[{\"@type\":\"ReadAction\",\"target\":[\"https:\\\/\\\/pradagayoso.com\\\/en-los-medios\\\/guillermo-prada-cinco-dias-refinanciacion-sector-inmobiliario\\\/\"]}]},{\"@type\":\"BreadcrumbList\",\"@id\":\"https:\\\/\\\/pradagayoso.com\\\/en-los-medios\\\/guillermo-prada-cinco-dias-refinanciacion-sector-inmobiliario\\\/#breadcrumb\",\"itemListElement\":[{\"@type\":\"ListItem\",\"position\":1,\"name\":\"Portada\",\"item\":\"https:\\\/\\\/pradagayoso.com\\\/en\\\/\"},{\"@type\":\"ListItem\",\"position\":2,\"name\":\"En los medios\",\"item\":\"https:\\\/\\\/pradagayoso.com\\\/en-los-medios\\\/\"},{\"@type\":\"ListItem\",\"position\":3,\"name\":\"Declaraciones de Guillermo Prada en Cinco D\u00edas sobre las perspectivas de refinanciaci\u00f3n del sector inmobiliario\"}]},{\"@type\":\"WebSite\",\"@id\":\"https:\\\/\\\/pradagayoso.com\\\/#website\",\"url\":\"https:\\\/\\\/pradagayoso.com\\\/\",\"name\":\"PradaGayoso\",\"description\":\"Reestructuraci\u00f3n financiera\",\"publisher\":{\"@id\":\"https:\\\/\\\/pradagayoso.com\\\/#organization\"},\"potentialAction\":[{\"@type\":\"SearchAction\",\"target\":{\"@type\":\"EntryPoint\",\"urlTemplate\":\"https:\\\/\\\/pradagayoso.com\\\/?s={search_term_string}\"},\"query-input\":{\"@type\":\"PropertyValueSpecification\",\"valueRequired\":true,\"valueName\":\"search_term_string\"}}],\"inLanguage\":\"en-US\"},{\"@type\":\"Organization\",\"@id\":\"https:\\\/\\\/pradagayoso.com\\\/#organization\",\"name\":\"PradaGayoso\",\"url\":\"https:\\\/\\\/pradagayoso.com\\\/\",\"logo\":{\"@type\":\"ImageObject\",\"inLanguage\":\"en-US\",\"@id\":\"https:\\\/\\\/pradagayoso.com\\\/#\\\/schema\\\/logo\\\/image\\\/\",\"url\":\"https:\\\/\\\/pradagayoso.com\\\/wp-content\\\/uploads\\\/2018\\\/05\\\/logo_prada.png\",\"contentUrl\":\"https:\\\/\\\/pradagayoso.com\\\/wp-content\\\/uploads\\\/2018\\\/05\\\/logo_prada.png\",\"width\":284,\"height\":63,\"caption\":\"PradaGayoso\"},\"image\":{\"@id\":\"https:\\\/\\\/pradagayoso.com\\\/#\\\/schema\\\/logo\\\/image\\\/\"},\"sameAs\":[\"https:\\\/\\\/www.facebook.com\\\/pradagayoso\\\/\",\"https:\\\/\\\/x.com\\\/pradagayoso\",\"https:\\\/\\\/www.instagram.com\\\/pradagayoso\\\/\",\"https:\\\/\\\/www.linkedin.com\\\/company\\\/pradagayoso\\\/\",\"https:\\\/\\\/www.youtube.com\\\/channel\\\/UCOZT08GCsDLY8dVR8mH0IqA\"]}]}<\/script>\n<!-- \/ Yoast SEO plugin. -->","yoast_head_json":{"title":"Declaraciones de Guillermo Prada en Cinco D\u00edas sobre las perspectivas de refinanciaci\u00f3n del sector inmobiliario - PradaGayoso","description":"Guillermo Prada, socio de PradaGayoso, analiza en Cinco D\u00edas las perspectivas de refinanciaci\u00f3n del sector inmobiliario.","robots":{"index":"index","follow":"follow","max-snippet":"max-snippet:-1","max-image-preview":"max-image-preview:large","max-video-preview":"max-video-preview:-1"},"canonical":"https:\/\/pradagayoso.com\/en-los-medios\/guillermo-prada-cinco-dias-refinanciacion-sector-inmobiliario\/","og_locale":"en_US","og_type":"article","og_title":"Declaraciones de Guillermo Prada en Cinco D\u00edas sobre las perspectivas de refinanciaci\u00f3n del sector inmobiliario - PradaGayoso","og_description":"Guillermo Prada, socio de PradaGayoso, analiza en Cinco D\u00edas las perspectivas de refinanciaci\u00f3n del sector inmobiliario.","og_url":"https:\/\/pradagayoso.com\/en-los-medios\/guillermo-prada-cinco-dias-refinanciacion-sector-inmobiliario\/","og_site_name":"PradaGayoso","article_publisher":"https:\/\/www.facebook.com\/pradagayoso\/","og_image":[{"width":1200,"height":630,"url":"https:\/\/pradagayoso.com\/wp-content\/uploads\/2019\/01\/Img-OG-1200x630-PradaGayoso.jpg","type":"image\/jpeg"}],"twitter_card":"summary_large_image","twitter_site":"@pradagayoso","twitter_misc":{"Est. reading time":"1 minute"},"schema":{"@context":"https:\/\/schema.org","@graph":[{"@type":"WebPage","@id":"https:\/\/pradagayoso.com\/en-los-medios\/guillermo-prada-cinco-dias-refinanciacion-sector-inmobiliario\/","url":"https:\/\/pradagayoso.com\/en-los-medios\/guillermo-prada-cinco-dias-refinanciacion-sector-inmobiliario\/","name":"Declaraciones de Guillermo Prada en Cinco D\u00edas sobre las perspectivas de refinanciaci\u00f3n del sector inmobiliario - PradaGayoso","isPartOf":{"@id":"https:\/\/pradagayoso.com\/#website"},"datePublished":"2023-10-16T08:40:34+00:00","description":"Guillermo Prada, socio de PradaGayoso, analiza en Cinco D\u00edas las perspectivas de refinanciaci\u00f3n del sector inmobiliario.","breadcrumb":{"@id":"https:\/\/pradagayoso.com\/en-los-medios\/guillermo-prada-cinco-dias-refinanciacion-sector-inmobiliario\/#breadcrumb"},"inLanguage":"en-US","potentialAction":[{"@type":"ReadAction","target":["https:\/\/pradagayoso.com\/en-los-medios\/guillermo-prada-cinco-dias-refinanciacion-sector-inmobiliario\/"]}]},{"@type":"BreadcrumbList","@id":"https:\/\/pradagayoso.com\/en-los-medios\/guillermo-prada-cinco-dias-refinanciacion-sector-inmobiliario\/#breadcrumb","itemListElement":[{"@type":"ListItem","position":1,"name":"Portada","item":"https:\/\/pradagayoso.com\/en\/"},{"@type":"ListItem","position":2,"name":"En los medios","item":"https:\/\/pradagayoso.com\/en-los-medios\/"},{"@type":"ListItem","position":3,"name":"Declaraciones de Guillermo Prada en Cinco D\u00edas sobre las perspectivas de refinanciaci\u00f3n del sector inmobiliario"}]},{"@type":"WebSite","@id":"https:\/\/pradagayoso.com\/#website","url":"https:\/\/pradagayoso.com\/","name":"PradaGayoso","description":"Reestructuraci\u00f3n financiera","publisher":{"@id":"https:\/\/pradagayoso.com\/#organization"},"potentialAction":[{"@type":"SearchAction","target":{"@type":"EntryPoint","urlTemplate":"https:\/\/pradagayoso.com\/?s={search_term_string}"},"query-input":{"@type":"PropertyValueSpecification","valueRequired":true,"valueName":"search_term_string"}}],"inLanguage":"en-US"},{"@type":"Organization","@id":"https:\/\/pradagayoso.com\/#organization","name":"PradaGayoso","url":"https:\/\/pradagayoso.com\/","logo":{"@type":"ImageObject","inLanguage":"en-US","@id":"https:\/\/pradagayoso.com\/#\/schema\/logo\/image\/","url":"https:\/\/pradagayoso.com\/wp-content\/uploads\/2018\/05\/logo_prada.png","contentUrl":"https:\/\/pradagayoso.com\/wp-content\/uploads\/2018\/05\/logo_prada.png","width":284,"height":63,"caption":"PradaGayoso"},"image":{"@id":"https:\/\/pradagayoso.com\/#\/schema\/logo\/image\/"},"sameAs":["https:\/\/www.facebook.com\/pradagayoso\/","https:\/\/x.com\/pradagayoso","https:\/\/www.instagram.com\/pradagayoso\/","https:\/\/www.linkedin.com\/company\/pradagayoso\/","https:\/\/www.youtube.com\/channel\/UCOZT08GCsDLY8dVR8mH0IqA"]}]}},"_links":{"self":[{"href":"https:\/\/pradagayoso.com\/en\/wp-json\/wp\/v2\/en-los-medios\/4382","targetHints":{"allow":["GET"]}}],"collection":[{"href":"https:\/\/pradagayoso.com\/en\/wp-json\/wp\/v2\/en-los-medios"}],"about":[{"href":"https:\/\/pradagayoso.com\/en\/wp-json\/wp\/v2\/types\/en-los-medios"}],"version-history":[{"count":2,"href":"https:\/\/pradagayoso.com\/en\/wp-json\/wp\/v2\/en-los-medios\/4382\/revisions"}],"predecessor-version":[{"id":4384,"href":"https:\/\/pradagayoso.com\/en\/wp-json\/wp\/v2\/en-los-medios\/4382\/revisions\/4384"}],"wp:attachment":[{"href":"https:\/\/pradagayoso.com\/en\/wp-json\/wp\/v2\/media?parent=4382"}],"curies":[{"name":"wp","href":"https:\/\/api.w.org\/{rel}","templated":true}]}}

Declaraciones de Guillermo Prada en Cinco Días sobre las perspectivas de refinanciación del sector inmobiliario

<style type="text/css"></style>
<section class="kc-elm kc-css-683334 kc_row entradilla">
<div class="kc-row-container  kc-container">
<div class="kc-wrap-columns">
<div class="kc-elm kc-css-318252 kc_col-sm-12 kc_column kc_col-sm-12">
<div class="kc-col-container">
<div class="kc-elm kc-css-943850 kc_text_block">
<p>Nuestro socio <a href="https://pradagayoso.com/equipo/guillermo-prada/">Guillermo Prada</a> analiza en <strong><em>Cinco Días</em></strong> las perspectivas de refinanciación del sector inmobiliario ante la subida de los tipos de interés.</p>
<p>En su opinión, una reestructuración no implica necesariamente un encarecimiento de las condiciones de financiación de las empresas:</p>
<blockquote>
<p>Al contrario, estas pueden negociar con sus acreedores una quita de la deuda o simplemente un aplazamiento en el pago. El nuevo régimen legal de insolvencias, en vigor desde hace un año, ha introducido la figura de los planes de reestructuración, que permite un amplio margen de discrecionalidad en los acuerdos entre las empresas y sus acreedores.</p>
</blockquote>
<p><a class="prBtn ghost-button" href="https://cincodias.elpais.com/companias/2023-10-16/el-alza-de-tipos-incrementa-la-presion-en-la-deuda-de-las-inmobiliarias.html" target="_blank" rel="noopener">Ver noticia</a></p>
</div>
</div>
</div>
</div>
</div>
</section>

<p>Nuestro socio Guillermo Prada analiza en Cinco Días las perspectivas de refinanciación del sector inmobiliario ante la subida de los tipos de interés. En su opinión, una reestructuración no implica necesariamente un encarecimiento de las condiciones de financiación de las empresas: Al contrario, estas pueden negociar con sus acreedores una quita de la deuda o &hellip; </p>
<p class="link-more"><a href="https://pradagayoso.com/en/en-los-medios/guillermo-prada-cinco-dias-refinanciacion-sector-inmobiliario/" class="more-link">Continue reading<span class="screen-reader-text"> &#8220;Declaraciones de Guillermo Prada en Cinco Días sobre las perspectivas de refinanciación del sector inmobiliario&#8221;</span></a></p>

<!-- This site is optimized with the Yoast SEO plugin v28.2 - https://yoast.com/product/yoast-seo-wordpress/ -->
<title>Declaraciones de Guillermo Prada en Cinco Días sobre las perspectivas de refinanciación del sector inmobiliario - PradaGayoso</title>
<meta name="description" content="Guillermo Prada, socio de PradaGayoso, analiza en Cinco Días las perspectivas de refinanciación del sector inmobiliario." />
<meta name="robots" content="index, follow, max-snippet:-1, max-image-preview:large, max-video-preview:-1" />
<link rel="canonical" href="https://pradagayoso.com/en-los-medios/guillermo-prada-cinco-dias-refinanciacion-sector-inmobiliario/" />
<meta property="og:locale" content="en_US" />
<meta property="og:type" content="article" />
<meta property="og:title" content="Declaraciones de Guillermo Prada en Cinco Días sobre las perspectivas de refinanciación del sector inmobiliario - PradaGayoso" />
<meta property="og:description" content="Guillermo Prada, socio de PradaGayoso, analiza en Cinco Días las perspectivas de refinanciación del sector inmobiliario." />
<meta property="og:url" content="https://pradagayoso.com/en-los-medios/guillermo-prada-cinco-dias-refinanciacion-sector-inmobiliario/" />
<meta property="og:site_name" content="PradaGayoso" />
<meta property="article:publisher" content="https://www.facebook.com/pradagayoso/" />
<meta property="og:image" content="https://pradagayoso.com/wp-content/uploads/2019/01/Img-OG-1200x630-PradaGayoso.jpg" />
	<meta property="og:image:width" content="1200" />
	<meta property="og:image:height" content="630" />
	<meta property="og:image:type" content="image/jpeg" />
<meta name="twitter:card" content="summary_large_image" />
<meta name="twitter:site" content="@pradagayoso" />
<meta name="twitter:label1" content="Est. reading time" />
	<meta name="twitter:data1" content="1 minute" />
<script type="application/ld+json" class="yoast-schema-graph">{"@context":"https:\/\/schema.org","@graph":[{"@type":"WebPage","@id":"https:\/\/pradagayoso.com\/en-los-medios\/guillermo-prada-cinco-dias-refinanciacion-sector-inmobiliario\/","url":"https:\/\/pradagayoso.com\/en-los-medios\/guillermo-prada-cinco-dias-refinanciacion-sector-inmobiliario\/","name":"Declaraciones de Guillermo Prada en Cinco Días sobre las perspectivas de refinanciación del sector inmobiliario - PradaGayoso","isPartOf":{"@id":"https:\/\/pradagayoso.com\/#website"},"datePublished":"2023-10-16T08:40:34+00:00","description":"Guillermo Prada, socio de PradaGayoso, analiza en Cinco Días las perspectivas de refinanciación del sector inmobiliario.","breadcrumb":{"@id":"https:\/\/pradagayoso.com\/en-los-medios\/guillermo-prada-cinco-dias-refinanciacion-sector-inmobiliario\/#breadcrumb"},"inLanguage":"en-US","potentialAction":[{"@type":"ReadAction","target":["https:\/\/pradagayoso.com\/en-los-medios\/guillermo-prada-cinco-dias-refinanciacion-sector-inmobiliario\/"]}]},{"@type":"BreadcrumbList","@id":"https:\/\/pradagayoso.com\/en-los-medios\/guillermo-prada-cinco-dias-refinanciacion-sector-inmobiliario\/#breadcrumb","itemListElement":[{"@type":"ListItem","position":1,"name":"Portada","item":"https:\/\/pradagayoso.com\/en\/"},{"@type":"ListItem","position":2,"name":"En los medios","item":"https:\/\/pradagayoso.com\/en-los-medios\/"},{"@type":"ListItem","position":3,"name":"Declaraciones de Guillermo Prada en Cinco Días sobre las perspectivas de refinanciación del sector inmobiliario"}]},{"@type":"WebSite","@id":"https:\/\/pradagayoso.com\/#website","url":"https:\/\/pradagayoso.com\/","name":"PradaGayoso","description":"Reestructuración financiera","publisher":{"@id":"https:\/\/pradagayoso.com\/#organization"},"potentialAction":[{"@type":"SearchAction","target":{"@type":"EntryPoint","urlTemplate":"https:\/\/pradagayoso.com\/?s={search_term_string}"},"query-input":{"@type":"PropertyValueSpecification","valueRequired":true,"valueName":"search_term_string"}}],"inLanguage":"en-US"},{"@type":"Organization","@id":"https:\/\/pradagayoso.com\/#organization","name":"PradaGayoso","url":"https:\/\/pradagayoso.com\/","logo":{"@type":"ImageObject","inLanguage":"en-US","@id":"https:\/\/pradagayoso.com\/#\/schema\/logo\/image\/","url":"https:\/\/pradagayoso.com\/wp-content\/uploads\/2018\/05\/logo_prada.png","contentUrl":"https:\/\/pradagayoso.com\/wp-content\/uploads\/2018\/05\/logo_prada.png","width":284,"height":63,"caption":"PradaGayoso"},"image":{"@id":"https:\/\/pradagayoso.com\/#\/schema\/logo\/image\/"},"sameAs":["https:\/\/www.facebook.com\/pradagayoso\/","https:\/\/x.com\/pradagayoso","https:\/\/www.instagram.com\/pradagayoso\/","https:\/\/www.linkedin.com\/company\/pradagayoso\/","https:\/\/www.youtube.com\/channel\/UCOZT08GCsDLY8dVR8mH0IqA"]}]}</script>
<!-- / Yoast SEO plugin. -->

Declaraciones de Guillermo Prada en Cinco Días sobre las perspectivas de refinanciación del sector inmobiliario - PradaGayoso

Guillermo Prada, socio de PradaGayoso, analiza en Cinco Días las perspectivas de refinanciación del sector inmobiliario.

Reestructuración financiera
