{"id":4099,"date":"2023-02-14T11:54:27","date_gmt":"2023-02-14T09:54:27","guid":{"rendered":"https:\/\/pradagayoso.com\/?post_type=en-los-medios&#038;p=4099"},"modified":"2023-02-14T11:54:27","modified_gmt":"2023-02-14T09:54:27","slug":"guillermo-prada-expansion-reestructuraciones-2023","status":"publish","type":"en-los-medios","link":"https:\/\/pradagayoso.com\/en\/en-los-medios\/guillermo-prada-expansion-reestructuraciones-2023\/","title":{"rendered":"Declaraciones de Guillermo Prada en Expansi\u00f3n sobre las reestructuraciones empresariales en 2023"},"content":{"rendered":"<style type=\"text\/css\"><\/style>\n<section class=\"kc-elm kc-css-294079 kc_row entradilla\">\n<div class=\"kc-row-container  kc-container\">\n<div class=\"kc-wrap-columns\">\n<div class=\"kc-elm kc-css-52189 kc_col-sm-12 kc_column kc_col-sm-12\">\n<div class=\"kc-col-container\">\n<div class=\"kc-elm kc-css-102858 kc_text_block\">\n<p>El diario <em>Expansi\u00f3n<\/em> recoge unas declaraciones de <a href=\"https:\/\/pradagayoso.com\/equipo\/guillermo-prada\/\">Guillermo Prada<\/a>, socio de PradaGayoso, con motivo de su intervenci\u00f3n en una mesa redonda sobre las perspectivas de reestructuraci\u00f3n empresarial en Espa\u00f1a en 2023, junto con Julio Manero (\u00c1lvarez &amp; Marsal), \u00c1lvaro Cobo (Gordon Brothers) y Fernando Llano (Sherpa Capital).<\/p>\n<p><a class=\"prBtn ghost-button\" href=\"https:\/\/www.expansion.com\/empresas\/2023\/02\/14\/63ea8447468aebf03b8b458b.html\" target=\"_blank\" rel=\"noopener\">Ver noticia<\/a><\/p>\n<\/div>\n<\/div>\n<\/div>\n<\/div>\n<\/div>\n<\/section>\n","protected":false},"excerpt":{"rendered":"<p>El diario Expansi\u00f3n recoge unas declaraciones de Guillermo Prada, socio de PradaGayoso, con motivo de su intervenci\u00f3n en una mesa redonda sobre las perspectivas de reestructuraci\u00f3n empresarial en Espa\u00f1a en 2023, junto con Julio Manero (\u00c1lvarez &amp; Marsal), \u00c1lvaro Cobo (Gordon Brothers) y Fernando Llano (Sherpa Capital). Ver noticia<\/p>\n","protected":false},"featured_media":0,"template":"","class_list":["post-4099","en-los-medios","type-en-los-medios","status-publish","hentry"],"yoast_head":"<!-- This site is optimized with the Yoast SEO plugin v28.2 - https:\/\/yoast.com\/product\/yoast-seo-wordpress\/ -->\n<title>Declaraciones de Guillermo Prada en Expansi\u00f3n sobre las reestructuraciones empresariales en 2023 - PradaGayoso<\/title>\n<meta name=\"description\" content=\"Expansi\u00f3n recoge unas declaraciones de Guillermo Prada, socio de PradaGayoso, sobre las perspectivas de reestructuraci\u00f3n empresarial en 2023.\" \/>\n<meta name=\"robots\" content=\"index, follow, max-snippet:-1, max-image-preview:large, max-video-preview:-1\" \/>\n<link rel=\"canonical\" href=\"https:\/\/pradagayoso.com\/en-los-medios\/guillermo-prada-expansion-reestructuraciones-2023\/\" \/>\n<meta property=\"og:locale\" content=\"en_US\" \/>\n<meta property=\"og:type\" content=\"article\" \/>\n<meta property=\"og:title\" content=\"Declaraciones de Guillermo Prada en Expansi\u00f3n sobre las reestructuraciones empresariales en 2023 - PradaGayoso\" \/>\n<meta property=\"og:description\" content=\"Expansi\u00f3n recoge unas declaraciones de Guillermo Prada, socio de PradaGayoso, sobre las perspectivas de reestructuraci\u00f3n empresarial en 2023.\" \/>\n<meta property=\"og:url\" content=\"https:\/\/pradagayoso.com\/en-los-medios\/guillermo-prada-expansion-reestructuraciones-2023\/\" \/>\n<meta property=\"og:site_name\" content=\"PradaGayoso\" \/>\n<meta property=\"article:publisher\" content=\"https:\/\/www.facebook.com\/pradagayoso\/\" \/>\n<meta property=\"og:image\" content=\"https:\/\/pradagayoso.com\/wp-content\/uploads\/2019\/01\/Img-OG-1200x630-PradaGayoso.jpg\" \/>\n\t<meta property=\"og:image:width\" content=\"1200\" \/>\n\t<meta property=\"og:image:height\" content=\"630\" \/>\n\t<meta property=\"og:image:type\" content=\"image\/jpeg\" \/>\n<meta name=\"twitter:card\" content=\"summary_large_image\" \/>\n<meta name=\"twitter:site\" content=\"@pradagayoso\" \/>\n<meta name=\"twitter:label1\" content=\"Est. reading time\" \/>\n\t<meta name=\"twitter:data1\" content=\"1 minute\" \/>\n<script type=\"application\/ld+json\" class=\"yoast-schema-graph\">{\"@context\":\"https:\\\/\\\/schema.org\",\"@graph\":[{\"@type\":\"WebPage\",\"@id\":\"https:\\\/\\\/pradagayoso.com\\\/en-los-medios\\\/guillermo-prada-expansion-reestructuraciones-2023\\\/\",\"url\":\"https:\\\/\\\/pradagayoso.com\\\/en-los-medios\\\/guillermo-prada-expansion-reestructuraciones-2023\\\/\",\"name\":\"Declaraciones de Guillermo Prada en Expansi\u00f3n sobre las reestructuraciones empresariales en 2023 - PradaGayoso\",\"isPartOf\":{\"@id\":\"https:\\\/\\\/pradagayoso.com\\\/#website\"},\"datePublished\":\"2023-02-14T09:54:27+00:00\",\"description\":\"Expansi\u00f3n recoge unas declaraciones de Guillermo Prada, socio de PradaGayoso, sobre las perspectivas de reestructuraci\u00f3n empresarial en 2023.\",\"breadcrumb\":{\"@id\":\"https:\\\/\\\/pradagayoso.com\\\/en-los-medios\\\/guillermo-prada-expansion-reestructuraciones-2023\\\/#breadcrumb\"},\"inLanguage\":\"en-US\",\"potentialAction\":[{\"@type\":\"ReadAction\",\"target\":[\"https:\\\/\\\/pradagayoso.com\\\/en-los-medios\\\/guillermo-prada-expansion-reestructuraciones-2023\\\/\"]}]},{\"@type\":\"BreadcrumbList\",\"@id\":\"https:\\\/\\\/pradagayoso.com\\\/en-los-medios\\\/guillermo-prada-expansion-reestructuraciones-2023\\\/#breadcrumb\",\"itemListElement\":[{\"@type\":\"ListItem\",\"position\":1,\"name\":\"Portada\",\"item\":\"https:\\\/\\\/pradagayoso.com\\\/en\\\/\"},{\"@type\":\"ListItem\",\"position\":2,\"name\":\"En los medios\",\"item\":\"https:\\\/\\\/pradagayoso.com\\\/en-los-medios\\\/\"},{\"@type\":\"ListItem\",\"position\":3,\"name\":\"Declaraciones de Guillermo Prada en Expansi\u00f3n sobre las reestructuraciones empresariales en 2023\"}]},{\"@type\":\"WebSite\",\"@id\":\"https:\\\/\\\/pradagayoso.com\\\/#website\",\"url\":\"https:\\\/\\\/pradagayoso.com\\\/\",\"name\":\"PradaGayoso\",\"description\":\"Reestructuraci\u00f3n financiera\",\"publisher\":{\"@id\":\"https:\\\/\\\/pradagayoso.com\\\/#organization\"},\"potentialAction\":[{\"@type\":\"SearchAction\",\"target\":{\"@type\":\"EntryPoint\",\"urlTemplate\":\"https:\\\/\\\/pradagayoso.com\\\/?s={search_term_string}\"},\"query-input\":{\"@type\":\"PropertyValueSpecification\",\"valueRequired\":true,\"valueName\":\"search_term_string\"}}],\"inLanguage\":\"en-US\"},{\"@type\":\"Organization\",\"@id\":\"https:\\\/\\\/pradagayoso.com\\\/#organization\",\"name\":\"PradaGayoso\",\"url\":\"https:\\\/\\\/pradagayoso.com\\\/\",\"logo\":{\"@type\":\"ImageObject\",\"inLanguage\":\"en-US\",\"@id\":\"https:\\\/\\\/pradagayoso.com\\\/#\\\/schema\\\/logo\\\/image\\\/\",\"url\":\"https:\\\/\\\/pradagayoso.com\\\/wp-content\\\/uploads\\\/2018\\\/05\\\/logo_prada.png\",\"contentUrl\":\"https:\\\/\\\/pradagayoso.com\\\/wp-content\\\/uploads\\\/2018\\\/05\\\/logo_prada.png\",\"width\":284,\"height\":63,\"caption\":\"PradaGayoso\"},\"image\":{\"@id\":\"https:\\\/\\\/pradagayoso.com\\\/#\\\/schema\\\/logo\\\/image\\\/\"},\"sameAs\":[\"https:\\\/\\\/www.facebook.com\\\/pradagayoso\\\/\",\"https:\\\/\\\/x.com\\\/pradagayoso\",\"https:\\\/\\\/www.instagram.com\\\/pradagayoso\\\/\",\"https:\\\/\\\/www.linkedin.com\\\/company\\\/pradagayoso\\\/\",\"https:\\\/\\\/www.youtube.com\\\/channel\\\/UCOZT08GCsDLY8dVR8mH0IqA\"]}]}<\/script>\n<!-- \/ Yoast SEO plugin. -->","yoast_head_json":{"title":"Declaraciones de Guillermo Prada en Expansi\u00f3n sobre las reestructuraciones empresariales en 2023 - PradaGayoso","description":"Expansi\u00f3n recoge unas declaraciones de Guillermo Prada, socio de PradaGayoso, sobre las perspectivas de reestructuraci\u00f3n empresarial en 2023.","robots":{"index":"index","follow":"follow","max-snippet":"max-snippet:-1","max-image-preview":"max-image-preview:large","max-video-preview":"max-video-preview:-1"},"canonical":"https:\/\/pradagayoso.com\/en-los-medios\/guillermo-prada-expansion-reestructuraciones-2023\/","og_locale":"en_US","og_type":"article","og_title":"Declaraciones de Guillermo Prada en Expansi\u00f3n sobre las reestructuraciones empresariales en 2023 - PradaGayoso","og_description":"Expansi\u00f3n recoge unas declaraciones de Guillermo Prada, socio de PradaGayoso, sobre las perspectivas de reestructuraci\u00f3n empresarial en 2023.","og_url":"https:\/\/pradagayoso.com\/en-los-medios\/guillermo-prada-expansion-reestructuraciones-2023\/","og_site_name":"PradaGayoso","article_publisher":"https:\/\/www.facebook.com\/pradagayoso\/","og_image":[{"width":1200,"height":630,"url":"https:\/\/pradagayoso.com\/wp-content\/uploads\/2019\/01\/Img-OG-1200x630-PradaGayoso.jpg","type":"image\/jpeg"}],"twitter_card":"summary_large_image","twitter_site":"@pradagayoso","twitter_misc":{"Est. reading time":"1 minute"},"schema":{"@context":"https:\/\/schema.org","@graph":[{"@type":"WebPage","@id":"https:\/\/pradagayoso.com\/en-los-medios\/guillermo-prada-expansion-reestructuraciones-2023\/","url":"https:\/\/pradagayoso.com\/en-los-medios\/guillermo-prada-expansion-reestructuraciones-2023\/","name":"Declaraciones de Guillermo Prada en Expansi\u00f3n sobre las reestructuraciones empresariales en 2023 - PradaGayoso","isPartOf":{"@id":"https:\/\/pradagayoso.com\/#website"},"datePublished":"2023-02-14T09:54:27+00:00","description":"Expansi\u00f3n recoge unas declaraciones de Guillermo Prada, socio de PradaGayoso, sobre las perspectivas de reestructuraci\u00f3n empresarial en 2023.","breadcrumb":{"@id":"https:\/\/pradagayoso.com\/en-los-medios\/guillermo-prada-expansion-reestructuraciones-2023\/#breadcrumb"},"inLanguage":"en-US","potentialAction":[{"@type":"ReadAction","target":["https:\/\/pradagayoso.com\/en-los-medios\/guillermo-prada-expansion-reestructuraciones-2023\/"]}]},{"@type":"BreadcrumbList","@id":"https:\/\/pradagayoso.com\/en-los-medios\/guillermo-prada-expansion-reestructuraciones-2023\/#breadcrumb","itemListElement":[{"@type":"ListItem","position":1,"name":"Portada","item":"https:\/\/pradagayoso.com\/en\/"},{"@type":"ListItem","position":2,"name":"En los medios","item":"https:\/\/pradagayoso.com\/en-los-medios\/"},{"@type":"ListItem","position":3,"name":"Declaraciones de Guillermo Prada en Expansi\u00f3n sobre las reestructuraciones empresariales en 2023"}]},{"@type":"WebSite","@id":"https:\/\/pradagayoso.com\/#website","url":"https:\/\/pradagayoso.com\/","name":"PradaGayoso","description":"Reestructuraci\u00f3n financiera","publisher":{"@id":"https:\/\/pradagayoso.com\/#organization"},"potentialAction":[{"@type":"SearchAction","target":{"@type":"EntryPoint","urlTemplate":"https:\/\/pradagayoso.com\/?s={search_term_string}"},"query-input":{"@type":"PropertyValueSpecification","valueRequired":true,"valueName":"search_term_string"}}],"inLanguage":"en-US"},{"@type":"Organization","@id":"https:\/\/pradagayoso.com\/#organization","name":"PradaGayoso","url":"https:\/\/pradagayoso.com\/","logo":{"@type":"ImageObject","inLanguage":"en-US","@id":"https:\/\/pradagayoso.com\/#\/schema\/logo\/image\/","url":"https:\/\/pradagayoso.com\/wp-content\/uploads\/2018\/05\/logo_prada.png","contentUrl":"https:\/\/pradagayoso.com\/wp-content\/uploads\/2018\/05\/logo_prada.png","width":284,"height":63,"caption":"PradaGayoso"},"image":{"@id":"https:\/\/pradagayoso.com\/#\/schema\/logo\/image\/"},"sameAs":["https:\/\/www.facebook.com\/pradagayoso\/","https:\/\/x.com\/pradagayoso","https:\/\/www.instagram.com\/pradagayoso\/","https:\/\/www.linkedin.com\/company\/pradagayoso\/","https:\/\/www.youtube.com\/channel\/UCOZT08GCsDLY8dVR8mH0IqA"]}]}},"_links":{"self":[{"href":"https:\/\/pradagayoso.com\/en\/wp-json\/wp\/v2\/en-los-medios\/4099","targetHints":{"allow":["GET"]}}],"collection":[{"href":"https:\/\/pradagayoso.com\/en\/wp-json\/wp\/v2\/en-los-medios"}],"about":[{"href":"https:\/\/pradagayoso.com\/en\/wp-json\/wp\/v2\/types\/en-los-medios"}],"version-history":[{"count":2,"href":"https:\/\/pradagayoso.com\/en\/wp-json\/wp\/v2\/en-los-medios\/4099\/revisions"}],"predecessor-version":[{"id":4101,"href":"https:\/\/pradagayoso.com\/en\/wp-json\/wp\/v2\/en-los-medios\/4099\/revisions\/4101"}],"wp:attachment":[{"href":"https:\/\/pradagayoso.com\/en\/wp-json\/wp\/v2\/media?parent=4099"}],"curies":[{"name":"wp","href":"https:\/\/api.w.org\/{rel}","templated":true}]}}

Declaraciones de Guillermo Prada en Expansión sobre las reestructuraciones empresariales en 2023

<style type="text/css"></style>
<section class="kc-elm kc-css-294079 kc_row entradilla">
<div class="kc-row-container  kc-container">
<div class="kc-wrap-columns">
<div class="kc-elm kc-css-52189 kc_col-sm-12 kc_column kc_col-sm-12">
<div class="kc-col-container">
<div class="kc-elm kc-css-102858 kc_text_block">
<p>El diario <em>Expansión</em> recoge unas declaraciones de <a href="https://pradagayoso.com/equipo/guillermo-prada/">Guillermo Prada</a>, socio de PradaGayoso, con motivo de su intervención en una mesa redonda sobre las perspectivas de reestructuración empresarial en España en 2023, junto con Julio Manero (Álvarez &amp; Marsal), Álvaro Cobo (Gordon Brothers) y Fernando Llano (Sherpa Capital).</p>
<p><a class="prBtn ghost-button" href="https://www.expansion.com/empresas/2023/02/14/63ea8447468aebf03b8b458b.html" target="_blank" rel="noopener">Ver noticia</a></p>
</div>
</div>
</div>
</div>
</div>
</section>

<p>El diario Expansión recoge unas declaraciones de Guillermo Prada, socio de PradaGayoso, con motivo de su intervención en una mesa redonda sobre las perspectivas de reestructuración empresarial en España en 2023, junto con Julio Manero (Álvarez &amp; Marsal), Álvaro Cobo (Gordon Brothers) y Fernando Llano (Sherpa Capital). Ver noticia</p>

<!-- This site is optimized with the Yoast SEO plugin v28.2 - https://yoast.com/product/yoast-seo-wordpress/ -->
<title>Declaraciones de Guillermo Prada en Expansión sobre las reestructuraciones empresariales en 2023 - PradaGayoso</title>
<meta name="description" content="Expansión recoge unas declaraciones de Guillermo Prada, socio de PradaGayoso, sobre las perspectivas de reestructuración empresarial en 2023." />
<meta name="robots" content="index, follow, max-snippet:-1, max-image-preview:large, max-video-preview:-1" />
<link rel="canonical" href="https://pradagayoso.com/en-los-medios/guillermo-prada-expansion-reestructuraciones-2023/" />
<meta property="og:locale" content="en_US" />
<meta property="og:type" content="article" />
<meta property="og:title" content="Declaraciones de Guillermo Prada en Expansión sobre las reestructuraciones empresariales en 2023 - PradaGayoso" />
<meta property="og:description" content="Expansión recoge unas declaraciones de Guillermo Prada, socio de PradaGayoso, sobre las perspectivas de reestructuración empresarial en 2023." />
<meta property="og:url" content="https://pradagayoso.com/en-los-medios/guillermo-prada-expansion-reestructuraciones-2023/" />
<meta property="og:site_name" content="PradaGayoso" />
<meta property="article:publisher" content="https://www.facebook.com/pradagayoso/" />
<meta property="og:image" content="https://pradagayoso.com/wp-content/uploads/2019/01/Img-OG-1200x630-PradaGayoso.jpg" />
	<meta property="og:image:width" content="1200" />
	<meta property="og:image:height" content="630" />
	<meta property="og:image:type" content="image/jpeg" />
<meta name="twitter:card" content="summary_large_image" />
<meta name="twitter:site" content="@pradagayoso" />
<meta name="twitter:label1" content="Est. reading time" />
	<meta name="twitter:data1" content="1 minute" />
<script type="application/ld+json" class="yoast-schema-graph">{"@context":"https:\/\/schema.org","@graph":[{"@type":"WebPage","@id":"https:\/\/pradagayoso.com\/en-los-medios\/guillermo-prada-expansion-reestructuraciones-2023\/","url":"https:\/\/pradagayoso.com\/en-los-medios\/guillermo-prada-expansion-reestructuraciones-2023\/","name":"Declaraciones de Guillermo Prada en Expansión sobre las reestructuraciones empresariales en 2023 - PradaGayoso","isPartOf":{"@id":"https:\/\/pradagayoso.com\/#website"},"datePublished":"2023-02-14T09:54:27+00:00","description":"Expansión recoge unas declaraciones de Guillermo Prada, socio de PradaGayoso, sobre las perspectivas de reestructuración empresarial en 2023.","breadcrumb":{"@id":"https:\/\/pradagayoso.com\/en-los-medios\/guillermo-prada-expansion-reestructuraciones-2023\/#breadcrumb"},"inLanguage":"en-US","potentialAction":[{"@type":"ReadAction","target":["https:\/\/pradagayoso.com\/en-los-medios\/guillermo-prada-expansion-reestructuraciones-2023\/"]}]},{"@type":"BreadcrumbList","@id":"https:\/\/pradagayoso.com\/en-los-medios\/guillermo-prada-expansion-reestructuraciones-2023\/#breadcrumb","itemListElement":[{"@type":"ListItem","position":1,"name":"Portada","item":"https:\/\/pradagayoso.com\/en\/"},{"@type":"ListItem","position":2,"name":"En los medios","item":"https:\/\/pradagayoso.com\/en-los-medios\/"},{"@type":"ListItem","position":3,"name":"Declaraciones de Guillermo Prada en Expansión sobre las reestructuraciones empresariales en 2023"}]},{"@type":"WebSite","@id":"https:\/\/pradagayoso.com\/#website","url":"https:\/\/pradagayoso.com\/","name":"PradaGayoso","description":"Reestructuración financiera","publisher":{"@id":"https:\/\/pradagayoso.com\/#organization"},"potentialAction":[{"@type":"SearchAction","target":{"@type":"EntryPoint","urlTemplate":"https:\/\/pradagayoso.com\/?s={search_term_string}"},"query-input":{"@type":"PropertyValueSpecification","valueRequired":true,"valueName":"search_term_string"}}],"inLanguage":"en-US"},{"@type":"Organization","@id":"https:\/\/pradagayoso.com\/#organization","name":"PradaGayoso","url":"https:\/\/pradagayoso.com\/","logo":{"@type":"ImageObject","inLanguage":"en-US","@id":"https:\/\/pradagayoso.com\/#\/schema\/logo\/image\/","url":"https:\/\/pradagayoso.com\/wp-content\/uploads\/2018\/05\/logo_prada.png","contentUrl":"https:\/\/pradagayoso.com\/wp-content\/uploads\/2018\/05\/logo_prada.png","width":284,"height":63,"caption":"PradaGayoso"},"image":{"@id":"https:\/\/pradagayoso.com\/#\/schema\/logo\/image\/"},"sameAs":["https:\/\/www.facebook.com\/pradagayoso\/","https:\/\/x.com\/pradagayoso","https:\/\/www.instagram.com\/pradagayoso\/","https:\/\/www.linkedin.com\/company\/pradagayoso\/","https:\/\/www.youtube.com\/channel\/UCOZT08GCsDLY8dVR8mH0IqA"]}]}</script>
<!-- / Yoast SEO plugin. -->

Declaraciones de Guillermo Prada en Expansión sobre las reestructuraciones empresariales en 2023 - PradaGayoso

Expansión recoge unas declaraciones de Guillermo Prada, socio de PradaGayoso, sobre las perspectivas de reestructuración empresarial en 2023.

Reestructuración financiera
