{"id":3958,"date":"2022-12-17T10:02:05","date_gmt":"2022-12-17T08:02:05","guid":{"rendered":"https:\/\/pradagayoso.com\/?post_type=en-los-medios&#038;p=3958"},"modified":"2023-06-20T16:34:50","modified_gmt":"2023-06-20T14:34:50","slug":"javier-marquina-expansion-moratoria-contable","status":"publish","type":"en-los-medios","link":"https:\/\/pradagayoso.com\/en\/en-los-medios\/javier-marquina-expansion-moratoria-contable\/","title":{"rendered":"Declaraciones de Javier Marquina en Expansi\u00f3n sobre la pr\u00f3rroga de la moratoria contable"},"content":{"rendered":"<style type=\"text\/css\"><\/style>\n<section class=\"kc-elm kc-css-261087 kc_row entradilla\">\n<div class=\"kc-row-container  kc-container\">\n<div class=\"kc-wrap-columns\">\n<div class=\"kc-elm kc-css-3826998 kc_col-sm-12 kc_column kc_col-sm-12\">\n<div class=\"kc-col-container\">\n<div class=\"kc-elm kc-css-2134795 kc_text_block\">\n<p>Nuestro socio Javier Marquina ha concedido unas declaraciones a <strong>Expansi\u00f3n<\/strong> sobre la intenci\u00f3n del Gobierno de mantener en suspenso en 2023 y 2024 la causa de disoluci\u00f3n de una sociedad por p\u00e9rdidas (cuando el patrimonio neto queda reducido por debajo de la mitad del capital social).<\/p>\n<blockquote>\n<p>No soy partidario de que se ampl\u00ede. Entiendo que para una situaci\u00f3n como la de 2020, tan dif\u00edcil y de tanta incertidumbre, pod\u00eda ser beneficioso, pero alargar estas situaciones, como pas\u00f3 con la moratoria concursal, es una patada hacia adelante tras la que muchas empresas tendr\u00e1n que liquidarse porque no pueden seguir manteni\u00e9ndose en el mercado.<\/p>\n<p>Las empresas tienen que tomar decisiones y afrontar responsabilidades. A pesar de la pandemia, la guerra en Ucrania o la inflaci\u00f3n, si llevas cuatro a\u00f1os seguidos en p\u00e9rdidas a lo mejor la cosa no va del todo bien.<\/p>\n<\/blockquote>\n<\/div>\n<\/div>\n<\/div>\n<\/div>\n<\/div>\n<\/section>\n","protected":false},"excerpt":{"rendered":"<p>Nuestro socio Javier Marquina ha concedido unas declaraciones a Expansi\u00f3n sobre la intenci\u00f3n del Gobierno de mantener en suspenso en 2023 y 2024 la causa de disoluci\u00f3n de una sociedad por p\u00e9rdidas (cuando el patrimonio neto queda reducido por debajo de la mitad del capital social). No soy partidario de que se ampl\u00ede. Entiendo que &hellip; <\/p>\n<p class=\"link-more\"><a href=\"https:\/\/pradagayoso.com\/en\/en-los-medios\/javier-marquina-expansion-moratoria-contable\/\" class=\"more-link\">Continue reading<span class=\"screen-reader-text\"> &#8220;Declaraciones de Javier Marquina en Expansi\u00f3n sobre la pr\u00f3rroga de la moratoria contable&#8221;<\/span><\/a><\/p>\n","protected":false},"featured_media":0,"template":"","class_list":["post-3958","en-los-medios","type-en-los-medios","status-publish","hentry"],"yoast_head":"<!-- This site is optimized with the Yoast SEO plugin v28.2 - https:\/\/yoast.com\/product\/yoast-seo-wordpress\/ -->\n<title>Declaraciones de Javier Marquina en Expansi\u00f3n sobre la pr\u00f3rroga de la moratoria contable - PradaGayoso<\/title>\n<meta name=\"description\" content=\"Javier Marquina, socio de PradaGayoso, se pronuncia en Expansi\u00f3n sobre la pr\u00f3rroga de la moratoria contable en 2023 y 2024.\" \/>\n<meta name=\"robots\" content=\"index, follow, max-snippet:-1, max-image-preview:large, max-video-preview:-1\" \/>\n<link rel=\"canonical\" href=\"https:\/\/pradagayoso.com\/en-los-medios\/javier-marquina-expansion-moratoria-contable\/\" \/>\n<meta property=\"og:locale\" content=\"en_US\" \/>\n<meta property=\"og:type\" content=\"article\" \/>\n<meta property=\"og:title\" content=\"Declaraciones de Javier Marquina en Expansi\u00f3n sobre la pr\u00f3rroga de la moratoria contable - PradaGayoso\" \/>\n<meta property=\"og:description\" content=\"Javier Marquina, socio de PradaGayoso, se pronuncia en Expansi\u00f3n sobre la pr\u00f3rroga de la moratoria contable en 2023 y 2024.\" \/>\n<meta property=\"og:url\" content=\"https:\/\/pradagayoso.com\/en-los-medios\/javier-marquina-expansion-moratoria-contable\/\" \/>\n<meta property=\"og:site_name\" content=\"PradaGayoso\" \/>\n<meta property=\"article:publisher\" content=\"https:\/\/www.facebook.com\/pradagayoso\/\" \/>\n<meta property=\"article:modified_time\" content=\"2023-06-20T14:34:50+00:00\" \/>\n<meta property=\"og:image\" content=\"https:\/\/pradagayoso.com\/wp-content\/uploads\/2019\/01\/Img-OG-1200x630-PradaGayoso.jpg\" \/>\n\t<meta property=\"og:image:width\" content=\"1200\" \/>\n\t<meta property=\"og:image:height\" content=\"630\" \/>\n\t<meta property=\"og:image:type\" content=\"image\/jpeg\" \/>\n<meta name=\"twitter:card\" content=\"summary_large_image\" \/>\n<meta name=\"twitter:site\" content=\"@pradagayoso\" \/>\n<meta name=\"twitter:label1\" content=\"Est. reading time\" \/>\n\t<meta name=\"twitter:data1\" content=\"1 minute\" \/>\n<script type=\"application\/ld+json\" class=\"yoast-schema-graph\">{\"@context\":\"https:\\\/\\\/schema.org\",\"@graph\":[{\"@type\":\"WebPage\",\"@id\":\"https:\\\/\\\/pradagayoso.com\\\/en-los-medios\\\/javier-marquina-expansion-moratoria-contable\\\/\",\"url\":\"https:\\\/\\\/pradagayoso.com\\\/en-los-medios\\\/javier-marquina-expansion-moratoria-contable\\\/\",\"name\":\"Declaraciones de Javier Marquina en Expansi\u00f3n sobre la pr\u00f3rroga de la moratoria contable - PradaGayoso\",\"isPartOf\":{\"@id\":\"https:\\\/\\\/pradagayoso.com\\\/#website\"},\"datePublished\":\"2022-12-17T08:02:05+00:00\",\"dateModified\":\"2023-06-20T14:34:50+00:00\",\"description\":\"Javier Marquina, socio de PradaGayoso, se pronuncia en Expansi\u00f3n sobre la pr\u00f3rroga de la moratoria contable en 2023 y 2024.\",\"breadcrumb\":{\"@id\":\"https:\\\/\\\/pradagayoso.com\\\/en-los-medios\\\/javier-marquina-expansion-moratoria-contable\\\/#breadcrumb\"},\"inLanguage\":\"en-US\",\"potentialAction\":[{\"@type\":\"ReadAction\",\"target\":[\"https:\\\/\\\/pradagayoso.com\\\/en-los-medios\\\/javier-marquina-expansion-moratoria-contable\\\/\"]}]},{\"@type\":\"BreadcrumbList\",\"@id\":\"https:\\\/\\\/pradagayoso.com\\\/en-los-medios\\\/javier-marquina-expansion-moratoria-contable\\\/#breadcrumb\",\"itemListElement\":[{\"@type\":\"ListItem\",\"position\":1,\"name\":\"Portada\",\"item\":\"https:\\\/\\\/pradagayoso.com\\\/en\\\/\"},{\"@type\":\"ListItem\",\"position\":2,\"name\":\"En los medios\",\"item\":\"https:\\\/\\\/pradagayoso.com\\\/en-los-medios\\\/\"},{\"@type\":\"ListItem\",\"position\":3,\"name\":\"Declaraciones de Javier Marquina en Expansi\u00f3n sobre la pr\u00f3rroga de la moratoria contable\"}]},{\"@type\":\"WebSite\",\"@id\":\"https:\\\/\\\/pradagayoso.com\\\/#website\",\"url\":\"https:\\\/\\\/pradagayoso.com\\\/\",\"name\":\"PradaGayoso\",\"description\":\"Reestructuraci\u00f3n financiera\",\"publisher\":{\"@id\":\"https:\\\/\\\/pradagayoso.com\\\/#organization\"},\"potentialAction\":[{\"@type\":\"SearchAction\",\"target\":{\"@type\":\"EntryPoint\",\"urlTemplate\":\"https:\\\/\\\/pradagayoso.com\\\/?s={search_term_string}\"},\"query-input\":{\"@type\":\"PropertyValueSpecification\",\"valueRequired\":true,\"valueName\":\"search_term_string\"}}],\"inLanguage\":\"en-US\"},{\"@type\":\"Organization\",\"@id\":\"https:\\\/\\\/pradagayoso.com\\\/#organization\",\"name\":\"PradaGayoso\",\"url\":\"https:\\\/\\\/pradagayoso.com\\\/\",\"logo\":{\"@type\":\"ImageObject\",\"inLanguage\":\"en-US\",\"@id\":\"https:\\\/\\\/pradagayoso.com\\\/#\\\/schema\\\/logo\\\/image\\\/\",\"url\":\"https:\\\/\\\/pradagayoso.com\\\/wp-content\\\/uploads\\\/2018\\\/05\\\/logo_prada.png\",\"contentUrl\":\"https:\\\/\\\/pradagayoso.com\\\/wp-content\\\/uploads\\\/2018\\\/05\\\/logo_prada.png\",\"width\":284,\"height\":63,\"caption\":\"PradaGayoso\"},\"image\":{\"@id\":\"https:\\\/\\\/pradagayoso.com\\\/#\\\/schema\\\/logo\\\/image\\\/\"},\"sameAs\":[\"https:\\\/\\\/www.facebook.com\\\/pradagayoso\\\/\",\"https:\\\/\\\/x.com\\\/pradagayoso\",\"https:\\\/\\\/www.instagram.com\\\/pradagayoso\\\/\",\"https:\\\/\\\/www.linkedin.com\\\/company\\\/pradagayoso\\\/\",\"https:\\\/\\\/www.youtube.com\\\/channel\\\/UCOZT08GCsDLY8dVR8mH0IqA\"]}]}<\/script>\n<!-- \/ Yoast SEO plugin. -->","yoast_head_json":{"title":"Declaraciones de Javier Marquina en Expansi\u00f3n sobre la pr\u00f3rroga de la moratoria contable - PradaGayoso","description":"Javier Marquina, socio de PradaGayoso, se pronuncia en Expansi\u00f3n sobre la pr\u00f3rroga de la moratoria contable en 2023 y 2024.","robots":{"index":"index","follow":"follow","max-snippet":"max-snippet:-1","max-image-preview":"max-image-preview:large","max-video-preview":"max-video-preview:-1"},"canonical":"https:\/\/pradagayoso.com\/en-los-medios\/javier-marquina-expansion-moratoria-contable\/","og_locale":"en_US","og_type":"article","og_title":"Declaraciones de Javier Marquina en Expansi\u00f3n sobre la pr\u00f3rroga de la moratoria contable - PradaGayoso","og_description":"Javier Marquina, socio de PradaGayoso, se pronuncia en Expansi\u00f3n sobre la pr\u00f3rroga de la moratoria contable en 2023 y 2024.","og_url":"https:\/\/pradagayoso.com\/en-los-medios\/javier-marquina-expansion-moratoria-contable\/","og_site_name":"PradaGayoso","article_publisher":"https:\/\/www.facebook.com\/pradagayoso\/","article_modified_time":"2023-06-20T14:34:50+00:00","og_image":[{"width":1200,"height":630,"url":"https:\/\/pradagayoso.com\/wp-content\/uploads\/2019\/01\/Img-OG-1200x630-PradaGayoso.jpg","type":"image\/jpeg"}],"twitter_card":"summary_large_image","twitter_site":"@pradagayoso","twitter_misc":{"Est. reading time":"1 minute"},"schema":{"@context":"https:\/\/schema.org","@graph":[{"@type":"WebPage","@id":"https:\/\/pradagayoso.com\/en-los-medios\/javier-marquina-expansion-moratoria-contable\/","url":"https:\/\/pradagayoso.com\/en-los-medios\/javier-marquina-expansion-moratoria-contable\/","name":"Declaraciones de Javier Marquina en Expansi\u00f3n sobre la pr\u00f3rroga de la moratoria contable - PradaGayoso","isPartOf":{"@id":"https:\/\/pradagayoso.com\/#website"},"datePublished":"2022-12-17T08:02:05+00:00","dateModified":"2023-06-20T14:34:50+00:00","description":"Javier Marquina, socio de PradaGayoso, se pronuncia en Expansi\u00f3n sobre la pr\u00f3rroga de la moratoria contable en 2023 y 2024.","breadcrumb":{"@id":"https:\/\/pradagayoso.com\/en-los-medios\/javier-marquina-expansion-moratoria-contable\/#breadcrumb"},"inLanguage":"en-US","potentialAction":[{"@type":"ReadAction","target":["https:\/\/pradagayoso.com\/en-los-medios\/javier-marquina-expansion-moratoria-contable\/"]}]},{"@type":"BreadcrumbList","@id":"https:\/\/pradagayoso.com\/en-los-medios\/javier-marquina-expansion-moratoria-contable\/#breadcrumb","itemListElement":[{"@type":"ListItem","position":1,"name":"Portada","item":"https:\/\/pradagayoso.com\/en\/"},{"@type":"ListItem","position":2,"name":"En los medios","item":"https:\/\/pradagayoso.com\/en-los-medios\/"},{"@type":"ListItem","position":3,"name":"Declaraciones de Javier Marquina en Expansi\u00f3n sobre la pr\u00f3rroga de la moratoria contable"}]},{"@type":"WebSite","@id":"https:\/\/pradagayoso.com\/#website","url":"https:\/\/pradagayoso.com\/","name":"PradaGayoso","description":"Reestructuraci\u00f3n financiera","publisher":{"@id":"https:\/\/pradagayoso.com\/#organization"},"potentialAction":[{"@type":"SearchAction","target":{"@type":"EntryPoint","urlTemplate":"https:\/\/pradagayoso.com\/?s={search_term_string}"},"query-input":{"@type":"PropertyValueSpecification","valueRequired":true,"valueName":"search_term_string"}}],"inLanguage":"en-US"},{"@type":"Organization","@id":"https:\/\/pradagayoso.com\/#organization","name":"PradaGayoso","url":"https:\/\/pradagayoso.com\/","logo":{"@type":"ImageObject","inLanguage":"en-US","@id":"https:\/\/pradagayoso.com\/#\/schema\/logo\/image\/","url":"https:\/\/pradagayoso.com\/wp-content\/uploads\/2018\/05\/logo_prada.png","contentUrl":"https:\/\/pradagayoso.com\/wp-content\/uploads\/2018\/05\/logo_prada.png","width":284,"height":63,"caption":"PradaGayoso"},"image":{"@id":"https:\/\/pradagayoso.com\/#\/schema\/logo\/image\/"},"sameAs":["https:\/\/www.facebook.com\/pradagayoso\/","https:\/\/x.com\/pradagayoso","https:\/\/www.instagram.com\/pradagayoso\/","https:\/\/www.linkedin.com\/company\/pradagayoso\/","https:\/\/www.youtube.com\/channel\/UCOZT08GCsDLY8dVR8mH0IqA"]}]}},"_links":{"self":[{"href":"https:\/\/pradagayoso.com\/en\/wp-json\/wp\/v2\/en-los-medios\/3958","targetHints":{"allow":["GET"]}}],"collection":[{"href":"https:\/\/pradagayoso.com\/en\/wp-json\/wp\/v2\/en-los-medios"}],"about":[{"href":"https:\/\/pradagayoso.com\/en\/wp-json\/wp\/v2\/types\/en-los-medios"}],"version-history":[{"count":5,"href":"https:\/\/pradagayoso.com\/en\/wp-json\/wp\/v2\/en-los-medios\/3958\/revisions"}],"predecessor-version":[{"id":4252,"href":"https:\/\/pradagayoso.com\/en\/wp-json\/wp\/v2\/en-los-medios\/3958\/revisions\/4252"}],"wp:attachment":[{"href":"https:\/\/pradagayoso.com\/en\/wp-json\/wp\/v2\/media?parent=3958"}],"curies":[{"name":"wp","href":"https:\/\/api.w.org\/{rel}","templated":true}]}}

Declaraciones de Javier Marquina en Expansión sobre la prórroga de la moratoria contable

<style type="text/css"></style>
<section class="kc-elm kc-css-261087 kc_row entradilla">
<div class="kc-row-container  kc-container">
<div class="kc-wrap-columns">
<div class="kc-elm kc-css-3826998 kc_col-sm-12 kc_column kc_col-sm-12">
<div class="kc-col-container">
<div class="kc-elm kc-css-2134795 kc_text_block">
<p>Nuestro socio Javier Marquina ha concedido unas declaraciones a <strong>Expansión</strong> sobre la intención del Gobierno de mantener en suspenso en 2023 y 2024 la causa de disolución de una sociedad por pérdidas (cuando el patrimonio neto queda reducido por debajo de la mitad del capital social).</p>
<blockquote>
<p>No soy partidario de que se amplíe. Entiendo que para una situación como la de 2020, tan difícil y de tanta incertidumbre, podía ser beneficioso, pero alargar estas situaciones, como pasó con la moratoria concursal, es una patada hacia adelante tras la que muchas empresas tendrán que liquidarse porque no pueden seguir manteniéndose en el mercado.</p>
<p>Las empresas tienen que tomar decisiones y afrontar responsabilidades. A pesar de la pandemia, la guerra en Ucrania o la inflación, si llevas cuatro años seguidos en pérdidas a lo mejor la cosa no va del todo bien.</p>
</blockquote>
</div>
</div>
</div>
</div>
</div>
</section>

<p>Nuestro socio Javier Marquina ha concedido unas declaraciones a Expansión sobre la intención del Gobierno de mantener en suspenso en 2023 y 2024 la causa de disolución de una sociedad por pérdidas (cuando el patrimonio neto queda reducido por debajo de la mitad del capital social). No soy partidario de que se amplíe. Entiendo que &hellip; </p>
<p class="link-more"><a href="https://pradagayoso.com/en/en-los-medios/javier-marquina-expansion-moratoria-contable/" class="more-link">Continue reading<span class="screen-reader-text"> &#8220;Declaraciones de Javier Marquina en Expansión sobre la prórroga de la moratoria contable&#8221;</span></a></p>

<!-- This site is optimized with the Yoast SEO plugin v28.2 - https://yoast.com/product/yoast-seo-wordpress/ -->
<title>Declaraciones de Javier Marquina en Expansión sobre la prórroga de la moratoria contable - PradaGayoso</title>
<meta name="description" content="Javier Marquina, socio de PradaGayoso, se pronuncia en Expansión sobre la prórroga de la moratoria contable en 2023 y 2024." />
<meta name="robots" content="index, follow, max-snippet:-1, max-image-preview:large, max-video-preview:-1" />
<link rel="canonical" href="https://pradagayoso.com/en-los-medios/javier-marquina-expansion-moratoria-contable/" />
<meta property="og:locale" content="en_US" />
<meta property="og:type" content="article" />
<meta property="og:title" content="Declaraciones de Javier Marquina en Expansión sobre la prórroga de la moratoria contable - PradaGayoso" />
<meta property="og:description" content="Javier Marquina, socio de PradaGayoso, se pronuncia en Expansión sobre la prórroga de la moratoria contable en 2023 y 2024." />
<meta property="og:url" content="https://pradagayoso.com/en-los-medios/javier-marquina-expansion-moratoria-contable/" />
<meta property="og:site_name" content="PradaGayoso" />
<meta property="article:publisher" content="https://www.facebook.com/pradagayoso/" />
<meta property="article:modified_time" content="2023-06-20T14:34:50+00:00" />
<meta property="og:image" content="https://pradagayoso.com/wp-content/uploads/2019/01/Img-OG-1200x630-PradaGayoso.jpg" />
	<meta property="og:image:width" content="1200" />
	<meta property="og:image:height" content="630" />
	<meta property="og:image:type" content="image/jpeg" />
<meta name="twitter:card" content="summary_large_image" />
<meta name="twitter:site" content="@pradagayoso" />
<meta name="twitter:label1" content="Est. reading time" />
	<meta name="twitter:data1" content="1 minute" />
<script type="application/ld+json" class="yoast-schema-graph">{"@context":"https:\/\/schema.org","@graph":[{"@type":"WebPage","@id":"https:\/\/pradagayoso.com\/en-los-medios\/javier-marquina-expansion-moratoria-contable\/","url":"https:\/\/pradagayoso.com\/en-los-medios\/javier-marquina-expansion-moratoria-contable\/","name":"Declaraciones de Javier Marquina en Expansión sobre la prórroga de la moratoria contable - PradaGayoso","isPartOf":{"@id":"https:\/\/pradagayoso.com\/#website"},"datePublished":"2022-12-17T08:02:05+00:00","dateModified":"2023-06-20T14:34:50+00:00","description":"Javier Marquina, socio de PradaGayoso, se pronuncia en Expansión sobre la prórroga de la moratoria contable en 2023 y 2024.","breadcrumb":{"@id":"https:\/\/pradagayoso.com\/en-los-medios\/javier-marquina-expansion-moratoria-contable\/#breadcrumb"},"inLanguage":"en-US","potentialAction":[{"@type":"ReadAction","target":["https:\/\/pradagayoso.com\/en-los-medios\/javier-marquina-expansion-moratoria-contable\/"]}]},{"@type":"BreadcrumbList","@id":"https:\/\/pradagayoso.com\/en-los-medios\/javier-marquina-expansion-moratoria-contable\/#breadcrumb","itemListElement":[{"@type":"ListItem","position":1,"name":"Portada","item":"https:\/\/pradagayoso.com\/en\/"},{"@type":"ListItem","position":2,"name":"En los medios","item":"https:\/\/pradagayoso.com\/en-los-medios\/"},{"@type":"ListItem","position":3,"name":"Declaraciones de Javier Marquina en Expansión sobre la prórroga de la moratoria contable"}]},{"@type":"WebSite","@id":"https:\/\/pradagayoso.com\/#website","url":"https:\/\/pradagayoso.com\/","name":"PradaGayoso","description":"Reestructuración financiera","publisher":{"@id":"https:\/\/pradagayoso.com\/#organization"},"potentialAction":[{"@type":"SearchAction","target":{"@type":"EntryPoint","urlTemplate":"https:\/\/pradagayoso.com\/?s={search_term_string}"},"query-input":{"@type":"PropertyValueSpecification","valueRequired":true,"valueName":"search_term_string"}}],"inLanguage":"en-US"},{"@type":"Organization","@id":"https:\/\/pradagayoso.com\/#organization","name":"PradaGayoso","url":"https:\/\/pradagayoso.com\/","logo":{"@type":"ImageObject","inLanguage":"en-US","@id":"https:\/\/pradagayoso.com\/#\/schema\/logo\/image\/","url":"https:\/\/pradagayoso.com\/wp-content\/uploads\/2018\/05\/logo_prada.png","contentUrl":"https:\/\/pradagayoso.com\/wp-content\/uploads\/2018\/05\/logo_prada.png","width":284,"height":63,"caption":"PradaGayoso"},"image":{"@id":"https:\/\/pradagayoso.com\/#\/schema\/logo\/image\/"},"sameAs":["https:\/\/www.facebook.com\/pradagayoso\/","https:\/\/x.com\/pradagayoso","https:\/\/www.instagram.com\/pradagayoso\/","https:\/\/www.linkedin.com\/company\/pradagayoso\/","https:\/\/www.youtube.com\/channel\/UCOZT08GCsDLY8dVR8mH0IqA"]}]}</script>
<!-- / Yoast SEO plugin. -->

Declaraciones de Javier Marquina en Expansión sobre la prórroga de la moratoria contable - PradaGayoso

Javier Marquina, socio de PradaGayoso, se pronuncia en Expansión sobre la prórroga de la moratoria contable en 2023 y 2024.

Reestructuración financiera
