{"id":3864,"date":"2022-11-02T17:04:45","date_gmt":"2022-11-02T15:04:45","guid":{"rendered":"https:\/\/pradagayoso.com\/?post_type=en-los-medios&#038;p=3864"},"modified":"2022-11-04T11:21:22","modified_gmt":"2022-11-04T09:21:22","slug":"guillermo-prada-voz-populi-perspectivas-concursos","status":"publish","type":"en-los-medios","link":"https:\/\/pradagayoso.com\/en\/en-los-medios\/guillermo-prada-voz-populi-perspectivas-concursos\/","title":{"rendered":"Declaraciones de Guillermo Prada en Voz P\u00f3puli sobre las perspectivas de concursos de acreedores"},"content":{"rendered":"<style type=\"text\/css\"><\/style>\n<section class=\"kc-elm kc-css-1984883 kc_row entradilla\">\n<div class=\"kc-row-container  kc-container\">\n<div class=\"kc-wrap-columns\">\n<div class=\"kc-elm kc-css-2949747 kc_col-sm-12 kc_column kc_col-sm-12\">\n<div class=\"kc-col-container\">\n<div class=\"kc-elm kc-css-4110607 kc_text_block\">\n<p>Nuestro socio <a href=\"https:\/\/pradagayoso.com\/equipo\/guillermo-prada\/\">Guillermo Prada<\/a> analiza en <strong>Voz P\u00f3puli<\/strong> las perspectivas de concursos de acreedores ante el empeoramiento de la econom\u00eda.<\/p>\n<p>En su opini\u00f3n, es previsible que aumente la cifra de concursos en los pr\u00f3ximos meses, pero sin llegar a niveles excesivos.<\/p>\n<p><a class=\"prBtn ghost-button\" href=\"https:\/\/www.vozpopuli.com\/economia_y_finanzas\/bufetes-preparan-concursos-acreedores-recesion.html\" target=\"_blank\" rel=\"noopener\">Ver declaraciones<\/a><\/p>\n<\/div>\n<\/div>\n<\/div>\n<\/div>\n<\/div>\n<\/section>\n","protected":false},"excerpt":{"rendered":"<p>Nuestro socio Guillermo Prada analiza en Voz P\u00f3puli las perspectivas de concursos de acreedores ante el empeoramiento de la econom\u00eda. En su opini\u00f3n, es previsible que aumente la cifra de concursos en los pr\u00f3ximos meses, pero sin llegar a niveles excesivos. Ver declaraciones<\/p>\n","protected":false},"featured_media":0,"template":"","class_list":["post-3864","en-los-medios","type-en-los-medios","status-publish","hentry"],"yoast_head":"<!-- This site is optimized with the Yoast SEO plugin v28.2 - https:\/\/yoast.com\/product\/yoast-seo-wordpress\/ -->\n<title>Declaraciones de Guillermo Prada en Voz P\u00f3puli sobre las perspectivas de concursos de acreedores - PradaGayoso<\/title>\n<meta name=\"description\" content=\"Guillermo Prada, socio de PradaGayoso, analiza en Voz P\u00f3puli las perspectivas de concursos de acreedores ante el empeoramiento econ\u00f3mico.\" \/>\n<meta name=\"robots\" content=\"index, follow, max-snippet:-1, max-image-preview:large, max-video-preview:-1\" \/>\n<link rel=\"canonical\" href=\"https:\/\/pradagayoso.com\/en-los-medios\/guillermo-prada-voz-populi-perspectivas-concursos\/\" \/>\n<meta property=\"og:locale\" content=\"en_US\" \/>\n<meta property=\"og:type\" content=\"article\" \/>\n<meta property=\"og:title\" content=\"Declaraciones de Guillermo Prada en Voz P\u00f3puli sobre las perspectivas de concursos de acreedores - PradaGayoso\" \/>\n<meta property=\"og:description\" content=\"Guillermo Prada, socio de PradaGayoso, analiza en Voz P\u00f3puli las perspectivas de concursos de acreedores ante el empeoramiento econ\u00f3mico.\" \/>\n<meta property=\"og:url\" content=\"https:\/\/pradagayoso.com\/en-los-medios\/guillermo-prada-voz-populi-perspectivas-concursos\/\" \/>\n<meta property=\"og:site_name\" content=\"PradaGayoso\" \/>\n<meta property=\"article:publisher\" content=\"https:\/\/www.facebook.com\/pradagayoso\/\" \/>\n<meta property=\"article:modified_time\" content=\"2022-11-04T09:21:22+00:00\" \/>\n<meta property=\"og:image\" content=\"https:\/\/pradagayoso.com\/wp-content\/uploads\/2019\/01\/Img-OG-1200x630-PradaGayoso.jpg\" \/>\n\t<meta property=\"og:image:width\" content=\"1200\" \/>\n\t<meta property=\"og:image:height\" content=\"630\" \/>\n\t<meta property=\"og:image:type\" content=\"image\/jpeg\" \/>\n<meta name=\"twitter:card\" content=\"summary_large_image\" \/>\n<meta name=\"twitter:site\" content=\"@pradagayoso\" \/>\n<meta name=\"twitter:label1\" content=\"Est. reading time\" \/>\n\t<meta name=\"twitter:data1\" content=\"1 minute\" \/>\n<script type=\"application\/ld+json\" class=\"yoast-schema-graph\">{\"@context\":\"https:\\\/\\\/schema.org\",\"@graph\":[{\"@type\":\"WebPage\",\"@id\":\"https:\\\/\\\/pradagayoso.com\\\/en-los-medios\\\/guillermo-prada-voz-populi-perspectivas-concursos\\\/\",\"url\":\"https:\\\/\\\/pradagayoso.com\\\/en-los-medios\\\/guillermo-prada-voz-populi-perspectivas-concursos\\\/\",\"name\":\"Declaraciones de Guillermo Prada en Voz P\u00f3puli sobre las perspectivas de concursos de acreedores - PradaGayoso\",\"isPartOf\":{\"@id\":\"https:\\\/\\\/pradagayoso.com\\\/#website\"},\"datePublished\":\"2022-11-02T15:04:45+00:00\",\"dateModified\":\"2022-11-04T09:21:22+00:00\",\"description\":\"Guillermo Prada, socio de PradaGayoso, analiza en Voz P\u00f3puli las perspectivas de concursos de acreedores ante el empeoramiento econ\u00f3mico.\",\"breadcrumb\":{\"@id\":\"https:\\\/\\\/pradagayoso.com\\\/en-los-medios\\\/guillermo-prada-voz-populi-perspectivas-concursos\\\/#breadcrumb\"},\"inLanguage\":\"en-US\",\"potentialAction\":[{\"@type\":\"ReadAction\",\"target\":[\"https:\\\/\\\/pradagayoso.com\\\/en-los-medios\\\/guillermo-prada-voz-populi-perspectivas-concursos\\\/\"]}]},{\"@type\":\"BreadcrumbList\",\"@id\":\"https:\\\/\\\/pradagayoso.com\\\/en-los-medios\\\/guillermo-prada-voz-populi-perspectivas-concursos\\\/#breadcrumb\",\"itemListElement\":[{\"@type\":\"ListItem\",\"position\":1,\"name\":\"Portada\",\"item\":\"https:\\\/\\\/pradagayoso.com\\\/en\\\/\"},{\"@type\":\"ListItem\",\"position\":2,\"name\":\"En los medios\",\"item\":\"https:\\\/\\\/pradagayoso.com\\\/en-los-medios\\\/\"},{\"@type\":\"ListItem\",\"position\":3,\"name\":\"Declaraciones de Guillermo Prada en Voz P\u00f3puli sobre las perspectivas de concursos de acreedores\"}]},{\"@type\":\"WebSite\",\"@id\":\"https:\\\/\\\/pradagayoso.com\\\/#website\",\"url\":\"https:\\\/\\\/pradagayoso.com\\\/\",\"name\":\"PradaGayoso\",\"description\":\"Reestructuraci\u00f3n financiera\",\"publisher\":{\"@id\":\"https:\\\/\\\/pradagayoso.com\\\/#organization\"},\"potentialAction\":[{\"@type\":\"SearchAction\",\"target\":{\"@type\":\"EntryPoint\",\"urlTemplate\":\"https:\\\/\\\/pradagayoso.com\\\/?s={search_term_string}\"},\"query-input\":{\"@type\":\"PropertyValueSpecification\",\"valueRequired\":true,\"valueName\":\"search_term_string\"}}],\"inLanguage\":\"en-US\"},{\"@type\":\"Organization\",\"@id\":\"https:\\\/\\\/pradagayoso.com\\\/#organization\",\"name\":\"PradaGayoso\",\"url\":\"https:\\\/\\\/pradagayoso.com\\\/\",\"logo\":{\"@type\":\"ImageObject\",\"inLanguage\":\"en-US\",\"@id\":\"https:\\\/\\\/pradagayoso.com\\\/#\\\/schema\\\/logo\\\/image\\\/\",\"url\":\"https:\\\/\\\/pradagayoso.com\\\/wp-content\\\/uploads\\\/2018\\\/05\\\/logo_prada.png\",\"contentUrl\":\"https:\\\/\\\/pradagayoso.com\\\/wp-content\\\/uploads\\\/2018\\\/05\\\/logo_prada.png\",\"width\":284,\"height\":63,\"caption\":\"PradaGayoso\"},\"image\":{\"@id\":\"https:\\\/\\\/pradagayoso.com\\\/#\\\/schema\\\/logo\\\/image\\\/\"},\"sameAs\":[\"https:\\\/\\\/www.facebook.com\\\/pradagayoso\\\/\",\"https:\\\/\\\/x.com\\\/pradagayoso\",\"https:\\\/\\\/www.instagram.com\\\/pradagayoso\\\/\",\"https:\\\/\\\/www.linkedin.com\\\/company\\\/pradagayoso\\\/\",\"https:\\\/\\\/www.youtube.com\\\/channel\\\/UCOZT08GCsDLY8dVR8mH0IqA\"]}]}<\/script>\n<!-- \/ Yoast SEO plugin. -->","yoast_head_json":{"title":"Declaraciones de Guillermo Prada en Voz P\u00f3puli sobre las perspectivas de concursos de acreedores - PradaGayoso","description":"Guillermo Prada, socio de PradaGayoso, analiza en Voz P\u00f3puli las perspectivas de concursos de acreedores ante el empeoramiento econ\u00f3mico.","robots":{"index":"index","follow":"follow","max-snippet":"max-snippet:-1","max-image-preview":"max-image-preview:large","max-video-preview":"max-video-preview:-1"},"canonical":"https:\/\/pradagayoso.com\/en-los-medios\/guillermo-prada-voz-populi-perspectivas-concursos\/","og_locale":"en_US","og_type":"article","og_title":"Declaraciones de Guillermo Prada en Voz P\u00f3puli sobre las perspectivas de concursos de acreedores - PradaGayoso","og_description":"Guillermo Prada, socio de PradaGayoso, analiza en Voz P\u00f3puli las perspectivas de concursos de acreedores ante el empeoramiento econ\u00f3mico.","og_url":"https:\/\/pradagayoso.com\/en-los-medios\/guillermo-prada-voz-populi-perspectivas-concursos\/","og_site_name":"PradaGayoso","article_publisher":"https:\/\/www.facebook.com\/pradagayoso\/","article_modified_time":"2022-11-04T09:21:22+00:00","og_image":[{"width":1200,"height":630,"url":"https:\/\/pradagayoso.com\/wp-content\/uploads\/2019\/01\/Img-OG-1200x630-PradaGayoso.jpg","type":"image\/jpeg"}],"twitter_card":"summary_large_image","twitter_site":"@pradagayoso","twitter_misc":{"Est. reading time":"1 minute"},"schema":{"@context":"https:\/\/schema.org","@graph":[{"@type":"WebPage","@id":"https:\/\/pradagayoso.com\/en-los-medios\/guillermo-prada-voz-populi-perspectivas-concursos\/","url":"https:\/\/pradagayoso.com\/en-los-medios\/guillermo-prada-voz-populi-perspectivas-concursos\/","name":"Declaraciones de Guillermo Prada en Voz P\u00f3puli sobre las perspectivas de concursos de acreedores - PradaGayoso","isPartOf":{"@id":"https:\/\/pradagayoso.com\/#website"},"datePublished":"2022-11-02T15:04:45+00:00","dateModified":"2022-11-04T09:21:22+00:00","description":"Guillermo Prada, socio de PradaGayoso, analiza en Voz P\u00f3puli las perspectivas de concursos de acreedores ante el empeoramiento econ\u00f3mico.","breadcrumb":{"@id":"https:\/\/pradagayoso.com\/en-los-medios\/guillermo-prada-voz-populi-perspectivas-concursos\/#breadcrumb"},"inLanguage":"en-US","potentialAction":[{"@type":"ReadAction","target":["https:\/\/pradagayoso.com\/en-los-medios\/guillermo-prada-voz-populi-perspectivas-concursos\/"]}]},{"@type":"BreadcrumbList","@id":"https:\/\/pradagayoso.com\/en-los-medios\/guillermo-prada-voz-populi-perspectivas-concursos\/#breadcrumb","itemListElement":[{"@type":"ListItem","position":1,"name":"Portada","item":"https:\/\/pradagayoso.com\/en\/"},{"@type":"ListItem","position":2,"name":"En los medios","item":"https:\/\/pradagayoso.com\/en-los-medios\/"},{"@type":"ListItem","position":3,"name":"Declaraciones de Guillermo Prada en Voz P\u00f3puli sobre las perspectivas de concursos de acreedores"}]},{"@type":"WebSite","@id":"https:\/\/pradagayoso.com\/#website","url":"https:\/\/pradagayoso.com\/","name":"PradaGayoso","description":"Reestructuraci\u00f3n financiera","publisher":{"@id":"https:\/\/pradagayoso.com\/#organization"},"potentialAction":[{"@type":"SearchAction","target":{"@type":"EntryPoint","urlTemplate":"https:\/\/pradagayoso.com\/?s={search_term_string}"},"query-input":{"@type":"PropertyValueSpecification","valueRequired":true,"valueName":"search_term_string"}}],"inLanguage":"en-US"},{"@type":"Organization","@id":"https:\/\/pradagayoso.com\/#organization","name":"PradaGayoso","url":"https:\/\/pradagayoso.com\/","logo":{"@type":"ImageObject","inLanguage":"en-US","@id":"https:\/\/pradagayoso.com\/#\/schema\/logo\/image\/","url":"https:\/\/pradagayoso.com\/wp-content\/uploads\/2018\/05\/logo_prada.png","contentUrl":"https:\/\/pradagayoso.com\/wp-content\/uploads\/2018\/05\/logo_prada.png","width":284,"height":63,"caption":"PradaGayoso"},"image":{"@id":"https:\/\/pradagayoso.com\/#\/schema\/logo\/image\/"},"sameAs":["https:\/\/www.facebook.com\/pradagayoso\/","https:\/\/x.com\/pradagayoso","https:\/\/www.instagram.com\/pradagayoso\/","https:\/\/www.linkedin.com\/company\/pradagayoso\/","https:\/\/www.youtube.com\/channel\/UCOZT08GCsDLY8dVR8mH0IqA"]}]}},"_links":{"self":[{"href":"https:\/\/pradagayoso.com\/en\/wp-json\/wp\/v2\/en-los-medios\/3864","targetHints":{"allow":["GET"]}}],"collection":[{"href":"https:\/\/pradagayoso.com\/en\/wp-json\/wp\/v2\/en-los-medios"}],"about":[{"href":"https:\/\/pradagayoso.com\/en\/wp-json\/wp\/v2\/types\/en-los-medios"}],"version-history":[{"count":5,"href":"https:\/\/pradagayoso.com\/en\/wp-json\/wp\/v2\/en-los-medios\/3864\/revisions"}],"predecessor-version":[{"id":3869,"href":"https:\/\/pradagayoso.com\/en\/wp-json\/wp\/v2\/en-los-medios\/3864\/revisions\/3869"}],"wp:attachment":[{"href":"https:\/\/pradagayoso.com\/en\/wp-json\/wp\/v2\/media?parent=3864"}],"curies":[{"name":"wp","href":"https:\/\/api.w.org\/{rel}","templated":true}]}}

Declaraciones de Guillermo Prada en Voz Pópuli sobre las perspectivas de concursos de acreedores

<style type="text/css"></style>
<section class="kc-elm kc-css-1984883 kc_row entradilla">
<div class="kc-row-container  kc-container">
<div class="kc-wrap-columns">
<div class="kc-elm kc-css-2949747 kc_col-sm-12 kc_column kc_col-sm-12">
<div class="kc-col-container">
<div class="kc-elm kc-css-4110607 kc_text_block">
<p>Nuestro socio <a href="https://pradagayoso.com/equipo/guillermo-prada/">Guillermo Prada</a> analiza en <strong>Voz Pópuli</strong> las perspectivas de concursos de acreedores ante el empeoramiento de la economía.</p>
<p>En su opinión, es previsible que aumente la cifra de concursos en los próximos meses, pero sin llegar a niveles excesivos.</p>
<p><a class="prBtn ghost-button" href="https://www.vozpopuli.com/economia_y_finanzas/bufetes-preparan-concursos-acreedores-recesion.html" target="_blank" rel="noopener">Ver declaraciones</a></p>
</div>
</div>
</div>
</div>
</div>
</section>

<p>Nuestro socio Guillermo Prada analiza en Voz Pópuli las perspectivas de concursos de acreedores ante el empeoramiento de la economía. En su opinión, es previsible que aumente la cifra de concursos en los próximos meses, pero sin llegar a niveles excesivos. Ver declaraciones</p>

<!-- This site is optimized with the Yoast SEO plugin v28.2 - https://yoast.com/product/yoast-seo-wordpress/ -->
<title>Declaraciones de Guillermo Prada en Voz Pópuli sobre las perspectivas de concursos de acreedores - PradaGayoso</title>
<meta name="description" content="Guillermo Prada, socio de PradaGayoso, analiza en Voz Pópuli las perspectivas de concursos de acreedores ante el empeoramiento económico." />
<meta name="robots" content="index, follow, max-snippet:-1, max-image-preview:large, max-video-preview:-1" />
<link rel="canonical" href="https://pradagayoso.com/en-los-medios/guillermo-prada-voz-populi-perspectivas-concursos/" />
<meta property="og:locale" content="en_US" />
<meta property="og:type" content="article" />
<meta property="og:title" content="Declaraciones de Guillermo Prada en Voz Pópuli sobre las perspectivas de concursos de acreedores - PradaGayoso" />
<meta property="og:description" content="Guillermo Prada, socio de PradaGayoso, analiza en Voz Pópuli las perspectivas de concursos de acreedores ante el empeoramiento económico." />
<meta property="og:url" content="https://pradagayoso.com/en-los-medios/guillermo-prada-voz-populi-perspectivas-concursos/" />
<meta property="og:site_name" content="PradaGayoso" />
<meta property="article:publisher" content="https://www.facebook.com/pradagayoso/" />
<meta property="article:modified_time" content="2022-11-04T09:21:22+00:00" />
<meta property="og:image" content="https://pradagayoso.com/wp-content/uploads/2019/01/Img-OG-1200x630-PradaGayoso.jpg" />
	<meta property="og:image:width" content="1200" />
	<meta property="og:image:height" content="630" />
	<meta property="og:image:type" content="image/jpeg" />
<meta name="twitter:card" content="summary_large_image" />
<meta name="twitter:site" content="@pradagayoso" />
<meta name="twitter:label1" content="Est. reading time" />
	<meta name="twitter:data1" content="1 minute" />
<script type="application/ld+json" class="yoast-schema-graph">{"@context":"https:\/\/schema.org","@graph":[{"@type":"WebPage","@id":"https:\/\/pradagayoso.com\/en-los-medios\/guillermo-prada-voz-populi-perspectivas-concursos\/","url":"https:\/\/pradagayoso.com\/en-los-medios\/guillermo-prada-voz-populi-perspectivas-concursos\/","name":"Declaraciones de Guillermo Prada en Voz Pópuli sobre las perspectivas de concursos de acreedores - PradaGayoso","isPartOf":{"@id":"https:\/\/pradagayoso.com\/#website"},"datePublished":"2022-11-02T15:04:45+00:00","dateModified":"2022-11-04T09:21:22+00:00","description":"Guillermo Prada, socio de PradaGayoso, analiza en Voz Pópuli las perspectivas de concursos de acreedores ante el empeoramiento económico.","breadcrumb":{"@id":"https:\/\/pradagayoso.com\/en-los-medios\/guillermo-prada-voz-populi-perspectivas-concursos\/#breadcrumb"},"inLanguage":"en-US","potentialAction":[{"@type":"ReadAction","target":["https:\/\/pradagayoso.com\/en-los-medios\/guillermo-prada-voz-populi-perspectivas-concursos\/"]}]},{"@type":"BreadcrumbList","@id":"https:\/\/pradagayoso.com\/en-los-medios\/guillermo-prada-voz-populi-perspectivas-concursos\/#breadcrumb","itemListElement":[{"@type":"ListItem","position":1,"name":"Portada","item":"https:\/\/pradagayoso.com\/en\/"},{"@type":"ListItem","position":2,"name":"En los medios","item":"https:\/\/pradagayoso.com\/en-los-medios\/"},{"@type":"ListItem","position":3,"name":"Declaraciones de Guillermo Prada en Voz Pópuli sobre las perspectivas de concursos de acreedores"}]},{"@type":"WebSite","@id":"https:\/\/pradagayoso.com\/#website","url":"https:\/\/pradagayoso.com\/","name":"PradaGayoso","description":"Reestructuración financiera","publisher":{"@id":"https:\/\/pradagayoso.com\/#organization"},"potentialAction":[{"@type":"SearchAction","target":{"@type":"EntryPoint","urlTemplate":"https:\/\/pradagayoso.com\/?s={search_term_string}"},"query-input":{"@type":"PropertyValueSpecification","valueRequired":true,"valueName":"search_term_string"}}],"inLanguage":"en-US"},{"@type":"Organization","@id":"https:\/\/pradagayoso.com\/#organization","name":"PradaGayoso","url":"https:\/\/pradagayoso.com\/","logo":{"@type":"ImageObject","inLanguage":"en-US","@id":"https:\/\/pradagayoso.com\/#\/schema\/logo\/image\/","url":"https:\/\/pradagayoso.com\/wp-content\/uploads\/2018\/05\/logo_prada.png","contentUrl":"https:\/\/pradagayoso.com\/wp-content\/uploads\/2018\/05\/logo_prada.png","width":284,"height":63,"caption":"PradaGayoso"},"image":{"@id":"https:\/\/pradagayoso.com\/#\/schema\/logo\/image\/"},"sameAs":["https:\/\/www.facebook.com\/pradagayoso\/","https:\/\/x.com\/pradagayoso","https:\/\/www.instagram.com\/pradagayoso\/","https:\/\/www.linkedin.com\/company\/pradagayoso\/","https:\/\/www.youtube.com\/channel\/UCOZT08GCsDLY8dVR8mH0IqA"]}]}</script>
<!-- / Yoast SEO plugin. -->

Declaraciones de Guillermo Prada en Voz Pópuli sobre las perspectivas de concursos de acreedores - PradaGayoso

Guillermo Prada, socio de PradaGayoso, analiza en Voz Pópuli las perspectivas de concursos de acreedores ante el empeoramiento económico.

Reestructuración financiera
