{"id":3853,"date":"2022-10-20T12:24:47","date_gmt":"2022-10-20T10:24:47","guid":{"rendered":"https:\/\/pradagayoso.com\/?post_type=en-los-medios&#038;p=3853"},"modified":"2023-06-20T16:35:30","modified_gmt":"2023-06-20T14:35:30","slug":"javier-marquina-el-confidencial-formacion-clases-acreedores","status":"publish","type":"en-los-medios","link":"https:\/\/pradagayoso.com\/en\/en-los-medios\/javier-marquina-el-confidencial-formacion-clases-acreedores\/","title":{"rendered":"Declaraciones de Javier Marquina en El Confidencial sobre la formaci\u00f3n de clases de acreedores"},"content":{"rendered":"<style type=\"text\/css\"><\/style>\n<section class=\"kc-elm kc-css-1719839 kc_row entradilla\">\n<div class=\"kc-row-container  kc-container\">\n<div class=\"kc-wrap-columns\">\n<div class=\"kc-elm kc-css-3290607 kc_col-sm-12 kc_column kc_col-sm-12\">\n<div class=\"kc-col-container\">\n<div class=\"kc-elm kc-css-3458340 kc_text_block\">\n<p>Nuestro socio Javier Marquina ha concedido unas declaraciones a <strong>El Confidencial<\/strong> sobre la formaci\u00f3n de clases de acreedores en la negociaci\u00f3n de los planes de reestructuraci\u00f3n.<\/p>\n<p>En concreto, Javier Marquina apunta que se ha introducido la posibilidad de confirmar judicialmente la formaci\u00f3n de clases antes de solicitar la homologaci\u00f3n del plan de reestructuraci\u00f3n.<\/p>\n<p><a class=\"prBtn ghost-button\" href=\"https:\/\/www.elconfidencial.com\/empresas\/2022-10-20\/clasificacion-clases-acreedores-reestructuraciones_3509209\/\" target=\"_blank\" rel=\"noopener\">Ver declaraciones<\/a><\/p>\n<\/div>\n<\/div>\n<\/div>\n<\/div>\n<\/div>\n<\/section>\n","protected":false},"excerpt":{"rendered":"<p>Nuestro socio Javier Marquina ha concedido unas declaraciones a El Confidencial sobre la formaci\u00f3n de clases de acreedores en la negociaci\u00f3n de los planes de reestructuraci\u00f3n. En concreto, Javier Marquina apunta que se ha introducido la posibilidad de confirmar judicialmente la formaci\u00f3n de clases antes de solicitar la homologaci\u00f3n del plan de reestructuraci\u00f3n. Ver declaraciones<\/p>\n","protected":false},"featured_media":0,"template":"","class_list":["post-3853","en-los-medios","type-en-los-medios","status-publish","hentry"],"yoast_head":"<!-- This site is optimized with the Yoast SEO plugin v28.2 - https:\/\/yoast.com\/product\/yoast-seo-wordpress\/ -->\n<title>Declaraciones de Javier Marquina en El Confidencial sobre la formaci\u00f3n de clases de acreedores - PradaGayoso<\/title>\n<meta name=\"description\" content=\"Javier Marquina, socio de PradaGayoso, ha concedido unas declaraciones a El Confidencial sobre la formaci\u00f3n de clases de acreedores.\" \/>\n<meta name=\"robots\" content=\"index, follow, max-snippet:-1, max-image-preview:large, max-video-preview:-1\" \/>\n<link rel=\"canonical\" href=\"https:\/\/pradagayoso.com\/en-los-medios\/javier-marquina-el-confidencial-formacion-clases-acreedores\/\" \/>\n<meta property=\"og:locale\" content=\"en_US\" \/>\n<meta property=\"og:type\" content=\"article\" \/>\n<meta property=\"og:title\" content=\"Declaraciones de Javier Marquina en El Confidencial sobre la formaci\u00f3n de clases de acreedores - PradaGayoso\" \/>\n<meta property=\"og:description\" content=\"Javier Marquina, socio de PradaGayoso, ha concedido unas declaraciones a El Confidencial sobre la formaci\u00f3n de clases de acreedores.\" \/>\n<meta property=\"og:url\" content=\"https:\/\/pradagayoso.com\/en-los-medios\/javier-marquina-el-confidencial-formacion-clases-acreedores\/\" \/>\n<meta property=\"og:site_name\" content=\"PradaGayoso\" \/>\n<meta property=\"article:publisher\" content=\"https:\/\/www.facebook.com\/pradagayoso\/\" \/>\n<meta property=\"article:modified_time\" content=\"2023-06-20T14:35:30+00:00\" \/>\n<meta property=\"og:image\" content=\"https:\/\/pradagayoso.com\/wp-content\/uploads\/2019\/01\/Img-OG-1200x630-PradaGayoso.jpg\" \/>\n\t<meta property=\"og:image:width\" content=\"1200\" \/>\n\t<meta property=\"og:image:height\" content=\"630\" \/>\n\t<meta property=\"og:image:type\" content=\"image\/jpeg\" \/>\n<meta name=\"twitter:card\" content=\"summary_large_image\" \/>\n<meta name=\"twitter:site\" content=\"@pradagayoso\" \/>\n<meta name=\"twitter:label1\" content=\"Est. reading time\" \/>\n\t<meta name=\"twitter:data1\" content=\"1 minute\" \/>\n<script type=\"application\/ld+json\" class=\"yoast-schema-graph\">{\"@context\":\"https:\\\/\\\/schema.org\",\"@graph\":[{\"@type\":\"WebPage\",\"@id\":\"https:\\\/\\\/pradagayoso.com\\\/en-los-medios\\\/javier-marquina-el-confidencial-formacion-clases-acreedores\\\/\",\"url\":\"https:\\\/\\\/pradagayoso.com\\\/en-los-medios\\\/javier-marquina-el-confidencial-formacion-clases-acreedores\\\/\",\"name\":\"Declaraciones de Javier Marquina en El Confidencial sobre la formaci\u00f3n de clases de acreedores - PradaGayoso\",\"isPartOf\":{\"@id\":\"https:\\\/\\\/pradagayoso.com\\\/#website\"},\"datePublished\":\"2022-10-20T10:24:47+00:00\",\"dateModified\":\"2023-06-20T14:35:30+00:00\",\"description\":\"Javier Marquina, socio de PradaGayoso, ha concedido unas declaraciones a El Confidencial sobre la formaci\u00f3n de clases de acreedores.\",\"breadcrumb\":{\"@id\":\"https:\\\/\\\/pradagayoso.com\\\/en-los-medios\\\/javier-marquina-el-confidencial-formacion-clases-acreedores\\\/#breadcrumb\"},\"inLanguage\":\"en-US\",\"potentialAction\":[{\"@type\":\"ReadAction\",\"target\":[\"https:\\\/\\\/pradagayoso.com\\\/en-los-medios\\\/javier-marquina-el-confidencial-formacion-clases-acreedores\\\/\"]}]},{\"@type\":\"BreadcrumbList\",\"@id\":\"https:\\\/\\\/pradagayoso.com\\\/en-los-medios\\\/javier-marquina-el-confidencial-formacion-clases-acreedores\\\/#breadcrumb\",\"itemListElement\":[{\"@type\":\"ListItem\",\"position\":1,\"name\":\"Portada\",\"item\":\"https:\\\/\\\/pradagayoso.com\\\/en\\\/\"},{\"@type\":\"ListItem\",\"position\":2,\"name\":\"En los medios\",\"item\":\"https:\\\/\\\/pradagayoso.com\\\/en-los-medios\\\/\"},{\"@type\":\"ListItem\",\"position\":3,\"name\":\"Declaraciones de Javier Marquina en El Confidencial sobre la formaci\u00f3n de clases de acreedores\"}]},{\"@type\":\"WebSite\",\"@id\":\"https:\\\/\\\/pradagayoso.com\\\/#website\",\"url\":\"https:\\\/\\\/pradagayoso.com\\\/\",\"name\":\"PradaGayoso\",\"description\":\"Reestructuraci\u00f3n financiera\",\"publisher\":{\"@id\":\"https:\\\/\\\/pradagayoso.com\\\/#organization\"},\"potentialAction\":[{\"@type\":\"SearchAction\",\"target\":{\"@type\":\"EntryPoint\",\"urlTemplate\":\"https:\\\/\\\/pradagayoso.com\\\/?s={search_term_string}\"},\"query-input\":{\"@type\":\"PropertyValueSpecification\",\"valueRequired\":true,\"valueName\":\"search_term_string\"}}],\"inLanguage\":\"en-US\"},{\"@type\":\"Organization\",\"@id\":\"https:\\\/\\\/pradagayoso.com\\\/#organization\",\"name\":\"PradaGayoso\",\"url\":\"https:\\\/\\\/pradagayoso.com\\\/\",\"logo\":{\"@type\":\"ImageObject\",\"inLanguage\":\"en-US\",\"@id\":\"https:\\\/\\\/pradagayoso.com\\\/#\\\/schema\\\/logo\\\/image\\\/\",\"url\":\"https:\\\/\\\/pradagayoso.com\\\/wp-content\\\/uploads\\\/2018\\\/05\\\/logo_prada.png\",\"contentUrl\":\"https:\\\/\\\/pradagayoso.com\\\/wp-content\\\/uploads\\\/2018\\\/05\\\/logo_prada.png\",\"width\":284,\"height\":63,\"caption\":\"PradaGayoso\"},\"image\":{\"@id\":\"https:\\\/\\\/pradagayoso.com\\\/#\\\/schema\\\/logo\\\/image\\\/\"},\"sameAs\":[\"https:\\\/\\\/www.facebook.com\\\/pradagayoso\\\/\",\"https:\\\/\\\/x.com\\\/pradagayoso\",\"https:\\\/\\\/www.instagram.com\\\/pradagayoso\\\/\",\"https:\\\/\\\/www.linkedin.com\\\/company\\\/pradagayoso\\\/\",\"https:\\\/\\\/www.youtube.com\\\/channel\\\/UCOZT08GCsDLY8dVR8mH0IqA\"]}]}<\/script>\n<!-- \/ Yoast SEO plugin. -->","yoast_head_json":{"title":"Declaraciones de Javier Marquina en El Confidencial sobre la formaci\u00f3n de clases de acreedores - PradaGayoso","description":"Javier Marquina, socio de PradaGayoso, ha concedido unas declaraciones a El Confidencial sobre la formaci\u00f3n de clases de acreedores.","robots":{"index":"index","follow":"follow","max-snippet":"max-snippet:-1","max-image-preview":"max-image-preview:large","max-video-preview":"max-video-preview:-1"},"canonical":"https:\/\/pradagayoso.com\/en-los-medios\/javier-marquina-el-confidencial-formacion-clases-acreedores\/","og_locale":"en_US","og_type":"article","og_title":"Declaraciones de Javier Marquina en El Confidencial sobre la formaci\u00f3n de clases de acreedores - PradaGayoso","og_description":"Javier Marquina, socio de PradaGayoso, ha concedido unas declaraciones a El Confidencial sobre la formaci\u00f3n de clases de acreedores.","og_url":"https:\/\/pradagayoso.com\/en-los-medios\/javier-marquina-el-confidencial-formacion-clases-acreedores\/","og_site_name":"PradaGayoso","article_publisher":"https:\/\/www.facebook.com\/pradagayoso\/","article_modified_time":"2023-06-20T14:35:30+00:00","og_image":[{"width":1200,"height":630,"url":"https:\/\/pradagayoso.com\/wp-content\/uploads\/2019\/01\/Img-OG-1200x630-PradaGayoso.jpg","type":"image\/jpeg"}],"twitter_card":"summary_large_image","twitter_site":"@pradagayoso","twitter_misc":{"Est. reading time":"1 minute"},"schema":{"@context":"https:\/\/schema.org","@graph":[{"@type":"WebPage","@id":"https:\/\/pradagayoso.com\/en-los-medios\/javier-marquina-el-confidencial-formacion-clases-acreedores\/","url":"https:\/\/pradagayoso.com\/en-los-medios\/javier-marquina-el-confidencial-formacion-clases-acreedores\/","name":"Declaraciones de Javier Marquina en El Confidencial sobre la formaci\u00f3n de clases de acreedores - PradaGayoso","isPartOf":{"@id":"https:\/\/pradagayoso.com\/#website"},"datePublished":"2022-10-20T10:24:47+00:00","dateModified":"2023-06-20T14:35:30+00:00","description":"Javier Marquina, socio de PradaGayoso, ha concedido unas declaraciones a El Confidencial sobre la formaci\u00f3n de clases de acreedores.","breadcrumb":{"@id":"https:\/\/pradagayoso.com\/en-los-medios\/javier-marquina-el-confidencial-formacion-clases-acreedores\/#breadcrumb"},"inLanguage":"en-US","potentialAction":[{"@type":"ReadAction","target":["https:\/\/pradagayoso.com\/en-los-medios\/javier-marquina-el-confidencial-formacion-clases-acreedores\/"]}]},{"@type":"BreadcrumbList","@id":"https:\/\/pradagayoso.com\/en-los-medios\/javier-marquina-el-confidencial-formacion-clases-acreedores\/#breadcrumb","itemListElement":[{"@type":"ListItem","position":1,"name":"Portada","item":"https:\/\/pradagayoso.com\/en\/"},{"@type":"ListItem","position":2,"name":"En los medios","item":"https:\/\/pradagayoso.com\/en-los-medios\/"},{"@type":"ListItem","position":3,"name":"Declaraciones de Javier Marquina en El Confidencial sobre la formaci\u00f3n de clases de acreedores"}]},{"@type":"WebSite","@id":"https:\/\/pradagayoso.com\/#website","url":"https:\/\/pradagayoso.com\/","name":"PradaGayoso","description":"Reestructuraci\u00f3n financiera","publisher":{"@id":"https:\/\/pradagayoso.com\/#organization"},"potentialAction":[{"@type":"SearchAction","target":{"@type":"EntryPoint","urlTemplate":"https:\/\/pradagayoso.com\/?s={search_term_string}"},"query-input":{"@type":"PropertyValueSpecification","valueRequired":true,"valueName":"search_term_string"}}],"inLanguage":"en-US"},{"@type":"Organization","@id":"https:\/\/pradagayoso.com\/#organization","name":"PradaGayoso","url":"https:\/\/pradagayoso.com\/","logo":{"@type":"ImageObject","inLanguage":"en-US","@id":"https:\/\/pradagayoso.com\/#\/schema\/logo\/image\/","url":"https:\/\/pradagayoso.com\/wp-content\/uploads\/2018\/05\/logo_prada.png","contentUrl":"https:\/\/pradagayoso.com\/wp-content\/uploads\/2018\/05\/logo_prada.png","width":284,"height":63,"caption":"PradaGayoso"},"image":{"@id":"https:\/\/pradagayoso.com\/#\/schema\/logo\/image\/"},"sameAs":["https:\/\/www.facebook.com\/pradagayoso\/","https:\/\/x.com\/pradagayoso","https:\/\/www.instagram.com\/pradagayoso\/","https:\/\/www.linkedin.com\/company\/pradagayoso\/","https:\/\/www.youtube.com\/channel\/UCOZT08GCsDLY8dVR8mH0IqA"]}]}},"_links":{"self":[{"href":"https:\/\/pradagayoso.com\/en\/wp-json\/wp\/v2\/en-los-medios\/3853","targetHints":{"allow":["GET"]}}],"collection":[{"href":"https:\/\/pradagayoso.com\/en\/wp-json\/wp\/v2\/en-los-medios"}],"about":[{"href":"https:\/\/pradagayoso.com\/en\/wp-json\/wp\/v2\/types\/en-los-medios"}],"version-history":[{"count":3,"href":"https:\/\/pradagayoso.com\/en\/wp-json\/wp\/v2\/en-los-medios\/3853\/revisions"}],"predecessor-version":[{"id":4255,"href":"https:\/\/pradagayoso.com\/en\/wp-json\/wp\/v2\/en-los-medios\/3853\/revisions\/4255"}],"wp:attachment":[{"href":"https:\/\/pradagayoso.com\/en\/wp-json\/wp\/v2\/media?parent=3853"}],"curies":[{"name":"wp","href":"https:\/\/api.w.org\/{rel}","templated":true}]}}

Declaraciones de Javier Marquina en El Confidencial sobre la formación de clases de acreedores

<style type="text/css"></style>
<section class="kc-elm kc-css-1719839 kc_row entradilla">
<div class="kc-row-container  kc-container">
<div class="kc-wrap-columns">
<div class="kc-elm kc-css-3290607 kc_col-sm-12 kc_column kc_col-sm-12">
<div class="kc-col-container">
<div class="kc-elm kc-css-3458340 kc_text_block">
<p>Nuestro socio Javier Marquina ha concedido unas declaraciones a <strong>El Confidencial</strong> sobre la formación de clases de acreedores en la negociación de los planes de reestructuración.</p>
<p>En concreto, Javier Marquina apunta que se ha introducido la posibilidad de confirmar judicialmente la formación de clases antes de solicitar la homologación del plan de reestructuración.</p>
<p><a class="prBtn ghost-button" href="https://www.elconfidencial.com/empresas/2022-10-20/clasificacion-clases-acreedores-reestructuraciones_3509209/" target="_blank" rel="noopener">Ver declaraciones</a></p>
</div>
</div>
</div>
</div>
</div>
</section>

<p>Nuestro socio Javier Marquina ha concedido unas declaraciones a El Confidencial sobre la formación de clases de acreedores en la negociación de los planes de reestructuración. En concreto, Javier Marquina apunta que se ha introducido la posibilidad de confirmar judicialmente la formación de clases antes de solicitar la homologación del plan de reestructuración. Ver declaraciones</p>

<!-- This site is optimized with the Yoast SEO plugin v28.2 - https://yoast.com/product/yoast-seo-wordpress/ -->
<title>Declaraciones de Javier Marquina en El Confidencial sobre la formación de clases de acreedores - PradaGayoso</title>
<meta name="description" content="Javier Marquina, socio de PradaGayoso, ha concedido unas declaraciones a El Confidencial sobre la formación de clases de acreedores." />
<meta name="robots" content="index, follow, max-snippet:-1, max-image-preview:large, max-video-preview:-1" />
<link rel="canonical" href="https://pradagayoso.com/en-los-medios/javier-marquina-el-confidencial-formacion-clases-acreedores/" />
<meta property="og:locale" content="en_US" />
<meta property="og:type" content="article" />
<meta property="og:title" content="Declaraciones de Javier Marquina en El Confidencial sobre la formación de clases de acreedores - PradaGayoso" />
<meta property="og:description" content="Javier Marquina, socio de PradaGayoso, ha concedido unas declaraciones a El Confidencial sobre la formación de clases de acreedores." />
<meta property="og:url" content="https://pradagayoso.com/en-los-medios/javier-marquina-el-confidencial-formacion-clases-acreedores/" />
<meta property="og:site_name" content="PradaGayoso" />
<meta property="article:publisher" content="https://www.facebook.com/pradagayoso/" />
<meta property="article:modified_time" content="2023-06-20T14:35:30+00:00" />
<meta property="og:image" content="https://pradagayoso.com/wp-content/uploads/2019/01/Img-OG-1200x630-PradaGayoso.jpg" />
	<meta property="og:image:width" content="1200" />
	<meta property="og:image:height" content="630" />
	<meta property="og:image:type" content="image/jpeg" />
<meta name="twitter:card" content="summary_large_image" />
<meta name="twitter:site" content="@pradagayoso" />
<meta name="twitter:label1" content="Est. reading time" />
	<meta name="twitter:data1" content="1 minute" />
<script type="application/ld+json" class="yoast-schema-graph">{"@context":"https:\/\/schema.org","@graph":[{"@type":"WebPage","@id":"https:\/\/pradagayoso.com\/en-los-medios\/javier-marquina-el-confidencial-formacion-clases-acreedores\/","url":"https:\/\/pradagayoso.com\/en-los-medios\/javier-marquina-el-confidencial-formacion-clases-acreedores\/","name":"Declaraciones de Javier Marquina en El Confidencial sobre la formación de clases de acreedores - PradaGayoso","isPartOf":{"@id":"https:\/\/pradagayoso.com\/#website"},"datePublished":"2022-10-20T10:24:47+00:00","dateModified":"2023-06-20T14:35:30+00:00","description":"Javier Marquina, socio de PradaGayoso, ha concedido unas declaraciones a El Confidencial sobre la formación de clases de acreedores.","breadcrumb":{"@id":"https:\/\/pradagayoso.com\/en-los-medios\/javier-marquina-el-confidencial-formacion-clases-acreedores\/#breadcrumb"},"inLanguage":"en-US","potentialAction":[{"@type":"ReadAction","target":["https:\/\/pradagayoso.com\/en-los-medios\/javier-marquina-el-confidencial-formacion-clases-acreedores\/"]}]},{"@type":"BreadcrumbList","@id":"https:\/\/pradagayoso.com\/en-los-medios\/javier-marquina-el-confidencial-formacion-clases-acreedores\/#breadcrumb","itemListElement":[{"@type":"ListItem","position":1,"name":"Portada","item":"https:\/\/pradagayoso.com\/en\/"},{"@type":"ListItem","position":2,"name":"En los medios","item":"https:\/\/pradagayoso.com\/en-los-medios\/"},{"@type":"ListItem","position":3,"name":"Declaraciones de Javier Marquina en El Confidencial sobre la formación de clases de acreedores"}]},{"@type":"WebSite","@id":"https:\/\/pradagayoso.com\/#website","url":"https:\/\/pradagayoso.com\/","name":"PradaGayoso","description":"Reestructuración financiera","publisher":{"@id":"https:\/\/pradagayoso.com\/#organization"},"potentialAction":[{"@type":"SearchAction","target":{"@type":"EntryPoint","urlTemplate":"https:\/\/pradagayoso.com\/?s={search_term_string}"},"query-input":{"@type":"PropertyValueSpecification","valueRequired":true,"valueName":"search_term_string"}}],"inLanguage":"en-US"},{"@type":"Organization","@id":"https:\/\/pradagayoso.com\/#organization","name":"PradaGayoso","url":"https:\/\/pradagayoso.com\/","logo":{"@type":"ImageObject","inLanguage":"en-US","@id":"https:\/\/pradagayoso.com\/#\/schema\/logo\/image\/","url":"https:\/\/pradagayoso.com\/wp-content\/uploads\/2018\/05\/logo_prada.png","contentUrl":"https:\/\/pradagayoso.com\/wp-content\/uploads\/2018\/05\/logo_prada.png","width":284,"height":63,"caption":"PradaGayoso"},"image":{"@id":"https:\/\/pradagayoso.com\/#\/schema\/logo\/image\/"},"sameAs":["https:\/\/www.facebook.com\/pradagayoso\/","https:\/\/x.com\/pradagayoso","https:\/\/www.instagram.com\/pradagayoso\/","https:\/\/www.linkedin.com\/company\/pradagayoso\/","https:\/\/www.youtube.com\/channel\/UCOZT08GCsDLY8dVR8mH0IqA"]}]}</script>
<!-- / Yoast SEO plugin. -->

Declaraciones de Javier Marquina en El Confidencial sobre la formación de clases de acreedores - PradaGayoso

Javier Marquina, socio de PradaGayoso, ha concedido unas declaraciones a El Confidencial sobre la formación de clases de acreedores.

Reestructuración financiera
