{"id":3785,"date":"2022-09-26T18:47:40","date_gmt":"2022-09-26T16:47:40","guid":{"rendered":"https:\/\/pradagayoso.com\/?post_type=en-los-medios&#038;p=3785"},"modified":"2023-06-20T16:35:53","modified_gmt":"2023-06-20T14:35:53","slug":"declaraciones-guillermo-prada-javier-marquina-el-mundo-reforma-concursal-fondos","status":"publish","type":"en-los-medios","link":"https:\/\/pradagayoso.com\/en\/en-los-medios\/declaraciones-guillermo-prada-javier-marquina-el-mundo-reforma-concursal-fondos\/","title":{"rendered":"Declaraciones de Guillermo Prada y Javier Marquina en El Mundo sobre la reforma concursal"},"content":{"rendered":"<style type=\"text\/css\"><\/style>\n<section class=\"kc-elm kc-css-2062385 kc_row entradilla\">\n<div class=\"kc-row-container  kc-container\">\n<div class=\"kc-wrap-columns\">\n<div class=\"kc-elm kc-css-2051765 kc_col-sm-12 kc_column kc_col-sm-12\">\n<div class=\"kc-col-container\">\n<div class=\"kc-elm kc-css-225341 kc_text_block\">\n<p>Nuestros socios <a href=\"https:\/\/pradagayoso.com\/equipo\/guillermo-prada\/\">Guillermo Prada<\/a> y Javier Marquina han concedido unas declaraciones a <em>El Mundo<\/em> sobre el grado de inter\u00e9s de los fondos internacionales en invertir en empresas espa\u00f1olas a la vista de las ayudas p\u00fablicas recibidas por muchas compa\u00f1\u00edas durante la pandemia y las eventuales trabas que la Agencia Tributaria pueda poner a los procesos de reestructuraci\u00f3n.<\/p>\n<p>Javier Marquina afirma: \u201cHay que intentar erradicar la idea, bastante generalizada entre los operadores jur\u00eddicos del sector, de que el mantenimiento de los privilegios del cr\u00e9dito p\u00fablico en la reforma de la ley va a ser una barrera infranqueable para alcanzar planes de reestructuraci\u00f3n y, en su caso, propuestas de convenio. El objetivo de Hacienda no es otro que recaudar el mayor importe posible, por lo que en los casos que se planteen, tendr\u00e1 que evaluar qu\u00e9 alternativa es m\u00e1s favorable para lograr ese objetivo; en muchos casos ser\u00e1 la de apoyar el plan de reestructuraci\u00f3n presentado\u201d.<\/p>\n<p>Por su parte, Guillermo Prada considera que la Agencia Tributaria cuenta con los medios y organizaci\u00f3n para gestionar \u201cde la mejor forma\u201d la autorizaci\u00f3n de los planes de reestructuraci\u00f3n de aquellas empresas que hayan recibido avales p\u00fablicos. &#8220;As\u00ed las cosas, no parece que esto vaya a desanimar a las gestoras de fondos, particularmente los especializados en conceder financiaci\u00f3n en situaciones especiales o aquellos especializados en comprar carteras de pr\u00e9stamos dudosos (NPL)&#8221;.<\/p>\n<p><a class=\"prBtn ghost-button\" href=\"https:\/\/www.elmundo.es\/economia\/macroeconomia\/2022\/09\/26\/632d92d9e4d4d8b23c8b45cc.html\" target=\"_blank\" rel=\"noopener\">Ver declaraciones<\/a><\/p>\n<\/div>\n<\/div>\n<\/div>\n<\/div>\n<\/div>\n<\/section>\n","protected":false},"excerpt":{"rendered":"<p>Nuestros socios Guillermo Prada y Javier Marquina han concedido unas declaraciones a El Mundo sobre el grado de inter\u00e9s de los fondos internacionales en invertir en empresas espa\u00f1olas a la vista de las ayudas p\u00fablicas recibidas por muchas compa\u00f1\u00edas durante la pandemia y las eventuales trabas que la Agencia Tributaria pueda poner a los procesos &hellip; <\/p>\n<p class=\"link-more\"><a href=\"https:\/\/pradagayoso.com\/en\/en-los-medios\/declaraciones-guillermo-prada-javier-marquina-el-mundo-reforma-concursal-fondos\/\" class=\"more-link\">Continue reading<span class=\"screen-reader-text\"> &#8220;Declaraciones de Guillermo Prada y Javier Marquina en El Mundo sobre la reforma concursal&#8221;<\/span><\/a><\/p>\n","protected":false},"featured_media":0,"template":"","class_list":["post-3785","en-los-medios","type-en-los-medios","status-publish","hentry"],"yoast_head":"<!-- This site is optimized with the Yoast SEO plugin v28.2 - https:\/\/yoast.com\/product\/yoast-seo-wordpress\/ -->\n<title>Declaraciones de Guillermo Prada y Javier Marquina en El Mundo sobre la reforma concursal - PradaGayoso<\/title>\n<meta name=\"description\" content=\"Guillermo Prada y Javier Marquina se pronuncian en El Mundo sobre el papel de la Agencia Tributaria en los planes de reestructuraci\u00f3n.\" \/>\n<meta name=\"robots\" content=\"index, follow, max-snippet:-1, max-image-preview:large, max-video-preview:-1\" \/>\n<link rel=\"canonical\" href=\"https:\/\/pradagayoso.com\/en-los-medios\/declaraciones-guillermo-prada-javier-marquina-el-mundo-reforma-concursal-fondos\/\" \/>\n<meta property=\"og:locale\" content=\"en_US\" \/>\n<meta property=\"og:type\" content=\"article\" \/>\n<meta property=\"og:title\" content=\"Declaraciones de Guillermo Prada y Javier Marquina en El Mundo sobre la reforma concursal - PradaGayoso\" \/>\n<meta property=\"og:description\" content=\"Guillermo Prada y Javier Marquina se pronuncian en El Mundo sobre el papel de la Agencia Tributaria en los planes de reestructuraci\u00f3n.\" \/>\n<meta property=\"og:url\" content=\"https:\/\/pradagayoso.com\/en-los-medios\/declaraciones-guillermo-prada-javier-marquina-el-mundo-reforma-concursal-fondos\/\" \/>\n<meta property=\"og:site_name\" content=\"PradaGayoso\" \/>\n<meta property=\"article:publisher\" content=\"https:\/\/www.facebook.com\/pradagayoso\/\" \/>\n<meta property=\"article:modified_time\" content=\"2023-06-20T14:35:53+00:00\" \/>\n<meta property=\"og:image\" content=\"https:\/\/pradagayoso.com\/wp-content\/uploads\/2019\/01\/Img-OG-1200x630-PradaGayoso.jpg\" \/>\n\t<meta property=\"og:image:width\" content=\"1200\" \/>\n\t<meta property=\"og:image:height\" content=\"630\" \/>\n\t<meta property=\"og:image:type\" content=\"image\/jpeg\" \/>\n<meta name=\"twitter:card\" content=\"summary_large_image\" \/>\n<meta name=\"twitter:site\" content=\"@pradagayoso\" \/>\n<meta name=\"twitter:label1\" content=\"Est. reading time\" \/>\n\t<meta name=\"twitter:data1\" content=\"2 minutes\" \/>\n<script type=\"application\/ld+json\" class=\"yoast-schema-graph\">{\"@context\":\"https:\\\/\\\/schema.org\",\"@graph\":[{\"@type\":\"WebPage\",\"@id\":\"https:\\\/\\\/pradagayoso.com\\\/en-los-medios\\\/declaraciones-guillermo-prada-javier-marquina-el-mundo-reforma-concursal-fondos\\\/\",\"url\":\"https:\\\/\\\/pradagayoso.com\\\/en-los-medios\\\/declaraciones-guillermo-prada-javier-marquina-el-mundo-reforma-concursal-fondos\\\/\",\"name\":\"Declaraciones de Guillermo Prada y Javier Marquina en El Mundo sobre la reforma concursal - PradaGayoso\",\"isPartOf\":{\"@id\":\"https:\\\/\\\/pradagayoso.com\\\/#website\"},\"datePublished\":\"2022-09-26T16:47:40+00:00\",\"dateModified\":\"2023-06-20T14:35:53+00:00\",\"description\":\"Guillermo Prada y Javier Marquina se pronuncian en El Mundo sobre el papel de la Agencia Tributaria en los planes de reestructuraci\u00f3n.\",\"breadcrumb\":{\"@id\":\"https:\\\/\\\/pradagayoso.com\\\/en-los-medios\\\/declaraciones-guillermo-prada-javier-marquina-el-mundo-reforma-concursal-fondos\\\/#breadcrumb\"},\"inLanguage\":\"en-US\",\"potentialAction\":[{\"@type\":\"ReadAction\",\"target\":[\"https:\\\/\\\/pradagayoso.com\\\/en-los-medios\\\/declaraciones-guillermo-prada-javier-marquina-el-mundo-reforma-concursal-fondos\\\/\"]}]},{\"@type\":\"BreadcrumbList\",\"@id\":\"https:\\\/\\\/pradagayoso.com\\\/en-los-medios\\\/declaraciones-guillermo-prada-javier-marquina-el-mundo-reforma-concursal-fondos\\\/#breadcrumb\",\"itemListElement\":[{\"@type\":\"ListItem\",\"position\":1,\"name\":\"Portada\",\"item\":\"https:\\\/\\\/pradagayoso.com\\\/en\\\/\"},{\"@type\":\"ListItem\",\"position\":2,\"name\":\"En los medios\",\"item\":\"https:\\\/\\\/pradagayoso.com\\\/en-los-medios\\\/\"},{\"@type\":\"ListItem\",\"position\":3,\"name\":\"Declaraciones de Guillermo Prada y Javier Marquina en El Mundo sobre la reforma concursal\"}]},{\"@type\":\"WebSite\",\"@id\":\"https:\\\/\\\/pradagayoso.com\\\/#website\",\"url\":\"https:\\\/\\\/pradagayoso.com\\\/\",\"name\":\"PradaGayoso\",\"description\":\"Reestructuraci\u00f3n financiera\",\"publisher\":{\"@id\":\"https:\\\/\\\/pradagayoso.com\\\/#organization\"},\"potentialAction\":[{\"@type\":\"SearchAction\",\"target\":{\"@type\":\"EntryPoint\",\"urlTemplate\":\"https:\\\/\\\/pradagayoso.com\\\/?s={search_term_string}\"},\"query-input\":{\"@type\":\"PropertyValueSpecification\",\"valueRequired\":true,\"valueName\":\"search_term_string\"}}],\"inLanguage\":\"en-US\"},{\"@type\":\"Organization\",\"@id\":\"https:\\\/\\\/pradagayoso.com\\\/#organization\",\"name\":\"PradaGayoso\",\"url\":\"https:\\\/\\\/pradagayoso.com\\\/\",\"logo\":{\"@type\":\"ImageObject\",\"inLanguage\":\"en-US\",\"@id\":\"https:\\\/\\\/pradagayoso.com\\\/#\\\/schema\\\/logo\\\/image\\\/\",\"url\":\"https:\\\/\\\/pradagayoso.com\\\/wp-content\\\/uploads\\\/2018\\\/05\\\/logo_prada.png\",\"contentUrl\":\"https:\\\/\\\/pradagayoso.com\\\/wp-content\\\/uploads\\\/2018\\\/05\\\/logo_prada.png\",\"width\":284,\"height\":63,\"caption\":\"PradaGayoso\"},\"image\":{\"@id\":\"https:\\\/\\\/pradagayoso.com\\\/#\\\/schema\\\/logo\\\/image\\\/\"},\"sameAs\":[\"https:\\\/\\\/www.facebook.com\\\/pradagayoso\\\/\",\"https:\\\/\\\/x.com\\\/pradagayoso\",\"https:\\\/\\\/www.instagram.com\\\/pradagayoso\\\/\",\"https:\\\/\\\/www.linkedin.com\\\/company\\\/pradagayoso\\\/\",\"https:\\\/\\\/www.youtube.com\\\/channel\\\/UCOZT08GCsDLY8dVR8mH0IqA\"]}]}<\/script>\n<!-- \/ Yoast SEO plugin. -->","yoast_head_json":{"title":"Declaraciones de Guillermo Prada y Javier Marquina en El Mundo sobre la reforma concursal - PradaGayoso","description":"Guillermo Prada y Javier Marquina se pronuncian en El Mundo sobre el papel de la Agencia Tributaria en los planes de reestructuraci\u00f3n.","robots":{"index":"index","follow":"follow","max-snippet":"max-snippet:-1","max-image-preview":"max-image-preview:large","max-video-preview":"max-video-preview:-1"},"canonical":"https:\/\/pradagayoso.com\/en-los-medios\/declaraciones-guillermo-prada-javier-marquina-el-mundo-reforma-concursal-fondos\/","og_locale":"en_US","og_type":"article","og_title":"Declaraciones de Guillermo Prada y Javier Marquina en El Mundo sobre la reforma concursal - PradaGayoso","og_description":"Guillermo Prada y Javier Marquina se pronuncian en El Mundo sobre el papel de la Agencia Tributaria en los planes de reestructuraci\u00f3n.","og_url":"https:\/\/pradagayoso.com\/en-los-medios\/declaraciones-guillermo-prada-javier-marquina-el-mundo-reforma-concursal-fondos\/","og_site_name":"PradaGayoso","article_publisher":"https:\/\/www.facebook.com\/pradagayoso\/","article_modified_time":"2023-06-20T14:35:53+00:00","og_image":[{"width":1200,"height":630,"url":"https:\/\/pradagayoso.com\/wp-content\/uploads\/2019\/01\/Img-OG-1200x630-PradaGayoso.jpg","type":"image\/jpeg"}],"twitter_card":"summary_large_image","twitter_site":"@pradagayoso","twitter_misc":{"Est. reading time":"2 minutes"},"schema":{"@context":"https:\/\/schema.org","@graph":[{"@type":"WebPage","@id":"https:\/\/pradagayoso.com\/en-los-medios\/declaraciones-guillermo-prada-javier-marquina-el-mundo-reforma-concursal-fondos\/","url":"https:\/\/pradagayoso.com\/en-los-medios\/declaraciones-guillermo-prada-javier-marquina-el-mundo-reforma-concursal-fondos\/","name":"Declaraciones de Guillermo Prada y Javier Marquina en El Mundo sobre la reforma concursal - PradaGayoso","isPartOf":{"@id":"https:\/\/pradagayoso.com\/#website"},"datePublished":"2022-09-26T16:47:40+00:00","dateModified":"2023-06-20T14:35:53+00:00","description":"Guillermo Prada y Javier Marquina se pronuncian en El Mundo sobre el papel de la Agencia Tributaria en los planes de reestructuraci\u00f3n.","breadcrumb":{"@id":"https:\/\/pradagayoso.com\/en-los-medios\/declaraciones-guillermo-prada-javier-marquina-el-mundo-reforma-concursal-fondos\/#breadcrumb"},"inLanguage":"en-US","potentialAction":[{"@type":"ReadAction","target":["https:\/\/pradagayoso.com\/en-los-medios\/declaraciones-guillermo-prada-javier-marquina-el-mundo-reforma-concursal-fondos\/"]}]},{"@type":"BreadcrumbList","@id":"https:\/\/pradagayoso.com\/en-los-medios\/declaraciones-guillermo-prada-javier-marquina-el-mundo-reforma-concursal-fondos\/#breadcrumb","itemListElement":[{"@type":"ListItem","position":1,"name":"Portada","item":"https:\/\/pradagayoso.com\/en\/"},{"@type":"ListItem","position":2,"name":"En los medios","item":"https:\/\/pradagayoso.com\/en-los-medios\/"},{"@type":"ListItem","position":3,"name":"Declaraciones de Guillermo Prada y Javier Marquina en El Mundo sobre la reforma concursal"}]},{"@type":"WebSite","@id":"https:\/\/pradagayoso.com\/#website","url":"https:\/\/pradagayoso.com\/","name":"PradaGayoso","description":"Reestructuraci\u00f3n financiera","publisher":{"@id":"https:\/\/pradagayoso.com\/#organization"},"potentialAction":[{"@type":"SearchAction","target":{"@type":"EntryPoint","urlTemplate":"https:\/\/pradagayoso.com\/?s={search_term_string}"},"query-input":{"@type":"PropertyValueSpecification","valueRequired":true,"valueName":"search_term_string"}}],"inLanguage":"en-US"},{"@type":"Organization","@id":"https:\/\/pradagayoso.com\/#organization","name":"PradaGayoso","url":"https:\/\/pradagayoso.com\/","logo":{"@type":"ImageObject","inLanguage":"en-US","@id":"https:\/\/pradagayoso.com\/#\/schema\/logo\/image\/","url":"https:\/\/pradagayoso.com\/wp-content\/uploads\/2018\/05\/logo_prada.png","contentUrl":"https:\/\/pradagayoso.com\/wp-content\/uploads\/2018\/05\/logo_prada.png","width":284,"height":63,"caption":"PradaGayoso"},"image":{"@id":"https:\/\/pradagayoso.com\/#\/schema\/logo\/image\/"},"sameAs":["https:\/\/www.facebook.com\/pradagayoso\/","https:\/\/x.com\/pradagayoso","https:\/\/www.instagram.com\/pradagayoso\/","https:\/\/www.linkedin.com\/company\/pradagayoso\/","https:\/\/www.youtube.com\/channel\/UCOZT08GCsDLY8dVR8mH0IqA"]}]}},"_links":{"self":[{"href":"https:\/\/pradagayoso.com\/en\/wp-json\/wp\/v2\/en-los-medios\/3785","targetHints":{"allow":["GET"]}}],"collection":[{"href":"https:\/\/pradagayoso.com\/en\/wp-json\/wp\/v2\/en-los-medios"}],"about":[{"href":"https:\/\/pradagayoso.com\/en\/wp-json\/wp\/v2\/types\/en-los-medios"}],"version-history":[{"count":4,"href":"https:\/\/pradagayoso.com\/en\/wp-json\/wp\/v2\/en-los-medios\/3785\/revisions"}],"predecessor-version":[{"id":4257,"href":"https:\/\/pradagayoso.com\/en\/wp-json\/wp\/v2\/en-los-medios\/3785\/revisions\/4257"}],"wp:attachment":[{"href":"https:\/\/pradagayoso.com\/en\/wp-json\/wp\/v2\/media?parent=3785"}],"curies":[{"name":"wp","href":"https:\/\/api.w.org\/{rel}","templated":true}]}}

<style type="text/css"></style>
<section class="kc-elm kc-css-2062385 kc_row entradilla">
<div class="kc-row-container  kc-container">
<div class="kc-wrap-columns">
<div class="kc-elm kc-css-2051765 kc_col-sm-12 kc_column kc_col-sm-12">
<div class="kc-col-container">
<div class="kc-elm kc-css-225341 kc_text_block">
<p>Nuestros socios <a href="https://pradagayoso.com/equipo/guillermo-prada/">Guillermo Prada</a> y Javier Marquina han concedido unas declaraciones a <em>El Mundo</em> sobre el grado de interés de los fondos internacionales en invertir en empresas españolas a la vista de las ayudas públicas recibidas por muchas compañías durante la pandemia y las eventuales trabas que la Agencia Tributaria pueda poner a los procesos de reestructuración.</p>
<p>Javier Marquina afirma: “Hay que intentar erradicar la idea, bastante generalizada entre los operadores jurídicos del sector, de que el mantenimiento de los privilegios del crédito público en la reforma de la ley va a ser una barrera infranqueable para alcanzar planes de reestructuración y, en su caso, propuestas de convenio. El objetivo de Hacienda no es otro que recaudar el mayor importe posible, por lo que en los casos que se planteen, tendrá que evaluar qué alternativa es más favorable para lograr ese objetivo; en muchos casos será la de apoyar el plan de reestructuración presentado”.</p>
<p>Por su parte, Guillermo Prada considera que la Agencia Tributaria cuenta con los medios y organización para gestionar “de la mejor forma” la autorización de los planes de reestructuración de aquellas empresas que hayan recibido avales públicos. &#8220;Así las cosas, no parece que esto vaya a desanimar a las gestoras de fondos, particularmente los especializados en conceder financiación en situaciones especiales o aquellos especializados en comprar carteras de préstamos dudosos (NPL)&#8221;.</p>
<p><a class="prBtn ghost-button" href="https://www.elmundo.es/economia/macroeconomia/2022/09/26/632d92d9e4d4d8b23c8b45cc.html" target="_blank" rel="noopener">Ver declaraciones</a></p>
</div>
</div>
</div>
</div>
</div>
</section>

<p>Nuestros socios Guillermo Prada y Javier Marquina han concedido unas declaraciones a El Mundo sobre el grado de interés de los fondos internacionales en invertir en empresas españolas a la vista de las ayudas públicas recibidas por muchas compañías durante la pandemia y las eventuales trabas que la Agencia Tributaria pueda poner a los procesos &hellip; </p>
<p class="link-more"><a href="https://pradagayoso.com/en/en-los-medios/declaraciones-guillermo-prada-javier-marquina-el-mundo-reforma-concursal-fondos/" class="more-link">Continue reading<span class="screen-reader-text"> &#8220;Declaraciones de Guillermo Prada y Javier Marquina en El Mundo sobre la reforma concursal&#8221;</span></a></p>

<!-- This site is optimized with the Yoast SEO plugin v28.2 - https://yoast.com/product/yoast-seo-wordpress/ -->
<title>Declaraciones de Guillermo Prada y Javier Marquina en El Mundo sobre la reforma concursal - PradaGayoso</title>
<meta name="description" content="Guillermo Prada y Javier Marquina se pronuncian en El Mundo sobre el papel de la Agencia Tributaria en los planes de reestructuración." />
<meta name="robots" content="index, follow, max-snippet:-1, max-image-preview:large, max-video-preview:-1" />
<link rel="canonical" href="https://pradagayoso.com/en-los-medios/declaraciones-guillermo-prada-javier-marquina-el-mundo-reforma-concursal-fondos/" />
<meta property="og:locale" content="en_US" />
<meta property="og:type" content="article" />
<meta property="og:title" content="Declaraciones de Guillermo Prada y Javier Marquina en El Mundo sobre la reforma concursal - PradaGayoso" />
<meta property="og:description" content="Guillermo Prada y Javier Marquina se pronuncian en El Mundo sobre el papel de la Agencia Tributaria en los planes de reestructuración." />
<meta property="og:url" content="https://pradagayoso.com/en-los-medios/declaraciones-guillermo-prada-javier-marquina-el-mundo-reforma-concursal-fondos/" />
<meta property="og:site_name" content="PradaGayoso" />
<meta property="article:publisher" content="https://www.facebook.com/pradagayoso/" />
<meta property="article:modified_time" content="2023-06-20T14:35:53+00:00" />
<meta property="og:image" content="https://pradagayoso.com/wp-content/uploads/2019/01/Img-OG-1200x630-PradaGayoso.jpg" />
	<meta property="og:image:width" content="1200" />
	<meta property="og:image:height" content="630" />
	<meta property="og:image:type" content="image/jpeg" />
<meta name="twitter:card" content="summary_large_image" />
<meta name="twitter:site" content="@pradagayoso" />
<meta name="twitter:label1" content="Est. reading time" />
	<meta name="twitter:data1" content="2 minutes" />
<script type="application/ld+json" class="yoast-schema-graph">{"@context":"https:\/\/schema.org","@graph":[{"@type":"WebPage","@id":"https:\/\/pradagayoso.com\/en-los-medios\/declaraciones-guillermo-prada-javier-marquina-el-mundo-reforma-concursal-fondos\/","url":"https:\/\/pradagayoso.com\/en-los-medios\/declaraciones-guillermo-prada-javier-marquina-el-mundo-reforma-concursal-fondos\/","name":"Declaraciones de Guillermo Prada y Javier Marquina en El Mundo sobre la reforma concursal - PradaGayoso","isPartOf":{"@id":"https:\/\/pradagayoso.com\/#website"},"datePublished":"2022-09-26T16:47:40+00:00","dateModified":"2023-06-20T14:35:53+00:00","description":"Guillermo Prada y Javier Marquina se pronuncian en El Mundo sobre el papel de la Agencia Tributaria en los planes de reestructuración.","breadcrumb":{"@id":"https:\/\/pradagayoso.com\/en-los-medios\/declaraciones-guillermo-prada-javier-marquina-el-mundo-reforma-concursal-fondos\/#breadcrumb"},"inLanguage":"en-US","potentialAction":[{"@type":"ReadAction","target":["https:\/\/pradagayoso.com\/en-los-medios\/declaraciones-guillermo-prada-javier-marquina-el-mundo-reforma-concursal-fondos\/"]}]},{"@type":"BreadcrumbList","@id":"https:\/\/pradagayoso.com\/en-los-medios\/declaraciones-guillermo-prada-javier-marquina-el-mundo-reforma-concursal-fondos\/#breadcrumb","itemListElement":[{"@type":"ListItem","position":1,"name":"Portada","item":"https:\/\/pradagayoso.com\/en\/"},{"@type":"ListItem","position":2,"name":"En los medios","item":"https:\/\/pradagayoso.com\/en-los-medios\/"},{"@type":"ListItem","position":3,"name":"Declaraciones de Guillermo Prada y Javier Marquina en El Mundo sobre la reforma concursal"}]},{"@type":"WebSite","@id":"https:\/\/pradagayoso.com\/#website","url":"https:\/\/pradagayoso.com\/","name":"PradaGayoso","description":"Reestructuración financiera","publisher":{"@id":"https:\/\/pradagayoso.com\/#organization"},"potentialAction":[{"@type":"SearchAction","target":{"@type":"EntryPoint","urlTemplate":"https:\/\/pradagayoso.com\/?s={search_term_string}"},"query-input":{"@type":"PropertyValueSpecification","valueRequired":true,"valueName":"search_term_string"}}],"inLanguage":"en-US"},{"@type":"Organization","@id":"https:\/\/pradagayoso.com\/#organization","name":"PradaGayoso","url":"https:\/\/pradagayoso.com\/","logo":{"@type":"ImageObject","inLanguage":"en-US","@id":"https:\/\/pradagayoso.com\/#\/schema\/logo\/image\/","url":"https:\/\/pradagayoso.com\/wp-content\/uploads\/2018\/05\/logo_prada.png","contentUrl":"https:\/\/pradagayoso.com\/wp-content\/uploads\/2018\/05\/logo_prada.png","width":284,"height":63,"caption":"PradaGayoso"},"image":{"@id":"https:\/\/pradagayoso.com\/#\/schema\/logo\/image\/"},"sameAs":["https:\/\/www.facebook.com\/pradagayoso\/","https:\/\/x.com\/pradagayoso","https:\/\/www.instagram.com\/pradagayoso\/","https:\/\/www.linkedin.com\/company\/pradagayoso\/","https:\/\/www.youtube.com\/channel\/UCOZT08GCsDLY8dVR8mH0IqA"]}]}</script>
<!-- / Yoast SEO plugin. -->

Guillermo Prada y Javier Marquina se pronuncian en El Mundo sobre el papel de la Agencia Tributaria en los planes de reestructuración.

Reestructuración financiera
