{"id":3121,"date":"2021-12-22T10:20:22","date_gmt":"2021-12-22T08:20:22","guid":{"rendered":"https:\/\/pradagayoso.com\/?post_type=en-los-medios&#038;p=3121"},"modified":"2021-12-22T10:21:29","modified_gmt":"2021-12-22T08:21:29","slug":"declaraciones-guillermo-prada-proyecto-de-ley-reforma-concursal","status":"publish","type":"en-los-medios","link":"https:\/\/pradagayoso.com\/en\/en-los-medios\/declaraciones-guillermo-prada-proyecto-de-ley-reforma-concursal\/","title":{"rendered":"Declaraciones de Guillermo Prada sobre el proyecto de ley de reforma concursal"},"content":{"rendered":"<style type=\"text\/css\"><\/style>\n<section class=\"kc-elm kc-css-2253491 kc_row entradilla\">\n<div class=\"kc-row-container  kc-container\">\n<div class=\"kc-wrap-columns\">\n<div class=\"kc-elm kc-css-1949284 kc_col-sm-12 kc_column kc_col-sm-12\">\n<div class=\"kc-col-container\">\n<div class=\"kc-elm kc-css-3518093 kc_text_block\">\n<p><a href=\"https:\/\/pradagayoso.com\/equipo\/guillermo-prada\/\">Guillermo Prada<\/a>, socio de PradaGayoso, ha concedido unas declaraciones a <em>El Mundo<\/em> y <em>La Vanguardia<\/em> en relaci\u00f3n con el <a href=\"https:\/\/portal.mineco.gob.es\/es-es\/comunicacion\/Paginas\/211221_np_concursal.aspx\" target=\"_blank\" rel=\"noopener\">Proyecto de Ley de Reforma del Texto Refundido de la Ley Concursal<\/a>, que fue aprobado ayer por el Consejo de Ministros.<\/p>\n<p>En <em>La Vanguardia<\/em>, Guillermo Prada se muestra partidario de reformar el modelo actual:<\/p>\n<blockquote>\n<p style=\"padding-left: 40px;\">El sistema espa\u00f1ol de judicializaci\u00f3n de la insolvencia es un fracaso completo, pero no porque la mayor\u00eda de las empresas termine en liquidaci\u00f3n sino porque esa liquidaci\u00f3n apenas deja nada para los acreedores ordinarios, tarda mucho tiempo y colapsa los juzgados.<\/p>\n<\/blockquote>\n<p style=\"padding-left: 40px;\"><a class=\"prBtn ghost-button\" href=\"https:\/\/www.lavanguardia.com\/economia\/20211222\/7946302\/demandas-aereas-salen-juzgados-mercantiles.html\" target=\"_blank\" rel=\"noopener\">Ver art\u00edculo en La Vanguardia<\/a><\/p>\n<p>Asimismo, defiende en <em>El Mundo<\/em> la conveniencia de conceder una segunda oportunidad a las personas f\u00edsicas que fracasan en su iniciativa empresarial.<\/p>\n<p style=\"padding-left: 40px;\"><a class=\"prBtn ghost-button\" href=\"https:\/\/www.elmundo.es\/economia\/macroeconomia\/2021\/12\/22\/61c2043ae4d4d8a0698b459e.html\" target=\"_blank\" rel=\"noopener\">Ver art\u00edculo en El Mundo<\/a><\/p>\n<\/div>\n<\/div>\n<\/div>\n<\/div>\n<\/div>\n<\/section>\n","protected":false},"excerpt":{"rendered":"<p>Guillermo Prada, socio de PradaGayoso, ha concedido unas declaraciones a El Mundo y La Vanguardia en relaci\u00f3n con el Proyecto de Ley de Reforma del Texto Refundido de la Ley Concursal, que fue aprobado ayer por el Consejo de Ministros. En La Vanguardia, Guillermo Prada se muestra partidario de reformar el modelo actual: El sistema &hellip; <\/p>\n<p class=\"link-more\"><a href=\"https:\/\/pradagayoso.com\/en\/en-los-medios\/declaraciones-guillermo-prada-proyecto-de-ley-reforma-concursal\/\" class=\"more-link\">Continue reading<span class=\"screen-reader-text\"> &#8220;Declaraciones de Guillermo Prada sobre el proyecto de ley de reforma concursal&#8221;<\/span><\/a><\/p>\n","protected":false},"featured_media":0,"template":"","class_list":["post-3121","en-los-medios","type-en-los-medios","status-publish","hentry"],"yoast_head":"<!-- This site is optimized with the Yoast SEO plugin v28.2 - https:\/\/yoast.com\/product\/yoast-seo-wordpress\/ -->\n<title>Declaraciones de Guillermo Prada sobre el proyecto de ley de reforma concursal - PradaGayoso<\/title>\n<meta name=\"description\" content=\"Declaraciones de Guillermo Prada, socio de PradaGayoso, sobre la reforma de la Ley Concursal en El Mundo y en La Vanguardia.\" \/>\n<meta name=\"robots\" content=\"index, follow, max-snippet:-1, max-image-preview:large, max-video-preview:-1\" \/>\n<link rel=\"canonical\" href=\"https:\/\/pradagayoso.com\/en-los-medios\/declaraciones-guillermo-prada-proyecto-de-ley-reforma-concursal\/\" \/>\n<meta property=\"og:locale\" content=\"en_US\" \/>\n<meta property=\"og:type\" content=\"article\" \/>\n<meta property=\"og:title\" content=\"Declaraciones de Guillermo Prada sobre el proyecto de ley de reforma concursal - PradaGayoso\" \/>\n<meta property=\"og:description\" content=\"Declaraciones de Guillermo Prada, socio de PradaGayoso, sobre la reforma de la Ley Concursal en El Mundo y en La Vanguardia.\" \/>\n<meta property=\"og:url\" content=\"https:\/\/pradagayoso.com\/en-los-medios\/declaraciones-guillermo-prada-proyecto-de-ley-reforma-concursal\/\" \/>\n<meta property=\"og:site_name\" content=\"PradaGayoso\" \/>\n<meta property=\"article:publisher\" content=\"https:\/\/www.facebook.com\/pradagayoso\/\" \/>\n<meta property=\"article:modified_time\" content=\"2021-12-22T08:21:29+00:00\" \/>\n<meta property=\"og:image\" content=\"https:\/\/pradagayoso.com\/wp-content\/uploads\/2019\/01\/Img-OG-1200x630-PradaGayoso.jpg\" \/>\n\t<meta property=\"og:image:width\" content=\"1200\" \/>\n\t<meta property=\"og:image:height\" content=\"630\" \/>\n\t<meta property=\"og:image:type\" content=\"image\/jpeg\" \/>\n<meta name=\"twitter:card\" content=\"summary_large_image\" \/>\n<meta name=\"twitter:site\" content=\"@pradagayoso\" \/>\n<meta name=\"twitter:label1\" content=\"Est. reading time\" \/>\n\t<meta name=\"twitter:data1\" content=\"1 minute\" \/>\n<script type=\"application\/ld+json\" class=\"yoast-schema-graph\">{\"@context\":\"https:\\\/\\\/schema.org\",\"@graph\":[{\"@type\":\"WebPage\",\"@id\":\"https:\\\/\\\/pradagayoso.com\\\/en-los-medios\\\/declaraciones-guillermo-prada-proyecto-de-ley-reforma-concursal\\\/\",\"url\":\"https:\\\/\\\/pradagayoso.com\\\/en-los-medios\\\/declaraciones-guillermo-prada-proyecto-de-ley-reforma-concursal\\\/\",\"name\":\"Declaraciones de Guillermo Prada sobre el proyecto de ley de reforma concursal - PradaGayoso\",\"isPartOf\":{\"@id\":\"https:\\\/\\\/pradagayoso.com\\\/#website\"},\"datePublished\":\"2021-12-22T08:20:22+00:00\",\"dateModified\":\"2021-12-22T08:21:29+00:00\",\"description\":\"Declaraciones de Guillermo Prada, socio de PradaGayoso, sobre la reforma de la Ley Concursal en El Mundo y en La Vanguardia.\",\"breadcrumb\":{\"@id\":\"https:\\\/\\\/pradagayoso.com\\\/en-los-medios\\\/declaraciones-guillermo-prada-proyecto-de-ley-reforma-concursal\\\/#breadcrumb\"},\"inLanguage\":\"en-US\",\"potentialAction\":[{\"@type\":\"ReadAction\",\"target\":[\"https:\\\/\\\/pradagayoso.com\\\/en-los-medios\\\/declaraciones-guillermo-prada-proyecto-de-ley-reforma-concursal\\\/\"]}]},{\"@type\":\"BreadcrumbList\",\"@id\":\"https:\\\/\\\/pradagayoso.com\\\/en-los-medios\\\/declaraciones-guillermo-prada-proyecto-de-ley-reforma-concursal\\\/#breadcrumb\",\"itemListElement\":[{\"@type\":\"ListItem\",\"position\":1,\"name\":\"Portada\",\"item\":\"https:\\\/\\\/pradagayoso.com\\\/en\\\/\"},{\"@type\":\"ListItem\",\"position\":2,\"name\":\"En los medios\",\"item\":\"https:\\\/\\\/pradagayoso.com\\\/en-los-medios\\\/\"},{\"@type\":\"ListItem\",\"position\":3,\"name\":\"Declaraciones de Guillermo Prada sobre el proyecto de ley de reforma concursal\"}]},{\"@type\":\"WebSite\",\"@id\":\"https:\\\/\\\/pradagayoso.com\\\/#website\",\"url\":\"https:\\\/\\\/pradagayoso.com\\\/\",\"name\":\"PradaGayoso\",\"description\":\"Reestructuraci\u00f3n financiera\",\"publisher\":{\"@id\":\"https:\\\/\\\/pradagayoso.com\\\/#organization\"},\"potentialAction\":[{\"@type\":\"SearchAction\",\"target\":{\"@type\":\"EntryPoint\",\"urlTemplate\":\"https:\\\/\\\/pradagayoso.com\\\/?s={search_term_string}\"},\"query-input\":{\"@type\":\"PropertyValueSpecification\",\"valueRequired\":true,\"valueName\":\"search_term_string\"}}],\"inLanguage\":\"en-US\"},{\"@type\":\"Organization\",\"@id\":\"https:\\\/\\\/pradagayoso.com\\\/#organization\",\"name\":\"PradaGayoso\",\"url\":\"https:\\\/\\\/pradagayoso.com\\\/\",\"logo\":{\"@type\":\"ImageObject\",\"inLanguage\":\"en-US\",\"@id\":\"https:\\\/\\\/pradagayoso.com\\\/#\\\/schema\\\/logo\\\/image\\\/\",\"url\":\"https:\\\/\\\/pradagayoso.com\\\/wp-content\\\/uploads\\\/2018\\\/05\\\/logo_prada.png\",\"contentUrl\":\"https:\\\/\\\/pradagayoso.com\\\/wp-content\\\/uploads\\\/2018\\\/05\\\/logo_prada.png\",\"width\":284,\"height\":63,\"caption\":\"PradaGayoso\"},\"image\":{\"@id\":\"https:\\\/\\\/pradagayoso.com\\\/#\\\/schema\\\/logo\\\/image\\\/\"},\"sameAs\":[\"https:\\\/\\\/www.facebook.com\\\/pradagayoso\\\/\",\"https:\\\/\\\/x.com\\\/pradagayoso\",\"https:\\\/\\\/www.instagram.com\\\/pradagayoso\\\/\",\"https:\\\/\\\/www.linkedin.com\\\/company\\\/pradagayoso\\\/\",\"https:\\\/\\\/www.youtube.com\\\/channel\\\/UCOZT08GCsDLY8dVR8mH0IqA\"]}]}<\/script>\n<!-- \/ Yoast SEO plugin. -->","yoast_head_json":{"title":"Declaraciones de Guillermo Prada sobre el proyecto de ley de reforma concursal - PradaGayoso","description":"Declaraciones de Guillermo Prada, socio de PradaGayoso, sobre la reforma de la Ley Concursal en El Mundo y en La Vanguardia.","robots":{"index":"index","follow":"follow","max-snippet":"max-snippet:-1","max-image-preview":"max-image-preview:large","max-video-preview":"max-video-preview:-1"},"canonical":"https:\/\/pradagayoso.com\/en-los-medios\/declaraciones-guillermo-prada-proyecto-de-ley-reforma-concursal\/","og_locale":"en_US","og_type":"article","og_title":"Declaraciones de Guillermo Prada sobre el proyecto de ley de reforma concursal - PradaGayoso","og_description":"Declaraciones de Guillermo Prada, socio de PradaGayoso, sobre la reforma de la Ley Concursal en El Mundo y en La Vanguardia.","og_url":"https:\/\/pradagayoso.com\/en-los-medios\/declaraciones-guillermo-prada-proyecto-de-ley-reforma-concursal\/","og_site_name":"PradaGayoso","article_publisher":"https:\/\/www.facebook.com\/pradagayoso\/","article_modified_time":"2021-12-22T08:21:29+00:00","og_image":[{"width":1200,"height":630,"url":"https:\/\/pradagayoso.com\/wp-content\/uploads\/2019\/01\/Img-OG-1200x630-PradaGayoso.jpg","type":"image\/jpeg"}],"twitter_card":"summary_large_image","twitter_site":"@pradagayoso","twitter_misc":{"Est. reading time":"1 minute"},"schema":{"@context":"https:\/\/schema.org","@graph":[{"@type":"WebPage","@id":"https:\/\/pradagayoso.com\/en-los-medios\/declaraciones-guillermo-prada-proyecto-de-ley-reforma-concursal\/","url":"https:\/\/pradagayoso.com\/en-los-medios\/declaraciones-guillermo-prada-proyecto-de-ley-reforma-concursal\/","name":"Declaraciones de Guillermo Prada sobre el proyecto de ley de reforma concursal - PradaGayoso","isPartOf":{"@id":"https:\/\/pradagayoso.com\/#website"},"datePublished":"2021-12-22T08:20:22+00:00","dateModified":"2021-12-22T08:21:29+00:00","description":"Declaraciones de Guillermo Prada, socio de PradaGayoso, sobre la reforma de la Ley Concursal en El Mundo y en La Vanguardia.","breadcrumb":{"@id":"https:\/\/pradagayoso.com\/en-los-medios\/declaraciones-guillermo-prada-proyecto-de-ley-reforma-concursal\/#breadcrumb"},"inLanguage":"en-US","potentialAction":[{"@type":"ReadAction","target":["https:\/\/pradagayoso.com\/en-los-medios\/declaraciones-guillermo-prada-proyecto-de-ley-reforma-concursal\/"]}]},{"@type":"BreadcrumbList","@id":"https:\/\/pradagayoso.com\/en-los-medios\/declaraciones-guillermo-prada-proyecto-de-ley-reforma-concursal\/#breadcrumb","itemListElement":[{"@type":"ListItem","position":1,"name":"Portada","item":"https:\/\/pradagayoso.com\/en\/"},{"@type":"ListItem","position":2,"name":"En los medios","item":"https:\/\/pradagayoso.com\/en-los-medios\/"},{"@type":"ListItem","position":3,"name":"Declaraciones de Guillermo Prada sobre el proyecto de ley de reforma concursal"}]},{"@type":"WebSite","@id":"https:\/\/pradagayoso.com\/#website","url":"https:\/\/pradagayoso.com\/","name":"PradaGayoso","description":"Reestructuraci\u00f3n financiera","publisher":{"@id":"https:\/\/pradagayoso.com\/#organization"},"potentialAction":[{"@type":"SearchAction","target":{"@type":"EntryPoint","urlTemplate":"https:\/\/pradagayoso.com\/?s={search_term_string}"},"query-input":{"@type":"PropertyValueSpecification","valueRequired":true,"valueName":"search_term_string"}}],"inLanguage":"en-US"},{"@type":"Organization","@id":"https:\/\/pradagayoso.com\/#organization","name":"PradaGayoso","url":"https:\/\/pradagayoso.com\/","logo":{"@type":"ImageObject","inLanguage":"en-US","@id":"https:\/\/pradagayoso.com\/#\/schema\/logo\/image\/","url":"https:\/\/pradagayoso.com\/wp-content\/uploads\/2018\/05\/logo_prada.png","contentUrl":"https:\/\/pradagayoso.com\/wp-content\/uploads\/2018\/05\/logo_prada.png","width":284,"height":63,"caption":"PradaGayoso"},"image":{"@id":"https:\/\/pradagayoso.com\/#\/schema\/logo\/image\/"},"sameAs":["https:\/\/www.facebook.com\/pradagayoso\/","https:\/\/x.com\/pradagayoso","https:\/\/www.instagram.com\/pradagayoso\/","https:\/\/www.linkedin.com\/company\/pradagayoso\/","https:\/\/www.youtube.com\/channel\/UCOZT08GCsDLY8dVR8mH0IqA"]}]}},"_links":{"self":[{"href":"https:\/\/pradagayoso.com\/en\/wp-json\/wp\/v2\/en-los-medios\/3121","targetHints":{"allow":["GET"]}}],"collection":[{"href":"https:\/\/pradagayoso.com\/en\/wp-json\/wp\/v2\/en-los-medios"}],"about":[{"href":"https:\/\/pradagayoso.com\/en\/wp-json\/wp\/v2\/types\/en-los-medios"}],"version-history":[{"count":4,"href":"https:\/\/pradagayoso.com\/en\/wp-json\/wp\/v2\/en-los-medios\/3121\/revisions"}],"predecessor-version":[{"id":3125,"href":"https:\/\/pradagayoso.com\/en\/wp-json\/wp\/v2\/en-los-medios\/3121\/revisions\/3125"}],"wp:attachment":[{"href":"https:\/\/pradagayoso.com\/en\/wp-json\/wp\/v2\/media?parent=3121"}],"curies":[{"name":"wp","href":"https:\/\/api.w.org\/{rel}","templated":true}]}}

<style type="text/css"></style>
<section class="kc-elm kc-css-2253491 kc_row entradilla">
<div class="kc-row-container  kc-container">
<div class="kc-wrap-columns">
<div class="kc-elm kc-css-1949284 kc_col-sm-12 kc_column kc_col-sm-12">
<div class="kc-col-container">
<div class="kc-elm kc-css-3518093 kc_text_block">
<p><a href="https://pradagayoso.com/equipo/guillermo-prada/">Guillermo Prada</a>, socio de PradaGayoso, ha concedido unas declaraciones a <em>El Mundo</em> y <em>La Vanguardia</em> en relación con el <a href="https://portal.mineco.gob.es/es-es/comunicacion/Paginas/211221_np_concursal.aspx" target="_blank" rel="noopener">Proyecto de Ley de Reforma del Texto Refundido de la Ley Concursal</a>, que fue aprobado ayer por el Consejo de Ministros.</p>
<p>En <em>La Vanguardia</em>, Guillermo Prada se muestra partidario de reformar el modelo actual:</p>
<blockquote>
<p style="padding-left: 40px;">El sistema español de judicialización de la insolvencia es un fracaso completo, pero no porque la mayoría de las empresas termine en liquidación sino porque esa liquidación apenas deja nada para los acreedores ordinarios, tarda mucho tiempo y colapsa los juzgados.</p>
</blockquote>
<p style="padding-left: 40px;"><a class="prBtn ghost-button" href="https://www.lavanguardia.com/economia/20211222/7946302/demandas-aereas-salen-juzgados-mercantiles.html" target="_blank" rel="noopener">Ver artículo en La Vanguardia</a></p>
<p>Asimismo, defiende en <em>El Mundo</em> la conveniencia de conceder una segunda oportunidad a las personas físicas que fracasan en su iniciativa empresarial.</p>
<p style="padding-left: 40px;"><a class="prBtn ghost-button" href="https://www.elmundo.es/economia/macroeconomia/2021/12/22/61c2043ae4d4d8a0698b459e.html" target="_blank" rel="noopener">Ver artículo en El Mundo</a></p>
</div>
</div>
</div>
</div>
</div>
</section>

<p>Guillermo Prada, socio de PradaGayoso, ha concedido unas declaraciones a El Mundo y La Vanguardia en relación con el Proyecto de Ley de Reforma del Texto Refundido de la Ley Concursal, que fue aprobado ayer por el Consejo de Ministros. En La Vanguardia, Guillermo Prada se muestra partidario de reformar el modelo actual: El sistema &hellip; </p>
<p class="link-more"><a href="https://pradagayoso.com/en/en-los-medios/declaraciones-guillermo-prada-proyecto-de-ley-reforma-concursal/" class="more-link">Continue reading<span class="screen-reader-text"> &#8220;Declaraciones de Guillermo Prada sobre el proyecto de ley de reforma concursal&#8221;</span></a></p>

<!-- This site is optimized with the Yoast SEO plugin v28.2 - https://yoast.com/product/yoast-seo-wordpress/ -->
<title>Declaraciones de Guillermo Prada sobre el proyecto de ley de reforma concursal - PradaGayoso</title>
<meta name="description" content="Declaraciones de Guillermo Prada, socio de PradaGayoso, sobre la reforma de la Ley Concursal en El Mundo y en La Vanguardia." />
<meta name="robots" content="index, follow, max-snippet:-1, max-image-preview:large, max-video-preview:-1" />
<link rel="canonical" href="https://pradagayoso.com/en-los-medios/declaraciones-guillermo-prada-proyecto-de-ley-reforma-concursal/" />
<meta property="og:locale" content="en_US" />
<meta property="og:type" content="article" />
<meta property="og:title" content="Declaraciones de Guillermo Prada sobre el proyecto de ley de reforma concursal - PradaGayoso" />
<meta property="og:description" content="Declaraciones de Guillermo Prada, socio de PradaGayoso, sobre la reforma de la Ley Concursal en El Mundo y en La Vanguardia." />
<meta property="og:url" content="https://pradagayoso.com/en-los-medios/declaraciones-guillermo-prada-proyecto-de-ley-reforma-concursal/" />
<meta property="og:site_name" content="PradaGayoso" />
<meta property="article:publisher" content="https://www.facebook.com/pradagayoso/" />
<meta property="article:modified_time" content="2021-12-22T08:21:29+00:00" />
<meta property="og:image" content="https://pradagayoso.com/wp-content/uploads/2019/01/Img-OG-1200x630-PradaGayoso.jpg" />
	<meta property="og:image:width" content="1200" />
	<meta property="og:image:height" content="630" />
	<meta property="og:image:type" content="image/jpeg" />
<meta name="twitter:card" content="summary_large_image" />
<meta name="twitter:site" content="@pradagayoso" />
<meta name="twitter:label1" content="Est. reading time" />
	<meta name="twitter:data1" content="1 minute" />
<script type="application/ld+json" class="yoast-schema-graph">{"@context":"https:\/\/schema.org","@graph":[{"@type":"WebPage","@id":"https:\/\/pradagayoso.com\/en-los-medios\/declaraciones-guillermo-prada-proyecto-de-ley-reforma-concursal\/","url":"https:\/\/pradagayoso.com\/en-los-medios\/declaraciones-guillermo-prada-proyecto-de-ley-reforma-concursal\/","name":"Declaraciones de Guillermo Prada sobre el proyecto de ley de reforma concursal - PradaGayoso","isPartOf":{"@id":"https:\/\/pradagayoso.com\/#website"},"datePublished":"2021-12-22T08:20:22+00:00","dateModified":"2021-12-22T08:21:29+00:00","description":"Declaraciones de Guillermo Prada, socio de PradaGayoso, sobre la reforma de la Ley Concursal en El Mundo y en La Vanguardia.","breadcrumb":{"@id":"https:\/\/pradagayoso.com\/en-los-medios\/declaraciones-guillermo-prada-proyecto-de-ley-reforma-concursal\/#breadcrumb"},"inLanguage":"en-US","potentialAction":[{"@type":"ReadAction","target":["https:\/\/pradagayoso.com\/en-los-medios\/declaraciones-guillermo-prada-proyecto-de-ley-reforma-concursal\/"]}]},{"@type":"BreadcrumbList","@id":"https:\/\/pradagayoso.com\/en-los-medios\/declaraciones-guillermo-prada-proyecto-de-ley-reforma-concursal\/#breadcrumb","itemListElement":[{"@type":"ListItem","position":1,"name":"Portada","item":"https:\/\/pradagayoso.com\/en\/"},{"@type":"ListItem","position":2,"name":"En los medios","item":"https:\/\/pradagayoso.com\/en-los-medios\/"},{"@type":"ListItem","position":3,"name":"Declaraciones de Guillermo Prada sobre el proyecto de ley de reforma concursal"}]},{"@type":"WebSite","@id":"https:\/\/pradagayoso.com\/#website","url":"https:\/\/pradagayoso.com\/","name":"PradaGayoso","description":"Reestructuración financiera","publisher":{"@id":"https:\/\/pradagayoso.com\/#organization"},"potentialAction":[{"@type":"SearchAction","target":{"@type":"EntryPoint","urlTemplate":"https:\/\/pradagayoso.com\/?s={search_term_string}"},"query-input":{"@type":"PropertyValueSpecification","valueRequired":true,"valueName":"search_term_string"}}],"inLanguage":"en-US"},{"@type":"Organization","@id":"https:\/\/pradagayoso.com\/#organization","name":"PradaGayoso","url":"https:\/\/pradagayoso.com\/","logo":{"@type":"ImageObject","inLanguage":"en-US","@id":"https:\/\/pradagayoso.com\/#\/schema\/logo\/image\/","url":"https:\/\/pradagayoso.com\/wp-content\/uploads\/2018\/05\/logo_prada.png","contentUrl":"https:\/\/pradagayoso.com\/wp-content\/uploads\/2018\/05\/logo_prada.png","width":284,"height":63,"caption":"PradaGayoso"},"image":{"@id":"https:\/\/pradagayoso.com\/#\/schema\/logo\/image\/"},"sameAs":["https:\/\/www.facebook.com\/pradagayoso\/","https:\/\/x.com\/pradagayoso","https:\/\/www.instagram.com\/pradagayoso\/","https:\/\/www.linkedin.com\/company\/pradagayoso\/","https:\/\/www.youtube.com\/channel\/UCOZT08GCsDLY8dVR8mH0IqA"]}]}</script>
<!-- / Yoast SEO plugin. -->

Reestructuración financiera
