{"id":3099,"date":"2021-12-14T12:25:09","date_gmt":"2021-12-14T10:25:09","guid":{"rendered":"https:\/\/pradagayoso.com\/?post_type=en-los-medios&#038;p=3099"},"modified":"2026-04-21T13:53:44","modified_gmt":"2026-04-21T11:53:44","slug":"declaraciones-francisco-prada-revista-colegio-abogados-coruna","status":"publish","type":"en-los-medios","link":"https:\/\/pradagayoso.com\/en\/en-los-medios\/declaraciones-francisco-prada-revista-colegio-abogados-coruna\/","title":{"rendered":"Declaraciones de Francisco Prada en la revista del Colegio de Abogados de A Coru\u00f1a"},"content":{"rendered":"<style type=\"text\/css\"><\/style>\n<section class=\"kc-elm kc-css-594723 kc_row entradilla\">\n<div class=\"kc-row-container  kc-container\">\n<div class=\"kc-wrap-columns\">\n<div class=\"kc-elm kc-css-159984 kc_col-sm-12 kc_column kc_col-sm-12\">\n<div class=\"kc-col-container\">\n<div class=\"kc-elm kc-css-491299 kc_text_block\">\n<p>La revista del Colegio de Abogados de A Coru\u00f1a publica una rese\u00f1a del <a href=\"https:\/\/pradagayoso.com\/noticias\/seminario-estatuto-administracion-concursal-francisco-prada\/\">seminario web<\/a> celebrado el 14 de octubre sobre el estatuto de la administraci\u00f3n concursal, en el que intervino como ponente Francisco Prada, socio fundador de PradaGayoso.<\/p>\n<p><a class=\"prBtn ghost-button\" href=\"https:\/\/pradagayoso.com\/wp-content\/uploads\/2021\/12\/Declaraciones-fpg-fonte-limpa-dic21.pdf\" target=\"_blank\" rel=\"noopener\">Ver rese\u00f1a [PDF]<\/a><\/p>\n<\/div>\n<div class=\"kc-elm kc-css-648780\" style=\"height: 20px; clear: both; width: 100%;\"><\/div>\n<div class=\"kc-elm kc-css-774460 kc_shortcode kc_single_image\">\n<p><a title=\"\" href=\"https:\/\/pradagayoso.com\/wp-content\/uploads\/2021\/12\/Declaraciones-fpg-fonte-limpa-dic21.pdf\" target=\"_self\"><br \/>\n<img decoding=\"async\" class=\"\" src=\"https:\/\/pradagayoso.com\/wp-content\/uploads\/2021\/12\/francisco-prada-fonte-limpa-dic21.jpg\" alt=\"Declaraciones de Francisco Prada en la revista del Colegio de Abogados de A Coru\u00f1a\" \/> <\/a><\/p>\n<\/div>\n<\/div>\n<\/div>\n<\/div>\n<\/div>\n<\/section>\n","protected":false},"excerpt":{"rendered":"<p>La revista del Colegio de Abogados de A Coru\u00f1a publica una rese\u00f1a del seminario web celebrado el 14 de octubre sobre el estatuto de la administraci\u00f3n concursal, en el que intervino como ponente Francisco Prada, socio fundador de PradaGayoso. Ver rese\u00f1a [PDF]<\/p>\n","protected":false},"featured_media":0,"template":"","class_list":["post-3099","en-los-medios","type-en-los-medios","status-publish","hentry"],"yoast_head":"<!-- This site is optimized with the Yoast SEO plugin v28.2 - https:\/\/yoast.com\/product\/yoast-seo-wordpress\/ -->\n<title>Declaraciones de Francisco Prada en la revista del Colegio de Abogados de A Coru\u00f1a - PradaGayoso<\/title>\n<meta name=\"robots\" content=\"index, follow, max-snippet:-1, max-image-preview:large, max-video-preview:-1\" \/>\n<link rel=\"canonical\" href=\"https:\/\/pradagayoso.com\/en-los-medios\/declaraciones-francisco-prada-revista-colegio-abogados-coruna\/\" \/>\n<meta property=\"og:locale\" content=\"en_US\" \/>\n<meta property=\"og:type\" content=\"article\" \/>\n<meta property=\"og:title\" content=\"Declaraciones de Francisco Prada en la revista del Colegio de Abogados de A Coru\u00f1a - PradaGayoso\" \/>\n<meta property=\"og:description\" content=\"La revista del Colegio de Abogados de A Coru\u00f1a publica una rese\u00f1a del seminario web celebrado el 14 de octubre sobre el estatuto de la administraci\u00f3n concursal, en el que intervino como ponente Francisco Prada, socio fundador de PradaGayoso. Ver rese\u00f1a [PDF]\" \/>\n<meta property=\"og:url\" content=\"https:\/\/pradagayoso.com\/en-los-medios\/declaraciones-francisco-prada-revista-colegio-abogados-coruna\/\" \/>\n<meta property=\"og:site_name\" content=\"PradaGayoso\" \/>\n<meta property=\"article:publisher\" content=\"https:\/\/www.facebook.com\/pradagayoso\/\" \/>\n<meta property=\"article:modified_time\" content=\"2026-04-21T11:53:44+00:00\" \/>\n<meta property=\"og:image\" content=\"https:\/\/pradagayoso.com\/wp-content\/uploads\/2021\/12\/francisco-prada-fonte-limpa-dic21.jpg\" \/>\n<meta name=\"twitter:card\" content=\"summary_large_image\" \/>\n<meta name=\"twitter:site\" content=\"@pradagayoso\" \/>\n<meta name=\"twitter:label1\" content=\"Est. reading time\" \/>\n\t<meta name=\"twitter:data1\" content=\"1 minute\" \/>\n<script type=\"application\/ld+json\" class=\"yoast-schema-graph\">{\"@context\":\"https:\\\/\\\/schema.org\",\"@graph\":[{\"@type\":\"WebPage\",\"@id\":\"https:\\\/\\\/pradagayoso.com\\\/en-los-medios\\\/declaraciones-francisco-prada-revista-colegio-abogados-coruna\\\/\",\"url\":\"https:\\\/\\\/pradagayoso.com\\\/en-los-medios\\\/declaraciones-francisco-prada-revista-colegio-abogados-coruna\\\/\",\"name\":\"Declaraciones de Francisco Prada en la revista del Colegio de Abogados de A Coru\u00f1a - PradaGayoso\",\"isPartOf\":{\"@id\":\"https:\\\/\\\/pradagayoso.com\\\/#website\"},\"primaryImageOfPage\":{\"@id\":\"https:\\\/\\\/pradagayoso.com\\\/en-los-medios\\\/declaraciones-francisco-prada-revista-colegio-abogados-coruna\\\/#primaryimage\"},\"image\":{\"@id\":\"https:\\\/\\\/pradagayoso.com\\\/en-los-medios\\\/declaraciones-francisco-prada-revista-colegio-abogados-coruna\\\/#primaryimage\"},\"thumbnailUrl\":\"https:\\\/\\\/pradagayoso.com\\\/wp-content\\\/uploads\\\/2021\\\/12\\\/francisco-prada-fonte-limpa-dic21.jpg\",\"datePublished\":\"2021-12-14T10:25:09+00:00\",\"dateModified\":\"2026-04-21T11:53:44+00:00\",\"breadcrumb\":{\"@id\":\"https:\\\/\\\/pradagayoso.com\\\/en-los-medios\\\/declaraciones-francisco-prada-revista-colegio-abogados-coruna\\\/#breadcrumb\"},\"inLanguage\":\"en-US\",\"potentialAction\":[{\"@type\":\"ReadAction\",\"target\":[\"https:\\\/\\\/pradagayoso.com\\\/en-los-medios\\\/declaraciones-francisco-prada-revista-colegio-abogados-coruna\\\/\"]}]},{\"@type\":\"ImageObject\",\"inLanguage\":\"en-US\",\"@id\":\"https:\\\/\\\/pradagayoso.com\\\/en-los-medios\\\/declaraciones-francisco-prada-revista-colegio-abogados-coruna\\\/#primaryimage\",\"url\":\"https:\\\/\\\/pradagayoso.com\\\/wp-content\\\/uploads\\\/2021\\\/12\\\/francisco-prada-fonte-limpa-dic21.jpg\",\"contentUrl\":\"https:\\\/\\\/pradagayoso.com\\\/wp-content\\\/uploads\\\/2021\\\/12\\\/francisco-prada-fonte-limpa-dic21.jpg\"},{\"@type\":\"BreadcrumbList\",\"@id\":\"https:\\\/\\\/pradagayoso.com\\\/en-los-medios\\\/declaraciones-francisco-prada-revista-colegio-abogados-coruna\\\/#breadcrumb\",\"itemListElement\":[{\"@type\":\"ListItem\",\"position\":1,\"name\":\"Portada\",\"item\":\"https:\\\/\\\/pradagayoso.com\\\/en\\\/\"},{\"@type\":\"ListItem\",\"position\":2,\"name\":\"En los medios\",\"item\":\"https:\\\/\\\/pradagayoso.com\\\/en-los-medios\\\/\"},{\"@type\":\"ListItem\",\"position\":3,\"name\":\"Declaraciones de Francisco Prada en la revista del Colegio de Abogados de A Coru\u00f1a\"}]},{\"@type\":\"WebSite\",\"@id\":\"https:\\\/\\\/pradagayoso.com\\\/#website\",\"url\":\"https:\\\/\\\/pradagayoso.com\\\/\",\"name\":\"PradaGayoso\",\"description\":\"Reestructuraci\u00f3n financiera\",\"publisher\":{\"@id\":\"https:\\\/\\\/pradagayoso.com\\\/#organization\"},\"potentialAction\":[{\"@type\":\"SearchAction\",\"target\":{\"@type\":\"EntryPoint\",\"urlTemplate\":\"https:\\\/\\\/pradagayoso.com\\\/?s={search_term_string}\"},\"query-input\":{\"@type\":\"PropertyValueSpecification\",\"valueRequired\":true,\"valueName\":\"search_term_string\"}}],\"inLanguage\":\"en-US\"},{\"@type\":\"Organization\",\"@id\":\"https:\\\/\\\/pradagayoso.com\\\/#organization\",\"name\":\"PradaGayoso\",\"url\":\"https:\\\/\\\/pradagayoso.com\\\/\",\"logo\":{\"@type\":\"ImageObject\",\"inLanguage\":\"en-US\",\"@id\":\"https:\\\/\\\/pradagayoso.com\\\/#\\\/schema\\\/logo\\\/image\\\/\",\"url\":\"https:\\\/\\\/pradagayoso.com\\\/wp-content\\\/uploads\\\/2018\\\/05\\\/logo_prada.png\",\"contentUrl\":\"https:\\\/\\\/pradagayoso.com\\\/wp-content\\\/uploads\\\/2018\\\/05\\\/logo_prada.png\",\"width\":284,\"height\":63,\"caption\":\"PradaGayoso\"},\"image\":{\"@id\":\"https:\\\/\\\/pradagayoso.com\\\/#\\\/schema\\\/logo\\\/image\\\/\"},\"sameAs\":[\"https:\\\/\\\/www.facebook.com\\\/pradagayoso\\\/\",\"https:\\\/\\\/x.com\\\/pradagayoso\",\"https:\\\/\\\/www.instagram.com\\\/pradagayoso\\\/\",\"https:\\\/\\\/www.linkedin.com\\\/company\\\/pradagayoso\\\/\",\"https:\\\/\\\/www.youtube.com\\\/channel\\\/UCOZT08GCsDLY8dVR8mH0IqA\"]}]}<\/script>\n<!-- \/ Yoast SEO plugin. -->","yoast_head_json":{"title":"Declaraciones de Francisco Prada en la revista del Colegio de Abogados de A Coru\u00f1a - PradaGayoso","robots":{"index":"index","follow":"follow","max-snippet":"max-snippet:-1","max-image-preview":"max-image-preview:large","max-video-preview":"max-video-preview:-1"},"canonical":"https:\/\/pradagayoso.com\/en-los-medios\/declaraciones-francisco-prada-revista-colegio-abogados-coruna\/","og_locale":"en_US","og_type":"article","og_title":"Declaraciones de Francisco Prada en la revista del Colegio de Abogados de A Coru\u00f1a - PradaGayoso","og_description":"La revista del Colegio de Abogados de A Coru\u00f1a publica una rese\u00f1a del seminario web celebrado el 14 de octubre sobre el estatuto de la administraci\u00f3n concursal, en el que intervino como ponente Francisco Prada, socio fundador de PradaGayoso. Ver rese\u00f1a [PDF]","og_url":"https:\/\/pradagayoso.com\/en-los-medios\/declaraciones-francisco-prada-revista-colegio-abogados-coruna\/","og_site_name":"PradaGayoso","article_publisher":"https:\/\/www.facebook.com\/pradagayoso\/","article_modified_time":"2026-04-21T11:53:44+00:00","og_image":[{"url":"https:\/\/pradagayoso.com\/wp-content\/uploads\/2021\/12\/francisco-prada-fonte-limpa-dic21.jpg","type":"","width":"","height":""}],"twitter_card":"summary_large_image","twitter_site":"@pradagayoso","twitter_misc":{"Est. reading time":"1 minute"},"schema":{"@context":"https:\/\/schema.org","@graph":[{"@type":"WebPage","@id":"https:\/\/pradagayoso.com\/en-los-medios\/declaraciones-francisco-prada-revista-colegio-abogados-coruna\/","url":"https:\/\/pradagayoso.com\/en-los-medios\/declaraciones-francisco-prada-revista-colegio-abogados-coruna\/","name":"Declaraciones de Francisco Prada en la revista del Colegio de Abogados de A Coru\u00f1a - PradaGayoso","isPartOf":{"@id":"https:\/\/pradagayoso.com\/#website"},"primaryImageOfPage":{"@id":"https:\/\/pradagayoso.com\/en-los-medios\/declaraciones-francisco-prada-revista-colegio-abogados-coruna\/#primaryimage"},"image":{"@id":"https:\/\/pradagayoso.com\/en-los-medios\/declaraciones-francisco-prada-revista-colegio-abogados-coruna\/#primaryimage"},"thumbnailUrl":"https:\/\/pradagayoso.com\/wp-content\/uploads\/2021\/12\/francisco-prada-fonte-limpa-dic21.jpg","datePublished":"2021-12-14T10:25:09+00:00","dateModified":"2026-04-21T11:53:44+00:00","breadcrumb":{"@id":"https:\/\/pradagayoso.com\/en-los-medios\/declaraciones-francisco-prada-revista-colegio-abogados-coruna\/#breadcrumb"},"inLanguage":"en-US","potentialAction":[{"@type":"ReadAction","target":["https:\/\/pradagayoso.com\/en-los-medios\/declaraciones-francisco-prada-revista-colegio-abogados-coruna\/"]}]},{"@type":"ImageObject","inLanguage":"en-US","@id":"https:\/\/pradagayoso.com\/en-los-medios\/declaraciones-francisco-prada-revista-colegio-abogados-coruna\/#primaryimage","url":"https:\/\/pradagayoso.com\/wp-content\/uploads\/2021\/12\/francisco-prada-fonte-limpa-dic21.jpg","contentUrl":"https:\/\/pradagayoso.com\/wp-content\/uploads\/2021\/12\/francisco-prada-fonte-limpa-dic21.jpg"},{"@type":"BreadcrumbList","@id":"https:\/\/pradagayoso.com\/en-los-medios\/declaraciones-francisco-prada-revista-colegio-abogados-coruna\/#breadcrumb","itemListElement":[{"@type":"ListItem","position":1,"name":"Portada","item":"https:\/\/pradagayoso.com\/en\/"},{"@type":"ListItem","position":2,"name":"En los medios","item":"https:\/\/pradagayoso.com\/en-los-medios\/"},{"@type":"ListItem","position":3,"name":"Declaraciones de Francisco Prada en la revista del Colegio de Abogados de A Coru\u00f1a"}]},{"@type":"WebSite","@id":"https:\/\/pradagayoso.com\/#website","url":"https:\/\/pradagayoso.com\/","name":"PradaGayoso","description":"Reestructuraci\u00f3n financiera","publisher":{"@id":"https:\/\/pradagayoso.com\/#organization"},"potentialAction":[{"@type":"SearchAction","target":{"@type":"EntryPoint","urlTemplate":"https:\/\/pradagayoso.com\/?s={search_term_string}"},"query-input":{"@type":"PropertyValueSpecification","valueRequired":true,"valueName":"search_term_string"}}],"inLanguage":"en-US"},{"@type":"Organization","@id":"https:\/\/pradagayoso.com\/#organization","name":"PradaGayoso","url":"https:\/\/pradagayoso.com\/","logo":{"@type":"ImageObject","inLanguage":"en-US","@id":"https:\/\/pradagayoso.com\/#\/schema\/logo\/image\/","url":"https:\/\/pradagayoso.com\/wp-content\/uploads\/2018\/05\/logo_prada.png","contentUrl":"https:\/\/pradagayoso.com\/wp-content\/uploads\/2018\/05\/logo_prada.png","width":284,"height":63,"caption":"PradaGayoso"},"image":{"@id":"https:\/\/pradagayoso.com\/#\/schema\/logo\/image\/"},"sameAs":["https:\/\/www.facebook.com\/pradagayoso\/","https:\/\/x.com\/pradagayoso","https:\/\/www.instagram.com\/pradagayoso\/","https:\/\/www.linkedin.com\/company\/pradagayoso\/","https:\/\/www.youtube.com\/channel\/UCOZT08GCsDLY8dVR8mH0IqA"]}]}},"_links":{"self":[{"href":"https:\/\/pradagayoso.com\/en\/wp-json\/wp\/v2\/en-los-medios\/3099","targetHints":{"allow":["GET"]}}],"collection":[{"href":"https:\/\/pradagayoso.com\/en\/wp-json\/wp\/v2\/en-los-medios"}],"about":[{"href":"https:\/\/pradagayoso.com\/en\/wp-json\/wp\/v2\/types\/en-los-medios"}],"version-history":[{"count":8,"href":"https:\/\/pradagayoso.com\/en\/wp-json\/wp\/v2\/en-los-medios\/3099\/revisions"}],"predecessor-version":[{"id":9816,"href":"https:\/\/pradagayoso.com\/en\/wp-json\/wp\/v2\/en-los-medios\/3099\/revisions\/9816"}],"wp:attachment":[{"href":"https:\/\/pradagayoso.com\/en\/wp-json\/wp\/v2\/media?parent=3099"}],"curies":[{"name":"wp","href":"https:\/\/api.w.org\/{rel}","templated":true}]}}

Declaraciones de Francisco Prada en la revista del Colegio de Abogados de A Coruña

<style type="text/css"></style>
<section class="kc-elm kc-css-594723 kc_row entradilla">
<div class="kc-row-container  kc-container">
<div class="kc-wrap-columns">
<div class="kc-elm kc-css-159984 kc_col-sm-12 kc_column kc_col-sm-12">
<div class="kc-col-container">
<div class="kc-elm kc-css-491299 kc_text_block">
<p>La revista del Colegio de Abogados de A Coruña publica una reseña del <a href="https://pradagayoso.com/noticias/seminario-estatuto-administracion-concursal-francisco-prada/">seminario web</a> celebrado el 14 de octubre sobre el estatuto de la administración concursal, en el que intervino como ponente Francisco Prada, socio fundador de PradaGayoso.</p>
<p><a class="prBtn ghost-button" href="https://pradagayoso.com/wp-content/uploads/2021/12/Declaraciones-fpg-fonte-limpa-dic21.pdf" target="_blank" rel="noopener">Ver reseña [PDF]</a></p>
</div>
<div class="kc-elm kc-css-648780" style="height: 20px; clear: both; width: 100%;"></div>
<div class="kc-elm kc-css-774460 kc_shortcode kc_single_image">
<p><a title="" href="https://pradagayoso.com/wp-content/uploads/2021/12/Declaraciones-fpg-fonte-limpa-dic21.pdf" target="_self"><br />
<img decoding="async" class="" src="https://pradagayoso.com/wp-content/uploads/2021/12/francisco-prada-fonte-limpa-dic21.jpg" alt="Declaraciones de Francisco Prada en la revista del Colegio de Abogados de A Coruña" /> </a></p>
</div>
</div>
</div>
</div>
</div>
</section>

<p>La revista del Colegio de Abogados de A Coruña publica una reseña del seminario web celebrado el 14 de octubre sobre el estatuto de la administración concursal, en el que intervino como ponente Francisco Prada, socio fundador de PradaGayoso. Ver reseña [PDF]</p>

<!-- This site is optimized with the Yoast SEO plugin v28.2 - https://yoast.com/product/yoast-seo-wordpress/ -->
<title>Declaraciones de Francisco Prada en la revista del Colegio de Abogados de A Coruña - PradaGayoso</title>
<meta name="robots" content="index, follow, max-snippet:-1, max-image-preview:large, max-video-preview:-1" />
<link rel="canonical" href="https://pradagayoso.com/en-los-medios/declaraciones-francisco-prada-revista-colegio-abogados-coruna/" />
<meta property="og:locale" content="en_US" />
<meta property="og:type" content="article" />
<meta property="og:title" content="Declaraciones de Francisco Prada en la revista del Colegio de Abogados de A Coruña - PradaGayoso" />
<meta property="og:description" content="La revista del Colegio de Abogados de A Coruña publica una reseña del seminario web celebrado el 14 de octubre sobre el estatuto de la administración concursal, en el que intervino como ponente Francisco Prada, socio fundador de PradaGayoso. Ver reseña [PDF]" />
<meta property="og:url" content="https://pradagayoso.com/en-los-medios/declaraciones-francisco-prada-revista-colegio-abogados-coruna/" />
<meta property="og:site_name" content="PradaGayoso" />
<meta property="article:publisher" content="https://www.facebook.com/pradagayoso/" />
<meta property="article:modified_time" content="2026-04-21T11:53:44+00:00" />
<meta property="og:image" content="https://pradagayoso.com/wp-content/uploads/2021/12/francisco-prada-fonte-limpa-dic21.jpg" />
<meta name="twitter:card" content="summary_large_image" />
<meta name="twitter:site" content="@pradagayoso" />
<meta name="twitter:label1" content="Est. reading time" />
	<meta name="twitter:data1" content="1 minute" />
<script type="application/ld+json" class="yoast-schema-graph">{"@context":"https:\/\/schema.org","@graph":[{"@type":"WebPage","@id":"https:\/\/pradagayoso.com\/en-los-medios\/declaraciones-francisco-prada-revista-colegio-abogados-coruna\/","url":"https:\/\/pradagayoso.com\/en-los-medios\/declaraciones-francisco-prada-revista-colegio-abogados-coruna\/","name":"Declaraciones de Francisco Prada en la revista del Colegio de Abogados de A Coruña - PradaGayoso","isPartOf":{"@id":"https:\/\/pradagayoso.com\/#website"},"primaryImageOfPage":{"@id":"https:\/\/pradagayoso.com\/en-los-medios\/declaraciones-francisco-prada-revista-colegio-abogados-coruna\/#primaryimage"},"image":{"@id":"https:\/\/pradagayoso.com\/en-los-medios\/declaraciones-francisco-prada-revista-colegio-abogados-coruna\/#primaryimage"},"thumbnailUrl":"https:\/\/pradagayoso.com\/wp-content\/uploads\/2021\/12\/francisco-prada-fonte-limpa-dic21.jpg","datePublished":"2021-12-14T10:25:09+00:00","dateModified":"2026-04-21T11:53:44+00:00","breadcrumb":{"@id":"https:\/\/pradagayoso.com\/en-los-medios\/declaraciones-francisco-prada-revista-colegio-abogados-coruna\/#breadcrumb"},"inLanguage":"en-US","potentialAction":[{"@type":"ReadAction","target":["https:\/\/pradagayoso.com\/en-los-medios\/declaraciones-francisco-prada-revista-colegio-abogados-coruna\/"]}]},{"@type":"ImageObject","inLanguage":"en-US","@id":"https:\/\/pradagayoso.com\/en-los-medios\/declaraciones-francisco-prada-revista-colegio-abogados-coruna\/#primaryimage","url":"https:\/\/pradagayoso.com\/wp-content\/uploads\/2021\/12\/francisco-prada-fonte-limpa-dic21.jpg","contentUrl":"https:\/\/pradagayoso.com\/wp-content\/uploads\/2021\/12\/francisco-prada-fonte-limpa-dic21.jpg"},{"@type":"BreadcrumbList","@id":"https:\/\/pradagayoso.com\/en-los-medios\/declaraciones-francisco-prada-revista-colegio-abogados-coruna\/#breadcrumb","itemListElement":[{"@type":"ListItem","position":1,"name":"Portada","item":"https:\/\/pradagayoso.com\/en\/"},{"@type":"ListItem","position":2,"name":"En los medios","item":"https:\/\/pradagayoso.com\/en-los-medios\/"},{"@type":"ListItem","position":3,"name":"Declaraciones de Francisco Prada en la revista del Colegio de Abogados de A Coruña"}]},{"@type":"WebSite","@id":"https:\/\/pradagayoso.com\/#website","url":"https:\/\/pradagayoso.com\/","name":"PradaGayoso","description":"Reestructuración financiera","publisher":{"@id":"https:\/\/pradagayoso.com\/#organization"},"potentialAction":[{"@type":"SearchAction","target":{"@type":"EntryPoint","urlTemplate":"https:\/\/pradagayoso.com\/?s={search_term_string}"},"query-input":{"@type":"PropertyValueSpecification","valueRequired":true,"valueName":"search_term_string"}}],"inLanguage":"en-US"},{"@type":"Organization","@id":"https:\/\/pradagayoso.com\/#organization","name":"PradaGayoso","url":"https:\/\/pradagayoso.com\/","logo":{"@type":"ImageObject","inLanguage":"en-US","@id":"https:\/\/pradagayoso.com\/#\/schema\/logo\/image\/","url":"https:\/\/pradagayoso.com\/wp-content\/uploads\/2018\/05\/logo_prada.png","contentUrl":"https:\/\/pradagayoso.com\/wp-content\/uploads\/2018\/05\/logo_prada.png","width":284,"height":63,"caption":"PradaGayoso"},"image":{"@id":"https:\/\/pradagayoso.com\/#\/schema\/logo\/image\/"},"sameAs":["https:\/\/www.facebook.com\/pradagayoso\/","https:\/\/x.com\/pradagayoso","https:\/\/www.instagram.com\/pradagayoso\/","https:\/\/www.linkedin.com\/company\/pradagayoso\/","https:\/\/www.youtube.com\/channel\/UCOZT08GCsDLY8dVR8mH0IqA"]}]}</script>
<!-- / Yoast SEO plugin. -->

Declaraciones de Francisco Prada en la revista del Colegio de Abogados de A Coruña - PradaGayoso

La revista del Colegio de Abogados de A Coruña publica una reseña del seminario web celebrado el 14 de octubre sobre el estatuto de la administración concursal, en el que intervino como ponente Francisco Prada, socio fundador de PradaGayoso. Ver reseña [PDF]

Reestructuración financiera
